CRAN Package Check Results for Package geepack

Last updated on 2014-07-25 03:49:46.

Flavor Version Tinstall Tcheck Ttotal Status Flags
r-devel-linux-x86_64-debian-clang 1.1-6 8.88 15.83 24.70 NOTE
r-devel-linux-x86_64-debian-gcc 1.1-6 11.04 16.48 27.52 NOTE
r-devel-linux-x86_64-fedora-clang 1.1-6 55.73 NOTE
r-devel-linux-x86_64-fedora-gcc 1.1-6 54.11 NOTE
r-devel-osx-x86_64-clang 1.1-6 49.20 NOTE
r-devel-windows-ix86+x86_64 1.1-6 40.00 43.00 83.00 NOTE
r-patched-linux-x86_64 1.1-6 11.62 15.60 27.22 NOTE
r-patched-solaris-sparc 1.1-6 313.90 NOTE
r-patched-solaris-x86 1.1-6 79.10 NOTE
r-release-linux-ix86 1.1-6 14.49 23.71 38.20 NOTE
r-release-linux-x86_64 1.1-6 11.15 15.79 26.94 NOTE
r-release-osx-x86_64-mavericks 1.1-6 NOTE
r-release-windows-ix86+x86_64 1.1-6 45.00 63.00 108.00 NOTE
r-oldrel-windows-ix86+x86_64 1.1-6 35.00 51.00 86.00 NOTE

Check Details

Version: 1.1-6
Check: for old-style vignette sources
Result: NOTE
    Vignette sources only in ‘inst/doc’:
     ‘geepack-manual.Rnw’
    A ‘vignettes’ directory is required as from R 3.1.0
    and these will not be indexed nor checked
Flavors: r-devel-linux-x86_64-debian-clang, r-devel-linux-x86_64-debian-gcc, r-devel-linux-x86_64-fedora-clang, r-devel-linux-x86_64-fedora-gcc, r-devel-osx-x86_64-clang, r-patched-linux-x86_64, r-patched-solaris-sparc, r-patched-solaris-x86, r-release-linux-ix86, r-release-linux-x86_64, r-release-osx-x86_64-mavericks

Version: 1.1-6
Check: top-level files
Result: NOTE
    Non-standard files/directories found at top level:
     ‘Wishlist’ ‘geepack-Ex.R’
Flavors: r-devel-linux-x86_64-fedora-clang, r-devel-linux-x86_64-fedora-gcc

Version: 1.1-6
Check: for old-style vignette sources
Result: NOTE
    Vignette sources only in 'inst/doc':
     'geepack-manual.Rnw'
    A 'vignettes' directory is required as from R 3.1.0
    and these will not be indexed nor checked
    * checking examples ...
Flavors: r-devel-windows-ix86+x86_64, r-release-windows-ix86+x86_64

Version: 1.1-6
Check: for old-style vignette sources
Result: NOTE
    Vignette sources only in 'inst/doc':
     'geepack-manual.Rnw'
    A 'vignettes' directory will be required as from R 3.1.0
    * checking examples ...
Flavor: r-oldrel-windows-ix86+x86_64