CRAN Package Check Results for Package geepack

Last updated on 2015-08-03 11:49:12.

Flavor Version Tinstall Tcheck Ttotal Status Flags
r-devel-linux-x86_64-debian-clang 1.2-0 12.71 16.88 29.59 NOTE
r-devel-linux-x86_64-debian-gcc 1.2-0 11.32 16.50 27.82 NOTE
r-devel-linux-x86_64-fedora-clang 1.2-0 62.79 NOTE
r-devel-linux-x86_64-fedora-gcc 1.2-0 51.56 NOTE
r-devel-osx-x86_64-clang 1.2-0 51.50 OK
r-devel-windows-ix86+x86_64 1.2-0 40.00 49.00 89.00 NOTE
r-patched-linux-x86_64 1.2-0 11.10 16.86 27.96 OK
r-patched-solaris-sparc 1.2-0 339.40 OK
r-patched-solaris-x86 1.2-0 80.30 OK
r-release-linux-x86_64 1.2-0 11.04 17.18 28.21 OK
r-release-osx-x86_64-mavericks 1.2-0 OK
r-release-windows-ix86+x86_64 1.2-0 42.00 48.00 90.00 OK
r-oldrel-windows-ix86+x86_64 1.2-0 53.00 51.00 104.00 OK

Check Details

Version: 1.2-0
Check: R code for possible problems
Result: NOTE
    anova.geeglm: no visible global function definition for ‘model.matrix’
    anova.geeglm: no visible global function definition for ‘pchisq’
    anova.geeglmlist : <anonymous>: no visible global function definition
     for ‘formula’
    anovageePrim2: no visible global function definition for ‘model.matrix’
    anovageePrim2: no visible binding for global variable ‘var’
    anovageePrim2: no visible global function definition for ‘formula’
    anovageePrim2: no visible global function definition for ‘coef’
    anovageePrim2: no visible global function definition for ‘pchisq’
    geeglm: no visible binding for global variable ‘gaussian’
    geeglm: no visible global function definition for ‘model.matrix’
    geeglm: no visible global function definition for ‘head’
    geeglm: no visible global function definition for ‘model.extract’
    geeglm: no visible global function definition for ‘model.response’
    geeglm: no visible global function definition for ‘is.empty.model’
    geeglm: no visible global function definition for ‘model.weights’
    geeglm: no visible global function definition for ‘model.offset’
    geese: no visible binding for global variable ‘na.omit’
    geese: no visible global function definition for ‘gaussian’
    geese: no visible global function definition for ‘model.extract’
    geese: no visible global function definition for ‘model.matrix’
    geese.fit: no visible global function definition for ‘gaussian’
    geese.fit: no visible global function definition for ‘glm.fit’
    geese.fit: no visible global function definition for ‘quasi’
    geese.fit: no visible global function definition for ‘lm.fit’
    genZcor: no visible global function definition for ‘model.matrix’
    genZodds: no visible global function definition for ‘model.matrix’
    ordgee: no visible binding for global variable ‘na.omit’
    ordgee: no visible global function definition for ‘model.extract’
    ordgee: no visible global function definition for ‘model.matrix’
    ordgee: no visible global function definition for ‘glm.fit’
    ordgee: no visible global function definition for ‘binomial’
    plot.geeglm: no visible global function definition for ‘fitted’
    plot.geeglm: no visible global function definition for ‘residuals’
    plot.geeglm: no visible global function definition for ‘plot’
    plot.geeglm: no visible global function definition for ‘abline’
    plot.geeglm: no visible global function definition for ‘lowess’
    plot.geeglm: no visible global function definition for ‘lines’
    print.summary.geeglm: no visible global function definition for
     ‘printCoefmat’
    relRisk: no visible binding for global variable ‘na.omit’
    relRisk: no visible global function definition for ‘binomial’
    relRisk: no visible global function definition for ‘model.extract’
    relRisk: no visible global function definition for ‘model.matrix’
    relRisk: no visible global function definition for ‘glm.fit’
    residuals.geeglm: no visible global function definition for ‘naresid’
    summary.geeglm: no visible global function definition for ‘summary.glm’
    summary.geeglm: no visible global function definition for ‘pchisq’
    summary.geese: no visible global function definition for ‘pchisq’
    Undefined global functions or variables:
     abline binomial coef fitted formula gaussian glm.fit head
     is.empty.model lines lm.fit lowess model.extract model.matrix
     model.offset model.response model.weights na.omit naresid pchisq plot
     printCoefmat quasi residuals summary.glm var
    Consider adding
     importFrom("graphics", "abline", "lines", "plot")
     importFrom("stats", "binomial", "coef", "fitted", "formula",
     "gaussian", "glm.fit", "is.empty.model", "lm.fit", "lowess",
     "model.extract", "model.matrix", "model.offset",
     "model.response", "model.weights", "na.omit", "naresid",
     "pchisq", "printCoefmat", "quasi", "residuals",
     "summary.glm", "var")
     importFrom("utils", "head")
    to your NAMESPACE.
Flavors: r-devel-linux-x86_64-debian-clang, r-devel-linux-x86_64-debian-gcc, r-devel-linux-x86_64-fedora-clang, r-devel-linux-x86_64-fedora-gcc, r-devel-windows-ix86+x86_64