CRAN Package Check Results for Package geepack

Last updated on 2017-03-27 06:48:10.

Flavor Version Tinstall Tcheck Ttotal Status Flags
r-devel-linux-x86_64-debian-clang 1.2-1 20.89 20.18 41.07 NOTE
r-devel-linux-x86_64-debian-gcc 1.2-1 12.34 19.99 32.33 NOTE
r-devel-linux-x86_64-fedora-clang 1.2-1 82.47 NOTE --no-stop-on-test-error
r-devel-linux-x86_64-fedora-gcc 1.2-1 59.31 NOTE --no-stop-on-test-error
r-devel-macos-x86_64-clang 1.2-1 64.67 NOTE --no-stop-on-test-error
r-devel-windows-ix86+x86_64 1.2-1 43.00 62.00 105.00 OK
r-patched-linux-x86_64 1.2-1 10.26 19.98 30.24 NOTE
r-patched-solaris-sparc 1.2-1 366.30 OK
r-patched-solaris-x86 1.2-1 89.90 OK
r-release-linux-x86_64 1.2-1 10.17 17.37 27.54 OK
r-release-osx-x86_64-mavericks 1.2-1 OK
r-release-windows-ix86+x86_64 1.2-1 35.00 51.00 86.00 OK
r-oldrel-windows-ix86+x86_64 1.2-1 38.00 57.00 95.00 OK

Check Details

Version: 1.2-1
Check: compiled code
Result: NOTE
    File ‘geepack/libs/geepack.so’:
     Found no calls to: ‘R_registerRoutines’, ‘R_useDynamicSymbols’
    
    It is good practice to register native routines and to disable symbol
    search.
    
    See ‘Writing portable packages’ in the ‘Writing R Extensions’ manual.
Flavors: r-devel-linux-x86_64-debian-clang, r-devel-linux-x86_64-debian-gcc, r-patched-linux-x86_64

Version: 1.2-1
Flags: --no-stop-on-test-error
Check: compiled code
Result: NOTE
    File ‘geepack/libs/geepack.so’:
     Found no calls to: ‘R_registerRoutines’, ‘R_useDynamicSymbols’
    
    It is good practice to register native routines and to disable symbol
    search.
    
    See ‘Writing portable packages’ in the ‘Writing R Extensions’ manual.
Flavors: r-devel-linux-x86_64-fedora-clang, r-devel-linux-x86_64-fedora-gcc, r-devel-macos-x86_64-clang