CRAN Package Check Results for Package geepack

Last updated on 2017-04-24 08:47:53.

Flavor Version Tinstall Tcheck Ttotal Status Flags
r-devel-linux-x86_64-debian-clang 1.2-1 21.29 19.77 41.06 NOTE
r-devel-linux-x86_64-debian-gcc 1.2-1 12.11 19.77 31.88 NOTE
r-devel-linux-x86_64-fedora-clang 1.2-1 80.94 NOTE --no-stop-on-test-error
r-devel-linux-x86_64-fedora-gcc 1.2-1 58.33 NOTE --no-stop-on-test-error
r-devel-windows-ix86+x86_64 1.2-1 43.00 65.00 108.00 OK
r-patched-linux-x86_64 1.2-1 10.23 19.58 29.80 NOTE
r-patched-solaris-sparc 1.2-1 369.90 OK
r-patched-solaris-x86 1.2-1 86.10 OK
r-release-linux-x86_64 1.2-1 10.15 19.56 29.72 NOTE
r-release-windows-ix86+x86_64 1.2-1 42.00 65.00 107.00 OK
r-release-osx-x86_64 1.2-1 NOTE
r-oldrel-windows-ix86+x86_64 1.2-1 35.00 51.00 86.00 OK
r-oldrel-osx-x86_64 1.2-1 OK

Check Details

Version: 1.2-1
Check: compiled code
Result: NOTE
    File ‘geepack/libs/geepack.so’:
     Found no calls to: ‘R_registerRoutines’, ‘R_useDynamicSymbols’
    
    It is good practice to register native routines and to disable symbol
    search.
    
    See ‘Writing portable packages’ in the ‘Writing R Extensions’ manual.
Flavors: r-devel-linux-x86_64-debian-clang, r-devel-linux-x86_64-debian-gcc, r-patched-linux-x86_64, r-release-linux-x86_64

Version: 1.2-1
Flags: --no-stop-on-test-error
Check: compiled code
Result: NOTE
    File ‘geepack/libs/geepack.so’:
     Found no calls to: ‘R_registerRoutines’, ‘R_useDynamicSymbols’
    
    It is good practice to register native routines and to disable symbol
    search.
    
    See ‘Writing portable packages’ in the ‘Writing R Extensions’ manual.
Flavors: r-devel-linux-x86_64-fedora-clang, r-devel-linux-x86_64-fedora-gcc

Version: 1.2-1
Check: re-building of vignette outputs
Result: NOTE
    Error in re-building vignettes:
     ...
    Loading required package: geepack
    Error in texi2dvi(file = file, pdf = TRUE, clean = clean, quiet = quiet, :
     Running 'texi2dvi' on 'geepack-manual.tex' failed.
    LaTeX errors:
    ! LaTeX Error: File `boxedminipage.sty' not found.
    
    Type X to quit or <RETURN> to proceed,
    or enter new name. (Default extension: sty)
    
    ! Emergency stop.
    <read *>
    
    l.7 \usepackage
     [latin1]{inputenc}^^M
    ! ==> Fatal error occurred, no output PDF file produced!
    Calls: buildVignettes -> texi2pdf -> texi2dvi
    Execution halted
Flavor: r-release-osx-x86_64