CRAN Package Check Results for Package geepack

Last updated on 2014-10-26 07:50:01.

Flavor Version Tinstall Tcheck Ttotal Status Flags
r-devel-linux-x86_64-debian-clang 1.2-0 11.82 19.02 30.84 OK
r-devel-linux-x86_64-debian-gcc 1.2-0 11.05 18.28 29.34 OK
r-devel-linux-x86_64-fedora-clang 1.2-0 65.18 OK
r-devel-linux-x86_64-fedora-gcc 1.2-0 54.73 OK
r-devel-osx-x86_64-clang 1.2-0 53.55 OK
r-devel-windows-ix86+x86_64 1.2-0 37.00 47.00 84.00 OK
r-patched-linux-x86_64 1.2-0 11.27 17.94 29.22 OK
r-patched-solaris-sparc 1.2-0 295.70 OK
r-patched-solaris-x86 1.2-0 85.40 OK
r-release-linux-ix86 1.2-0 14.43 26.39 40.82 OK
r-release-linux-x86_64 1.2-0 11.17 17.61 28.78 OK
r-release-osx-x86_64-mavericks 1.2-0 NOTE
r-release-osx-x86_64-snowleopard 1.2-0 OK
r-release-windows-ix86+x86_64 1.2-0 30.00 44.00 74.00 OK
r-oldrel-windows-ix86+x86_64 1.2-0 29.00 46.00 75.00 OK

Check Details

Version: 1.2-0
Check: re-building of vignette outputs
Result: NOTE
    Error in re-building vignettes:
     ...
    Loading required package: geepack
    Error in texi2dvi(file = file, pdf = TRUE, clean = clean, quiet = quiet, :
     Running 'texi2dvi' on 'geepack-manual.tex' failed.
    LaTeX errors:
    ! LaTeX Error: File `boxedminipage.sty' not found.
    
    Type X to quit or <RETURN> to proceed,
    or enter new name. (Default extension: sty)
    
    _test/geepack/vignettes/geepack-manual.tex:7: ==> Fatal error occurred, no out
    put PDF file produced!
    Calls: buildVignettes -> texi2pdf -> texi2dvi
    Execution halted
Flavor: r-release-osx-x86_64-mavericks