CRAN Package Check Results for Package geepack

Last updated on 2015-07-02 19:47:09.

Flavor Version Tinstall Tcheck Ttotal Status Flags
r-devel-linux-x86_64-debian-clang 1.2-0 12.42 16.13 28.54 NOTE
r-devel-linux-x86_64-debian-gcc 1.2-0 11.04 15.83 26.86 NOTE
r-devel-linux-x86_64-fedora-clang 1.2-0 60.99 NOTE
r-devel-linux-x86_64-fedora-gcc 1.2-0 50.25 NOTE
r-devel-osx-x86_64-clang 1.2-0 54.31 OK
r-devel-windows-ix86+x86_64 1.2-0 54.00 47.00 101.00 OK
r-patched-linux-x86_64 1.2-0 11.09 17.26 28.35 OK
r-patched-solaris-sparc 1.2-0 323.10 OK
r-patched-solaris-x86 1.2-0 79.80 OK
r-release-linux-x86_64 1.2-0 11.10 17.62 28.72 OK
r-release-osx-x86_64-mavericks 1.2-0 OK
r-release-windows-ix86+x86_64 1.2-0 42.00 48.00 90.00 OK
r-oldrel-windows-ix86+x86_64 1.2-0 53.00 51.00 104.00 OK

Check Details

Version: 1.2-0
Check: R code for possible problems
Result: NOTE
    anova.geeglm: no visible global function definition for ‘model.matrix’
    anova.geeglm: no visible global function definition for ‘pchisq’
    anova.geeglmlist : <anonymous>: no visible global function definition
     for ‘formula’
    anovageePrim2: no visible global function definition for ‘model.matrix’
    anovageePrim2: no visible binding for global variable ‘var’
    anovageePrim2: no visible global function definition for ‘formula’
    anovageePrim2: no visible global function definition for ‘coef’
    anovageePrim2: no visible global function definition for ‘pchisq’
    geeglm: no visible binding for global variable ‘gaussian’
    geeglm: no visible global function definition for ‘model.matrix’
    geeglm: no visible global function definition for ‘head’
    geeglm: no visible global function definition for ‘model.extract’
    geeglm: no visible global function definition for ‘model.response’
    geeglm: no visible global function definition for ‘is.empty.model’
    geeglm: no visible global function definition for ‘model.weights’
    geeglm: no visible global function definition for ‘model.offset’
    geese: no visible binding for global variable ‘na.omit’
    geese: Error while checking: invalid ‘envir’ argument
    geese.fit: Error while checking: invalid ‘envir’ argument
    genZcor: no visible global function definition for ‘model.matrix’
    genZodds: no visible global function definition for ‘model.matrix’
    ordgee: no visible binding for global variable ‘na.omit’
    ordgee: no visible global function definition for ‘model.extract’
    ordgee: no visible global function definition for ‘model.matrix’
    ordgee: no visible global function definition for ‘glm.fit’
    ordgee: Error while checking: invalid ‘envir’ argument
    plot.geeglm: no visible global function definition for ‘fitted’
    plot.geeglm: no visible global function definition for ‘residuals’
    plot.geeglm: no visible global function definition for ‘plot’
    plot.geeglm: no visible global function definition for ‘abline’
    plot.geeglm: no visible global function definition for ‘lowess’
    plot.geeglm: no visible global function definition for ‘lines’
    print.summary.geeglm: no visible global function definition for
     ‘printCoefmat’
    relRisk: no visible binding for global variable ‘na.omit’
    relRisk: Error while checking: invalid ‘envir’ argument
    residuals.geeglm: no visible global function definition for ‘naresid’
    summary.geeglm: no visible global function definition for ‘summary.glm’
    summary.geeglm: no visible global function definition for ‘pchisq’
    summary.geese: no visible global function definition for ‘pchisq’
    Undefined global functions or variables:
     abline coef fitted formula gaussian glm.fit head is.empty.model lines
     lowess model.extract model.matrix model.offset model.response
     model.weights na.omit naresid pchisq plot printCoefmat residuals
     summary.glm var
Flavors: r-devel-linux-x86_64-debian-clang, r-devel-linux-x86_64-fedora-clang, r-devel-linux-x86_64-fedora-gcc

Version: 1.2-0
Check: R code for possible problems
Result: NOTE
    anova.geeglm: no visible global function definition for ‘model.matrix’
    anova.geeglm: no visible global function definition for ‘pchisq’
    anova.geeglmlist : <anonymous>: no visible global function definition
     for ‘formula’
    anovageePrim2: no visible global function definition for ‘model.matrix’
    anovageePrim2: no visible binding for global variable ‘var’
    anovageePrim2: no visible global function definition for ‘formula’
    anovageePrim2: no visible global function definition for ‘coef’
    anovageePrim2: no visible global function definition for ‘pchisq’
    geeglm: no visible binding for global variable ‘gaussian’
    geeglm: no visible global function definition for ‘model.matrix’
    geeglm: no visible global function definition for ‘head’
    geeglm: no visible global function definition for ‘model.extract’
    geeglm: no visible global function definition for ‘model.response’
    geeglm: no visible global function definition for ‘is.empty.model’
    geeglm: no visible global function definition for ‘model.weights’
    geeglm: no visible global function definition for ‘model.offset’
    geese: no visible binding for global variable ‘na.omit’
    geese: Error while checking: invalid ‘envir’ argument
    geese.fit: Error while checking: invalid ‘envir’ argument
    genZcor: no visible global function definition for ‘model.matrix’
    genZodds: no visible global function definition for ‘model.matrix’
    ordgee: no visible binding for global variable ‘na.omit’
    ordgee: no visible global function definition for ‘model.extract’
    ordgee: no visible global function definition for ‘model.matrix’
    ordgee: no visible global function definition for ‘glm.fit’
    ordgee: Error while checking: invalid ‘envir’ argument
    plot.geeglm: no visible global function definition for ‘fitted’
    plot.geeglm: no visible global function definition for ‘residuals’
    plot.geeglm: no visible global function definition for ‘plot’
    plot.geeglm: no visible global function definition for ‘abline’
    plot.geeglm: no visible global function definition for ‘lowess’
    plot.geeglm: no visible global function definition for ‘lines’
    print.summary.geeglm: no visible global function definition for
     ‘printCoefmat’
    relRisk: no visible binding for global variable ‘na.omit’
    relRisk: Error while checking: invalid ‘envir’ argument
    residuals.geeglm: no visible global function definition for ‘naresid’
    summary.geeglm: no visible global function definition for ‘summary.glm’
    summary.geeglm: no visible global function definition for ‘pchisq’
    summary.geese: no visible global function definition for ‘pchisq’
Flavor: r-devel-linux-x86_64-debian-gcc