CRAN Package Check Results for Package geepack

Last updated on 2014-12-21 01:46:59.

Flavor Version Tinstall Tcheck Ttotal Status Flags
r-devel-linux-x86_64-debian-clang 1.2-0 11.86 17.84 29.70 OK
r-devel-linux-x86_64-debian-gcc 1.2-0 11.10 17.74 28.84 OK
r-devel-linux-x86_64-fedora-clang 1.2-0 67.08 OK
r-devel-linux-x86_64-fedora-gcc 1.2-0 51.33 OK
r-devel-osx-x86_64-clang 1.2-0 52.96 OK
r-devel-windows-ix86+x86_64 1.2-0 57.00 91.00 148.00 OK
r-patched-linux-x86_64 1.2-0 11.12 18.30 29.42 OK
r-patched-solaris-sparc 1.2-0 295.70 OK
r-patched-solaris-x86 1.2-0 84.30 OK
r-release-linux-ix86 1.2-0 13.80 25.59 39.39 OK
r-release-linux-x86_64 1.2-0 11.91 17.76 29.68 OK
r-release-osx-x86_64-mavericks 1.2-0 NOTE
r-release-osx-x86_64-snowleopard 1.2-0 OK
r-release-windows-ix86+x86_64 1.2-0 40.00 67.00 107.00 OK
r-oldrel-windows-ix86+x86_64 1.2-0 29.00 46.00 75.00 OK

Check Details

Version: 1.2-0
Check: re-building of vignette outputs
Result: NOTE
    Error in re-building vignettes:
     ...
    Loading required package: geepack
    Error in texi2dvi(file = file, pdf = TRUE, clean = clean, quiet = quiet, :
     Running 'texi2dvi' on 'geepack-manual.tex' failed.
    LaTeX errors:
    ! LaTeX Error: File `boxedminipage.sty' not found.
    
    Type X to quit or <RETURN> to proceed,
    or enter new name. (Default extension: sty)
    
    _test/geepack/vignettes/geepack-manual.tex:7: ==> Fatal error occurred, no out
    put PDF file produced!
    Calls: buildVignettes -> texi2pdf -> texi2dvi
    Execution halted
Flavor: r-release-osx-x86_64-mavericks