CRAN Package Check Results for Package geepack

Last updated on 2017-02-22 17:48:41.

Flavor Version Tinstall Tcheck Ttotal Status Flags
r-devel-linux-x86_64-debian-clang 1.2-1 23.36 19.85 43.21 NOTE
r-devel-linux-x86_64-debian-gcc 1.2-1 12.27 19.76 32.03 NOTE
r-devel-linux-x86_64-fedora-clang 1.2-1 85.69 NOTE --no-stop-on-test-error
r-devel-linux-x86_64-fedora-gcc 1.2-1 56.40 NOTE --no-stop-on-test-error
r-devel-macos-x86_64-clang 1.2-1 66.03 NOTE --no-stop-on-test-error
r-devel-windows-ix86+x86_64 1.2-1 39.00 85.00 124.00 OK
r-patched-linux-x86_64 1.2-1 10.19 17.42 27.62 OK
r-patched-solaris-sparc 1.2-1 321.90 OK
r-patched-solaris-x86 1.2-1 76.30 OK
r-release-linux-x86_64 1.2-1 10.38 17.27 27.65 OK
r-release-osx-x86_64-mavericks 1.2-1 OK
r-release-windows-ix86+x86_64 1.2-1 35.00 51.00 86.00 OK
r-oldrel-windows-ix86+x86_64 1.2-1 38.00 57.00 95.00 OK

Check Details

Version: 1.2-1
Check: compiled code
Result: NOTE
    File ‘geepack/libs/geepack.so’:
     Found no calls to: ‘R_registerRoutines’, ‘R_useDynamicSymbols’
    
    It is good practice to register native routines and to disable symbol
    search.
    
    See ‘Writing portable packages’ in the ‘Writing R Extensions’ manual.
Flavors: r-devel-linux-x86_64-debian-clang, r-devel-linux-x86_64-debian-gcc

Version: 1.2-1
Flags: --no-stop-on-test-error
Check: compiled code
Result: NOTE
    File ‘geepack/libs/geepack.so’:
     Found no calls to: ‘R_registerRoutines’, ‘R_useDynamicSymbols’
    
    It is good practice to register native routines and to disable symbol
    search.
    
    See ‘Writing portable packages’ in the ‘Writing R Extensions’ manual.
Flavors: r-devel-linux-x86_64-fedora-clang, r-devel-linux-x86_64-fedora-gcc, r-devel-macos-x86_64-clang