CRAN Package Check Results for Package geepack

Last updated on 2014-04-24 09:49:01.

Flavor Version Tinstall Tcheck Ttotal Status Flags
r-devel-linux-x86_64-debian-clang 1.1-6 8.80 16.85 25.66 NOTE
r-devel-linux-x86_64-debian-gcc 1.1-6 10.53 16.48 27.01 NOTE
r-devel-linux-x86_64-fedora-clang 1.1-6 55.07 NOTE
r-devel-linux-x86_64-fedora-gcc 1.1-6 52.27 NOTE
r-devel-osx-x86_64-clang 1.1-6 45.60 NOTE
r-devel-osx-x86_64-gcc 1.1-6 NOTE
r-devel-windows-ix86+x86_64 1.1-6 33.00 42.00 75.00 NOTE
r-patched-linux-x86_64 1.1-6 10.48 16.33 26.82 NOTE
r-patched-solaris-sparc 1.1-6 313.90 NOTE
r-patched-solaris-x86 1.1-6 79.40 NOTE
r-release-linux-ix86 1.1-6 15.00 33.00 48.00 NOTE
r-release-linux-x86_64 1.1-6 10.50 16.74 27.24 NOTE
r-release-osx-x86_64-mavericks 1.1-6 NOTE
r-release-windows-ix86+x86_64 1.1-6 51.00 58.00 109.00 NOTE
r-oldrel-windows-ix86+x86_64 1.1-6 35.00 51.00 86.00 NOTE

Check Details

Version: 1.1-6
Check: for old-style vignette sources
Result: NOTE
    Vignette sources only in ‘inst/doc’:
     ‘geepack-manual.Rnw’
    A ‘vignettes’ directory is required as from R 3.1.0
    and these will not be indexed nor checked
Flavors: r-devel-linux-x86_64-debian-clang, r-devel-linux-x86_64-debian-gcc, r-devel-linux-x86_64-fedora-clang, r-devel-linux-x86_64-fedora-gcc, r-devel-osx-x86_64-clang, r-devel-osx-x86_64-gcc, r-patched-linux-x86_64, r-patched-solaris-sparc, r-patched-solaris-x86, r-release-linux-ix86, r-release-linux-x86_64, r-release-osx-x86_64-mavericks

Version: 1.1-6
Check: top-level files
Result: NOTE
    Non-standard files/directories found at top level:
     ‘Wishlist’ ‘geepack-Ex.R’
Flavors: r-devel-linux-x86_64-fedora-clang, r-devel-linux-x86_64-fedora-gcc

Version: 1.1-6
Check: for old-style vignette sources
Result: NOTE
    Vignette sources only in 'inst/doc':
     'geepack-manual.Rnw'
    A 'vignettes' directory is required as from R 3.1.0
    and these will not be indexed nor checked
    * checking examples ...
Flavors: r-devel-windows-ix86+x86_64, r-release-windows-ix86+x86_64

Version: 1.1-6
Check: for old-style vignette sources
Result: NOTE
    Vignette sources only in 'inst/doc':
     'geepack-manual.Rnw'
    A 'vignettes' directory will be required as from R 3.1.0
    * checking examples ...
Flavor: r-oldrel-windows-ix86+x86_64