CRAN Package Check Results for Package geex

Last updated on 2021-11-30 00:51:29 CET.

Flavor Version Tinstall Tcheck Ttotal Status Flags
r-devel-linux-x86_64-debian-clang 1.0.12 5.03 302.44 307.47 OK
r-devel-linux-x86_64-debian-gcc 1.0.12 4.06 217.56 221.62 OK
r-devel-linux-x86_64-fedora-clang 1.0.12 356.94 NOTE
r-devel-linux-x86_64-fedora-gcc 1.0.12 345.26 NOTE
r-devel-windows-x86_64-new-UL 1.0.12 21.00 376.00 397.00 OK
r-devel-windows-x86_64-new-TK 1.0.12 NOTE
r-devel-windows-x86_64-old 1.0.12 11.00 288.00 299.00 OK
r-patched-linux-x86_64 1.0.12 5.63 296.60 302.23 OK
r-patched-solaris-x86 1.0.12 183.60 NOTE
r-release-linux-x86_64 1.0.12 4.41 296.08 300.49 OK
r-release-macos-arm64 1.0.12 NOTE
r-release-macos-x86_64 1.0.12 NOTE
r-release-windows-ix86+x86_64 1.0.12 12.00 274.00 286.00 OK
r-oldrel-macos-x86_64 1.0.12 NOTE
r-oldrel-windows-ix86+x86_64 1.0.12 10.00 282.00 292.00 OK

Check Details

Version: 1.0.12
Check: dependencies in R code
Result: NOTE
    Namespace in Imports field not imported from: ‘rootSolve’
     All declared Imports should be used.
Flavors: r-devel-linux-x86_64-fedora-clang, r-devel-linux-x86_64-fedora-gcc, r-devel-windows-x86_64-new-TK, r-patched-solaris-x86, r-release-macos-arm64, r-release-macos-x86_64, r-oldrel-macos-x86_64