CRAN Package Check Results for Package geiger

Last updated on 2016-07-24 17:49:03.

Flavor Version Tinstall Tcheck Ttotal Status Flags
r-devel-linux-x86_64-debian-clang 2.0.6 24.22 61.20 85.42 OK
r-devel-linux-x86_64-debian-gcc 2.0.6 26.13 61.21 87.34 OK
r-devel-linux-x86_64-fedora-clang 2.0.6 136.95 OK
r-devel-linux-x86_64-fedora-gcc 2.0.6 121.11 OK
r-devel-osx-x86_64-clang 2.0.6 112.55 OK
r-devel-windows-ix86+x86_64 2.0.6 59.00 106.00 165.00 OK
r-patched-linux-x86_64 2.0.6 25.10 57.17 82.27 OK
r-patched-solaris-sparc 2.0.6 820.60 NOTE --no-vignettes
r-patched-solaris-x86 2.0.6 150.50 OK
r-release-linux-x86_64 2.0.6 23.84 60.24 84.08 OK
r-release-osx-x86_64-mavericks 2.0.6 OK
r-release-windows-ix86+x86_64 2.0.6 62.00 98.00 160.00 OK
r-oldrel-windows-ix86+x86_64 2.0.6 73.00 107.00 180.00 OK

Check Details

Version: 2.0.6
Flags: --no-vignettes
Check: installed package size
Result: NOTE
     installed size is 6.2Mb
     sub-directories of 1Mb or more:
     libs 5.0Mb
Flavor: r-patched-solaris-sparc