CRAN Package Check Results for Package geiger

Last updated on 2017-12-17 04:47:00 CET.

Flavor Version Tinstall Tcheck Ttotal Status Flags
r-devel-linux-x86_64-debian-clang 2.0.6 31.82 100.09 131.91 NOTE
r-devel-linux-x86_64-debian-gcc 2.0.6 27.38 75.23 102.61 NOTE
r-devel-linux-x86_64-fedora-clang 2.0.6 146.24 NOTE
r-devel-linux-x86_64-fedora-gcc 2.0.6 148.49 NOTE
r-devel-windows-ix86+x86_64 2.0.6 57.00 116.00 173.00 OK
r-patched-linux-x86_64 2.0.6 31.92 100.46 132.38 NOTE
r-patched-solaris-x86 2.0.6 168.30 OK
r-release-linux-x86_64 2.0.6 30.98 101.36 132.34 NOTE
r-release-windows-ix86+x86_64 2.0.6 62.00 113.00 175.00 OK
r-release-osx-x86_64 2.0.6 OK
r-oldrel-windows-ix86+x86_64 2.0.6 79.00 122.00 201.00 OK
r-oldrel-osx-x86_64 2.0.6 OK

Check Details

Version: 2.0.6
Check: compiled code
Result: NOTE
    File ‘geiger/libs/geiger.so’:
     Found no calls to: ‘R_registerRoutines’, ‘R_useDynamicSymbols’
    
    It is good practice to register native routines and to disable symbol
    search.
    
    See ‘Writing portable packages’ in the ‘Writing R Extensions’ manual.
Flavors: r-devel-linux-x86_64-debian-clang, r-devel-linux-x86_64-debian-gcc, r-devel-linux-x86_64-fedora-clang, r-devel-linux-x86_64-fedora-gcc, r-patched-linux-x86_64, r-release-linux-x86_64