CRAN Package Check Results for Package geiger

Last updated on 2014-11-01 08:48:16.

Flavor Version Tinstall Tcheck Ttotal Status Flags
r-devel-linux-x86_64-debian-clang 2.0.3 18.55 58.15 76.70 NOTE --no-vignettes
r-devel-linux-x86_64-debian-gcc 2.0.3 21.58 59.05 80.63 NOTE --no-vignettes
r-devel-linux-x86_64-fedora-clang 2.0.3 167.94 NOTE
r-devel-linux-x86_64-fedora-gcc 2.0.3 158.39 NOTE
r-devel-osx-x86_64-clang 2.0.3 133.92 NOTE --no-build-vignettes
r-devel-windows-ix86+x86_64 2.0.3 49.00 95.00 144.00 NOTE --no-vignettes
r-patched-linux-x86_64 2.0.3 24.33 61.12 85.45 NOTE --no-vignettes
r-patched-solaris-sparc 2.0.3 933.10 NOTE --no-vignettes
r-patched-solaris-x86 2.0.3 194.90 NOTE --no-vignettes
r-release-linux-ix86 2.0.3 28.64 80.03 108.67 NOTE --no-vignettes
r-release-linux-x86_64 2.0.3 26.69 64.72 91.41 NOTE --no-vignettes
r-release-osx-x86_64-mavericks 2.0.3 NOTE
r-release-osx-x86_64-snowleopard 2.0.3 NOTE
r-release-windows-ix86+x86_64 2.0.3 55.00 117.00 172.00 NOTE --no-vignettes
r-oldrel-windows-ix86+x86_64 2.0.3 57.00 107.00 164.00 OK --no-vignettes

Check Details

Version: 2.0.3
Flags: --no-vignettes
Check: foreign function calls
Result: NOTE
    Call with DUP:
     .C("r_mkn_core", k = as.integer(k), n = length(order.C) - 1L,
     order = order.C, children = children.C, pij = pij, init = branch.init,
     base = branch.base, lq = lq, NAOK = TRUE, DUP = FALSE, PACKAGE = "geiger")
    DUP is no longer supported and will be ignored.
Flavors: r-devel-linux-x86_64-debian-clang, r-devel-linux-x86_64-debian-gcc, r-devel-windows-ix86+x86_64

Version: 2.0.3
Flags: --no-vignettes
Check: R code for possible problems
Result: NOTE
    .branchcol.plot: no visible global function definition for
     ‘diverge_hcl’
    .get.parallel: no visible global function definition for ‘detectCores’
    .get.parallel : fx: no visible global function definition for
     ‘mclapply’
    .jumps.plot: no visible global function definition for ‘diverge_hcl’
    .shifts.plot: no visible global function definition for ‘diverge_hcl’
    gbcontain: no visible global function definition for ‘ncbit’
    gbresolve.default: no visible global function definition for ‘ncbit’
Flavors: r-devel-linux-x86_64-debian-clang, r-devel-linux-x86_64-debian-gcc, r-devel-windows-ix86+x86_64, r-patched-linux-x86_64, r-patched-solaris-sparc, r-patched-solaris-x86

Version: 2.0.3
Check: foreign function calls
Result: NOTE
    Call with DUP:
     .C("r_mkn_core", k = as.integer(k), n = length(order.C) - 1L,
     order = order.C, children = children.C, pij = pij, init = branch.init,
     base = branch.base, lq = lq, NAOK = TRUE, DUP = FALSE, PACKAGE = "geiger")
    DUP is no longer supported and will be ignored.
Flavors: r-devel-linux-x86_64-fedora-clang, r-devel-linux-x86_64-fedora-gcc

Version: 2.0.3
Check: R code for possible problems
Result: NOTE
    .branchcol.plot: no visible global function definition for
     ‘diverge_hcl’
    .get.parallel: no visible global function definition for ‘detectCores’
    .get.parallel : fx: no visible global function definition for
     ‘mclapply’
    .jumps.plot: no visible global function definition for ‘diverge_hcl’
    .shifts.plot: no visible global function definition for ‘diverge_hcl’
    gbcontain: no visible global function definition for ‘ncbit’
    gbresolve.default: no visible global function definition for ‘ncbit’
Flavors: r-devel-linux-x86_64-fedora-clang, r-devel-linux-x86_64-fedora-gcc

Version: 2.0.3
Flags: --no-build-vignettes
Check: foreign function calls
Result: NOTE
    Call with DUP:
     .C("r_mkn_core", k = as.integer(k), n = length(order.C) - 1L,
     order = order.C, children = children.C, pij = pij, init = branch.init,
     base = branch.base, lq = lq, NAOK = TRUE, DUP = FALSE, PACKAGE = "geiger")
    DUP is no longer supported and will be ignored.
Flavor: r-devel-osx-x86_64-clang

Version: 2.0.3
Flags: --no-build-vignettes
Check: R code for possible problems
Result: NOTE
    .branchcol.plot: no visible global function definition for
     ‘diverge_hcl’
    .get.parallel: no visible global function definition for ‘detectCores’
    .get.parallel : fx: no visible global function definition for
     ‘mclapply’
    .jumps.plot: no visible global function definition for ‘diverge_hcl’
    .shifts.plot: no visible global function definition for ‘diverge_hcl’
    gbcontain: no visible global function definition for ‘ncbit’
    gbresolve.default: no visible global function definition for ‘ncbit’
Flavor: r-devel-osx-x86_64-clang

Version: 2.0.3
Flags: --no-vignettes
Check: foreign function calls
Result: NOTE
    Call with DUP != TRUE:
     .C("r_mkn_core", k = as.integer(k), n = length(order.C) - 1L,
     order = order.C, children = children.C, pij = pij, init = branch.init,
     base = branch.base, lq = lq, NAOK = TRUE, DUP = FALSE, PACKAGE = "geiger")
    DUP = FALSE is deprecated and will be disabled in future versions of R.
Flavors: r-patched-linux-x86_64, r-patched-solaris-sparc, r-patched-solaris-x86

Version: 2.0.3
Flags: --no-vignettes
Check: foreign function calls
Result: NOTE
    Call with DUP = FALSE:
     .C("r_mkn_core", k = as.integer(k), n = length(order.C) - 1L,
     order = order.C, children = children.C, pij = pij, init = branch.init,
     base = branch.base, lq = lq, NAOK = TRUE, DUP = FALSE, PACKAGE = "geiger")
    DUP = FALSE is deprecated and may be disabled in future versions of R.
Flavors: r-release-linux-ix86, r-release-linux-x86_64, r-release-windows-ix86+x86_64

Version: 2.0.3
Check: foreign function calls
Result: NOTE
    Call with DUP = FALSE:
     .C("r_mkn_core", k = as.integer(k), n = length(order.C) - 1L,
     order = order.C, children = children.C, pij = pij, init = branch.init,
     base = branch.base, lq = lq, NAOK = TRUE, DUP = FALSE, PACKAGE = "geiger")
    DUP = FALSE is deprecated and may be disabled in future versions of R.
Flavors: r-release-osx-x86_64-mavericks, r-release-osx-x86_64-snowleopard