CRAN Package Check Results for Package geiger

Last updated on 2017-08-16 20:47:59.

Flavor Version Tinstall Tcheck Ttotal Status Flags
r-devel-linux-x86_64-debian-clang 2.0.6 21.49 57.86 79.35 NOTE
r-devel-linux-x86_64-debian-gcc 2.0.6 23.96 56.16 80.12 NOTE
r-devel-linux-x86_64-fedora-clang 2.0.6 145.08 NOTE
r-devel-linux-x86_64-fedora-gcc 2.0.6 146.35 NOTE
r-devel-windows-ix86+x86_64 2.0.6 63.00 122.00 185.00 OK
r-patched-linux-x86_64 2.0.6 24.87 57.64 82.51 NOTE
r-patched-solaris-x86 2.0.6 164.70 OK
r-release-linux-x86_64 2.0.6 23.79 57.40 81.19 NOTE
r-release-windows-ix86+x86_64 2.0.6 60.00 150.00 210.00 OK
r-release-osx-x86_64 2.0.6 OK
r-oldrel-windows-ix86+x86_64 2.0.6 65.00 96.00 161.00 OK
r-oldrel-osx-x86_64 2.0.6 OK

Check Details

Version: 2.0.6
Check: compiled code
Result: NOTE
    File ‘geiger/libs/geiger.so’:
     Found no calls to: ‘R_registerRoutines’, ‘R_useDynamicSymbols’
    
    It is good practice to register native routines and to disable symbol
    search.
    
    See ‘Writing portable packages’ in the ‘Writing R Extensions’ manual.
Flavors: r-devel-linux-x86_64-debian-clang, r-devel-linux-x86_64-debian-gcc, r-devel-linux-x86_64-fedora-clang, r-devel-linux-x86_64-fedora-gcc, r-patched-linux-x86_64, r-release-linux-x86_64