CRAN Package Check Results for Package geiger

Last updated on 2017-06-23 04:47:03.

Flavor Version Tinstall Tcheck Ttotal Status Flags
r-devel-linux-x86_64-debian-clang 2.0.6 22.66 59.31 81.97 NOTE
r-devel-linux-x86_64-debian-gcc 2.0.6 23.70 56.85 80.56 NOTE
r-devel-linux-x86_64-fedora-clang 2.0.6 159.37 NOTE
r-devel-linux-x86_64-fedora-gcc 2.0.6 146.35 NOTE
r-devel-windows-ix86+x86_64 2.0.6 87.00 124.00 211.00 OK
r-patched-linux-x86_64 2.0.6 23.36 57.59 80.95 NOTE
r-patched-solaris-sparc 2.0.6 901.10 OK --no-vignettes
r-patched-solaris-x86 2.0.6 163.80 OK
r-release-linux-x86_64 2.0.6 23.61 58.32 81.93 NOTE
r-release-windows-ix86+x86_64 2.0.6 96.00 125.00 221.00 OK
r-release-osx-x86_64 2.0.6 OK
r-oldrel-windows-ix86+x86_64 2.0.6 87.00 117.00 204.00 OK
r-oldrel-osx-x86_64 2.0.6 OK

Check Details

Version: 2.0.6
Check: compiled code
Result: NOTE
    File ‘geiger/libs/geiger.so’:
     Found no calls to: ‘R_registerRoutines’, ‘R_useDynamicSymbols’
    
    It is good practice to register native routines and to disable symbol
    search.
    
    See ‘Writing portable packages’ in the ‘Writing R Extensions’ manual.
Flavors: r-devel-linux-x86_64-debian-clang, r-devel-linux-x86_64-debian-gcc, r-devel-linux-x86_64-fedora-clang, r-devel-linux-x86_64-fedora-gcc, r-patched-linux-x86_64, r-release-linux-x86_64