CRAN Package Check Results for Package geiger

Last updated on 2015-04-25 03:47:43.

Flavor Version Tinstall Tcheck Ttotal Status Flags
r-devel-linux-x86_64-debian-clang 2.0.3 19.18 53.99 73.17 NOTE --no-vignettes
r-devel-linux-x86_64-debian-gcc 2.0.3 21.35 52.31 73.66 NOTE --no-vignettes
r-devel-linux-x86_64-fedora-clang 2.0.3 143.82 NOTE
r-devel-linux-x86_64-fedora-gcc 2.0.3 138.53 NOTE
r-devel-osx-x86_64-clang 2.0.3 119.93 NOTE --no-build-vignettes
r-devel-windows-ix86+x86_64 2.0.3 57.00 92.00 149.00 NOTE
r-patched-linux-x86_64 2.0.3 21.66 53.79 75.45 NOTE --no-vignettes
r-patched-solaris-sparc 2.0.3 884.20 NOTE --no-vignettes
r-patched-solaris-x86 2.0.3 167.50 NOTE
r-release-linux-x86_64 2.0.3 22.23 53.02 75.24 NOTE --no-vignettes
r-release-osx-x86_64-mavericks 2.0.3 NOTE
r-release-osx-x86_64-snowleopard 2.0.3 NOTE
r-release-windows-ix86+x86_64 2.0.3 59.00 88.00 147.00 NOTE
r-oldrel-windows-ix86+x86_64 2.0.3 47.00 100.00 147.00 NOTE

Check Details

Version: 2.0.3
Check: DESCRIPTION meta-information
Result: NOTE
    Malformed Description field: should contain one or more complete sentences.
Flavors: r-devel-windows-ix86+x86_64, r-release-windows-ix86+x86_64

Version: 2.0.3
Check: dependencies in R code
Result: NOTE
    'library' or 'require' calls in package code:
     'colorspace' 'msm' 'ncbit' 'parallel' 'pls'
     Please use :: or requireNamespace() instead.
     See section 'Suggested packages' in the 'Writing R Extensions' manual.
Flavors: r-devel-windows-ix86+x86_64, r-release-windows-ix86+x86_64, r-oldrel-windows-ix86+x86_64

Version: 2.0.3
Check: foreign function calls
Result: NOTE
    Call with DUP:
     .C("r_mkn_core", k = as.integer(k), n = length(order.C) - 1L,
     order = order.C, children = children.C, pij = pij, init = branch.init,
     base = branch.base, lq = lq, NAOK = TRUE, DUP = FALSE, PACKAGE = "geiger")
    DUP is no longer supported and will be ignored.
Flavors: r-devel-windows-ix86+x86_64, r-release-windows-ix86+x86_64

Version: 2.0.3
Check: R code for possible problems
Result: NOTE
    .branchcol.plot: no visible global function definition for
     'diverge_hcl'
    .get.parallel: no visible global function definition for 'detectCores'
    .get.parallel : fx: no visible global function definition for
     'mclapply'
    .jumps.plot: no visible global function definition for 'diverge_hcl'
    .shifts.plot: no visible global function definition for 'diverge_hcl'
    gbcontain: no visible global function definition for 'ncbit'
    gbresolve.default: no visible global function definition for 'ncbit'
Flavors: r-devel-windows-ix86+x86_64, r-release-windows-ix86+x86_64, r-oldrel-windows-ix86+x86_64

Version: 2.0.3
Flags: --no-vignettes
Check: DESCRIPTION meta-information
Result: NOTE
    Malformed Description field: should contain one or more complete sentences.
Flavor: r-patched-linux-x86_64

Version: 2.0.3
Flags: --no-vignettes
Check: dependencies in R code
Result: NOTE
    'library' or 'require' calls in package code:
     ‘colorspace’ ‘msm’ ‘ncbit’ ‘parallel’ ‘pls’
     Please use :: or requireNamespace() instead.
     See section 'Suggested packages' in the 'Writing R Extensions' manual.
Flavor: r-patched-linux-x86_64

Version: 2.0.3
Flags: --no-vignettes
Check: S3 generic/method consistency
Result: NOTE
    Found the following apparent S3 methods exported but not registered:
     as.phylo.hphylo
    See section ‘Registering S3 methods’ in the ‘Writing R Extensions’
    manual.
Flavor: r-patched-linux-x86_64

Version: 2.0.3
Flags: --no-vignettes
Check: foreign function calls
Result: NOTE
    Call with DUP:
     .C("r_mkn_core", k = as.integer(k), n = length(order.C) - 1L,
     order = order.C, children = children.C, pij = pij, init = branch.init,
     base = branch.base, lq = lq, NAOK = TRUE, DUP = FALSE, PACKAGE = "geiger")
    DUP is no longer supported and will be ignored.
Flavor: r-patched-linux-x86_64

Version: 2.0.3
Flags: --no-vignettes
Check: R code for possible problems
Result: NOTE
    .branchcol.plot: no visible global function definition for
     ‘diverge_hcl’
    .get.parallel: no visible global function definition for ‘detectCores’
    .get.parallel : fx: no visible global function definition for
     ‘mclapply’
    .jumps.plot: no visible global function definition for ‘diverge_hcl’
    .shifts.plot: no visible global function definition for ‘diverge_hcl’
    gbcontain: no visible global function definition for ‘ncbit’
    gbresolve.default: no visible global function definition for ‘ncbit’
Flavor: r-patched-linux-x86_64

Version: 2.0.3
Check: foreign function calls
Result: NOTE
    Call with DUP != TRUE:
     .C("r_mkn_core", k = as.integer(k), n = length(order.C) - 1L,
     order = order.C, children = children.C, pij = pij, init = branch.init,
     base = branch.base, lq = lq, NAOK = TRUE, DUP = FALSE, PACKAGE = "geiger")
    DUP = FALSE is deprecated and will be disabled in future versions of R.
Flavor: r-oldrel-windows-ix86+x86_64