CRAN Package Check Results for Package geiger

Last updated on 2016-09-27 16:47:42.

Flavor Version Tinstall Tcheck Ttotal Status Flags
r-devel-linux-x86_64-debian-clang 2.0.6 19.20 55.61 74.81 OK
r-devel-linux-x86_64-debian-gcc 2.0.6 22.76 54.06 76.82 OK
r-devel-linux-x86_64-fedora-clang 2.0.6 134.60 OK
r-devel-linux-x86_64-fedora-gcc 2.0.6 136.09 OK
r-devel-macos-x86_64-clang 2.0.6 106.84 OK
r-devel-windows-ix86+x86_64 2.0.6 81.00 130.00 211.00 ERROR
r-patched-linux-x86_64 2.0.6 19.68 53.11 72.79 OK
r-patched-solaris-sparc 2.0.6 823.80 OK --no-vignettes
r-patched-solaris-x86 2.0.6 149.90 OK
r-release-linux-x86_64 2.0.6 20.65 55.33 75.98 OK
r-release-osx-x86_64-mavericks 2.0.6 OK
r-release-windows-ix86+x86_64 2.0.6 76.00 160.00 236.00 OK
r-oldrel-windows-ix86+x86_64 2.0.6 78.00 141.00 219.00 OK

Check Details

Version: 2.0.6
Check: running examples for arch ‘i386’
Result: ERROR
    Running examples in 'geiger-Ex.R' failed
    The error most likely occurred in:
    
    > ### Name: fitContinuous
    > ### Title: model fitting for continuous comparative data
    > ### Aliases: fitContinuous
    > ### Keywords: arith models
    >
    > ### ** Examples
    >
    >
    > geo=get(data(geospiza))
    >
    > tmp=treedata(geo$phy, geo$dat)
    Warning in treedata(geo$phy, geo$dat) :
     The following tips were not found in 'data' and were dropped from 'phy':
     olivacea
    > phy=tmp$phy
    > dat=tmp$data
    >
    > #---- STORE RESULTS
    > brownFit <- fitContinuous(phy, dat[,"wingL"], SE=NA, control=list(niter=50), ncores=2)
    At line 35 of file dcopy.f
    Fortran runtime error: Index '2' of dimension 1 of array 'dy' above upper bound of 1
Flavor: r-devel-windows-ix86+x86_64

Version: 2.0.6
Check: running examples for arch ‘x64’
Result: ERROR
    Running examples in 'geiger-Ex.R' failed
    The error most likely occurred in:
    
    > ### Name: fitContinuous
    > ### Title: model fitting for continuous comparative data
    > ### Aliases: fitContinuous
    > ### Keywords: arith models
    >
    > ### ** Examples
    >
    >
    > geo=get(data(geospiza))
    >
    > tmp=treedata(geo$phy, geo$dat)
    Warning in treedata(geo$phy, geo$dat) :
     The following tips were not found in 'data' and were dropped from 'phy':
     olivacea
    > phy=tmp$phy
    > dat=tmp$data
    >
    > #---- STORE RESULTS
    > brownFit <- fitContinuous(phy, dat[,"wingL"], SE=NA, control=list(niter=50), ncores=2)
    At line 35 of file dcopy.f
    Fortran runtime error: Index '2' of dimension 1 of array 'dy' above upper bound of 1
Flavor: r-devel-windows-ix86+x86_64