CRAN Package Check Results for Package geiger

Last updated on 2017-04-28 21:47:14.

Flavor Version Tinstall Tcheck Ttotal Status Flags
r-devel-linux-x86_64-debian-clang 2.0.6 21.78 57.50 79.28 NOTE
r-devel-linux-x86_64-debian-gcc 2.0.6 23.02 57.60 80.62 NOTE
r-devel-linux-x86_64-fedora-clang 2.0.6 149.05 NOTE --no-stop-on-test-error
r-devel-linux-x86_64-fedora-gcc 2.0.6 148.01 NOTE --no-stop-on-test-error
r-devel-windows-ix86+x86_64 2.0.6 59.00 168.00 227.00 OK
r-patched-linux-x86_64 2.0.6 22.15 56.73 78.88 NOTE
r-patched-solaris-sparc 2.0.6 901.10 OK --no-vignettes
r-patched-solaris-x86 2.0.6 161.90 OK
r-release-linux-x86_64 2.0.6 22.05 57.89 79.94 NOTE
r-release-windows-ix86+x86_64 2.0.6 96.00 158.00 254.00 OK
r-release-osx-x86_64 2.0.6 OK
r-oldrel-windows-ix86+x86_64 2.0.6 75.00 122.00 197.00 OK
r-oldrel-osx-x86_64 2.0.6 OK

Check Details

Version: 2.0.6
Check: compiled code
Result: NOTE
    File ‘geiger/libs/geiger.so’:
     Found no calls to: ‘R_registerRoutines’, ‘R_useDynamicSymbols’
    
    It is good practice to register native routines and to disable symbol
    search.
    
    See ‘Writing portable packages’ in the ‘Writing R Extensions’ manual.
Flavors: r-devel-linux-x86_64-debian-clang, r-devel-linux-x86_64-debian-gcc, r-patched-linux-x86_64, r-release-linux-x86_64

Version: 2.0.6
Flags: --no-stop-on-test-error
Check: compiled code
Result: NOTE
    File ‘geiger/libs/geiger.so’:
     Found no calls to: ‘R_registerRoutines’, ‘R_useDynamicSymbols’
    
    It is good practice to register native routines and to disable symbol
    search.
    
    See ‘Writing portable packages’ in the ‘Writing R Extensions’ manual.
Flavors: r-devel-linux-x86_64-fedora-clang, r-devel-linux-x86_64-fedora-gcc