CRAN Package Check Results for Package geiger

Last updated on 2018-05-21 04:49:08 CEST.

Flavor Version Tinstall Tcheck Ttotal Status Flags
r-devel-linux-x86_64-debian-clang 2.0.6 36.47 79.24 115.71 NOTE
r-devel-linux-x86_64-debian-gcc 2.0.6 29.77 68.70 98.47 NOTE
r-devel-linux-x86_64-fedora-clang 2.0.6 153.15 NOTE
r-devel-linux-x86_64-fedora-gcc 2.0.6 147.88 NOTE
r-devel-windows-ix86+x86_64 2.0.6 83.00 115.00 198.00 OK
r-patched-linux-x86_64 2.0.6 39.07 88.76 127.83 NOTE
r-patched-solaris-x86 2.0.6 176.00 OK
r-release-linux-x86_64 2.0.6 36.26 86.62 122.88 NOTE
r-release-windows-ix86+x86_64 2.0.6 61.00 114.00 175.00 OK
r-release-osx-x86_64 2.0.6 OK
r-oldrel-windows-ix86+x86_64 2.0.6 64.00 116.00 180.00 OK
r-oldrel-osx-x86_64 2.0.6 OK

Check Details

Version: 2.0.6
Check: compiled code
Result: NOTE
    File ‘geiger/libs/geiger.so’:
     Found no calls to: ‘R_registerRoutines’, ‘R_useDynamicSymbols’
    
    It is good practice to register native routines and to disable symbol
    search.
    
    See ‘Writing portable packages’ in the ‘Writing R Extensions’ manual.
Flavors: r-devel-linux-x86_64-debian-clang, r-devel-linux-x86_64-debian-gcc, r-devel-linux-x86_64-fedora-clang, r-devel-linux-x86_64-fedora-gcc, r-patched-linux-x86_64, r-release-linux-x86_64