CRAN Package Check Results for Package geiger

Last updated on 2015-01-27 19:50:20.

Flavor Version Tinstall Tcheck Ttotal Status Flags
r-devel-linux-x86_64-debian-clang 2.0.3 18.04 56.05 74.09 NOTE --no-vignettes
r-devel-linux-x86_64-debian-gcc 2.0.3 21.57 53.10 74.67 NOTE --no-vignettes
r-devel-linux-x86_64-fedora-clang 2.0.3 160.53 NOTE
r-devel-linux-x86_64-fedora-gcc 2.0.3 160.32 NOTE
r-devel-osx-x86_64-clang 2.0.3 135.54 NOTE --no-build-vignettes
r-devel-windows-ix86+x86_64 2.0.3 51.00 87.00 138.00 NOTE
r-patched-linux-x86_64 2.0.3 24.40 61.12 85.52 NOTE --no-vignettes
r-patched-solaris-sparc 2.0.3 967.50 NOTE --no-vignettes
r-patched-solaris-x86 2.0.3 193.90 NOTE
r-release-linux-ix86 2.0.3 27.20 73.56 100.76 NOTE --no-vignettes
r-release-linux-x86_64 2.0.3 23.71 61.94 85.64 NOTE --no-vignettes
r-release-osx-x86_64-mavericks 2.0.3 NOTE
r-release-osx-x86_64-snowleopard 2.0.3 NOTE
r-release-windows-ix86+x86_64 2.0.3 63.00 110.00 173.00 NOTE
r-oldrel-windows-ix86+x86_64 2.0.3 58.00 114.00 172.00 OK

Check Details

Version: 2.0.3
Flags: --no-vignettes
Check: dependencies in R code
Result: NOTE
    'library' or 'require' calls in package code:
     ‘colorspace’ ‘msm’ ‘ncbit’ ‘parallel’ ‘pls’
     Please use :: or requireNamespace() instead.
     See section 'Suggested packages' in the 'Writing R Extensions' manual.
Flavors: r-devel-linux-x86_64-debian-clang, r-devel-linux-x86_64-debian-gcc

Version: 2.0.3
Flags: --no-vignettes
Check: S3 generic/method consistency
Result: NOTE
    Found the following apparent S3 methods exported but not registered:
     as.phylo.hphylo
    See section ‘Registering S3 methods’ in the ‘Writing R Extensions’
    manual.
Flavors: r-devel-linux-x86_64-debian-clang, r-devel-linux-x86_64-debian-gcc

Version: 2.0.3
Flags: --no-vignettes
Check: foreign function calls
Result: NOTE
    Call with DUP:
     .C("r_mkn_core", k = as.integer(k), n = length(order.C) - 1L,
     order = order.C, children = children.C, pij = pij, init = branch.init,
     base = branch.base, lq = lq, NAOK = TRUE, DUP = FALSE, PACKAGE = "geiger")
    DUP is no longer supported and will be ignored.
Flavors: r-devel-linux-x86_64-debian-clang, r-devel-linux-x86_64-debian-gcc

Version: 2.0.3
Flags: --no-vignettes
Check: R code for possible problems
Result: NOTE
    .branchcol.plot: no visible global function definition for
     ‘diverge_hcl’
    .get.parallel: no visible global function definition for ‘detectCores’
    .get.parallel : fx: no visible global function definition for
     ‘mclapply’
    .jumps.plot: no visible global function definition for ‘diverge_hcl’
    .shifts.plot: no visible global function definition for ‘diverge_hcl’
    gbcontain: no visible global function definition for ‘ncbit’
    gbresolve.default: no visible global function definition for ‘ncbit’
Flavors: r-devel-linux-x86_64-debian-clang, r-devel-linux-x86_64-debian-gcc, r-patched-linux-x86_64, r-patched-solaris-sparc, r-release-linux-ix86, r-release-linux-x86_64

Version: 2.0.3
Check: dependencies in R code
Result: NOTE
    'library' or 'require' calls in package code:
     ‘colorspace’ ‘msm’ ‘ncbit’ ‘parallel’ ‘pls’
     Please use :: or requireNamespace() instead.
     See section 'Suggested packages' in the 'Writing R Extensions' manual.
Flavors: r-devel-linux-x86_64-fedora-clang, r-devel-linux-x86_64-fedora-gcc, r-devel-windows-ix86+x86_64

Version: 2.0.3
Check: S3 generic/method consistency
Result: NOTE
    Found the following apparent S3 methods exported but not registered:
     as.phylo.hphylo
    See section ‘Registering S3 methods’ in the ‘Writing R Extensions’
    manual.
Flavors: r-devel-linux-x86_64-fedora-clang, r-devel-linux-x86_64-fedora-gcc

Version: 2.0.3
Check: foreign function calls
Result: NOTE
    Call with DUP:
     .C("r_mkn_core", k = as.integer(k), n = length(order.C) - 1L,
     order = order.C, children = children.C, pij = pij, init = branch.init,
     base = branch.base, lq = lq, NAOK = TRUE, DUP = FALSE, PACKAGE = "geiger")
    DUP is no longer supported and will be ignored.
Flavors: r-devel-linux-x86_64-fedora-clang, r-devel-linux-x86_64-fedora-gcc, r-devel-windows-ix86+x86_64

Version: 2.0.3
Check: R code for possible problems
Result: NOTE
    .branchcol.plot: no visible global function definition for
     ‘diverge_hcl’
    .get.parallel: no visible global function definition for ‘detectCores’
    .get.parallel : fx: no visible global function definition for
     ‘mclapply’
    .jumps.plot: no visible global function definition for ‘diverge_hcl’
    .shifts.plot: no visible global function definition for ‘diverge_hcl’
    gbcontain: no visible global function definition for ‘ncbit’
    gbresolve.default: no visible global function definition for ‘ncbit’
Flavors: r-devel-linux-x86_64-fedora-clang, r-devel-linux-x86_64-fedora-gcc, r-devel-windows-ix86+x86_64, r-patched-solaris-x86, r-release-osx-x86_64-mavericks, r-release-windows-ix86+x86_64

Version: 2.0.3
Flags: --no-build-vignettes
Check: dependencies in R code
Result: NOTE
    'library' or 'require' calls in package code:
     ‘colorspace’ ‘msm’ ‘ncbit’ ‘parallel’ ‘pls’
     Please use :: or requireNamespace() instead.
     See section 'Suggested packages' in the 'Writing R Extensions' manual.
Flavor: r-devel-osx-x86_64-clang

Version: 2.0.3
Flags: --no-build-vignettes
Check: S3 generic/method consistency
Result: NOTE
    Found the following apparent S3 methods exported but not registered:
     as.phylo.hphylo
    See section ‘Registering S3 methods’ in the ‘Writing R Extensions’
    manual.
Flavor: r-devel-osx-x86_64-clang

Version: 2.0.3
Flags: --no-build-vignettes
Check: foreign function calls
Result: NOTE
    Call with DUP:
     .C("r_mkn_core", k = as.integer(k), n = length(order.C) - 1L,
     order = order.C, children = children.C, pij = pij, init = branch.init,
     base = branch.base, lq = lq, NAOK = TRUE, DUP = FALSE, PACKAGE = "geiger")
    DUP is no longer supported and will be ignored.
Flavor: r-devel-osx-x86_64-clang

Version: 2.0.3
Flags: --no-build-vignettes
Check: R code for possible problems
Result: NOTE
    .branchcol.plot: no visible global function definition for
     ‘diverge_hcl’
    .get.parallel: no visible global function definition for ‘detectCores’
    .get.parallel : fx: no visible global function definition for
     ‘mclapply’
    .jumps.plot: no visible global function definition for ‘diverge_hcl’
    .shifts.plot: no visible global function definition for ‘diverge_hcl’
    gbcontain: no visible global function definition for ‘ncbit’
    gbresolve.default: no visible global function definition for ‘ncbit’
Flavor: r-devel-osx-x86_64-clang

Version: 2.0.3
Flags: --no-vignettes
Check: foreign function calls
Result: NOTE
    Call with DUP != TRUE:
     .C("r_mkn_core", k = as.integer(k), n = length(order.C) - 1L,
     order = order.C, children = children.C, pij = pij, init = branch.init,
     base = branch.base, lq = lq, NAOK = TRUE, DUP = FALSE, PACKAGE = "geiger")
    DUP = FALSE is deprecated and will be disabled in future versions of R.
Flavors: r-patched-linux-x86_64, r-patched-solaris-sparc, r-release-linux-ix86, r-release-linux-x86_64

Version: 2.0.3
Check: foreign function calls
Result: NOTE
    Call with DUP != TRUE:
     .C("r_mkn_core", k = as.integer(k), n = length(order.C) - 1L,
     order = order.C, children = children.C, pij = pij, init = branch.init,
     base = branch.base, lq = lq, NAOK = TRUE, DUP = FALSE, PACKAGE = "geiger")
    DUP = FALSE is deprecated and will be disabled in future versions of R.
Flavors: r-patched-solaris-x86, r-release-osx-x86_64-mavericks, r-release-windows-ix86+x86_64

Version: 2.0.3
Check: foreign function calls
Result: NOTE
    Call with DUP = FALSE:
     .C("r_mkn_core", k = as.integer(k), n = length(order.C) - 1L,
     order = order.C, children = children.C, pij = pij, init = branch.init,
     base = branch.base, lq = lq, NAOK = TRUE, DUP = FALSE, PACKAGE = "geiger")
    DUP = FALSE is deprecated and may be disabled in future versions of R.
Flavor: r-release-osx-x86_64-snowleopard