CRAN Package Check Results for Package geiger

Last updated on 2015-03-29 00:48:15.

Flavor Version Tinstall Tcheck Ttotal Status Flags
r-devel-linux-x86_64-debian-clang 2.0.3 18.48 55.02 73.50 NOTE --no-vignettes
r-devel-linux-x86_64-debian-gcc 2.0.3 20.92 53.13 74.05 NOTE --no-vignettes
r-devel-linux-x86_64-fedora-clang 2.0.3 143.38 NOTE
r-devel-linux-x86_64-fedora-gcc 2.0.3 142.36 NOTE
r-devel-osx-x86_64-clang 2.0.3 131.46 NOTE --no-build-vignettes
r-prerel-windows-ix86+x86_64 2.0.3 72.00 91.00 163.00 NOTE
r-prerel-linux-x86_64 2.0.3 20.88 53.24 74.12 NOTE --no-vignettes
r-prerel-solaris-sparc 2.0.3 884.20 NOTE --no-vignettes
r-prerel-solaris-x86 2.0.3 165.80 NOTE
r-release-linux-x86_64 2.0.3 23.66 63.38 87.04 NOTE --no-vignettes
r-release-osx-x86_64-mavericks 2.0.3 NOTE
r-release-osx-x86_64-snowleopard 2.0.3 NOTE
r-release-windows-ix86+x86_64 2.0.3 58.00 111.00 169.00 NOTE
r-oldrel-windows-ix86+x86_64 2.0.3 58.00 169.00 227.00 OK

Check Details

Version: 2.0.3
Flags: --no-vignettes
Check: DESCRIPTION meta-information
Result: NOTE
    Malformed Description field: should contain one or more complete sentences.
Flavors: r-devel-linux-x86_64-debian-clang, r-devel-linux-x86_64-debian-gcc, r-prerel-linux-x86_64, r-prerel-solaris-sparc

Version: 2.0.3
Flags: --no-vignettes
Check: dependencies in R code
Result: NOTE
    'library' or 'require' calls in package code:
     ‘colorspace’ ‘msm’ ‘ncbit’ ‘parallel’ ‘pls’
     Please use :: or requireNamespace() instead.
     See section 'Suggested packages' in the 'Writing R Extensions' manual.
Flavors: r-devel-linux-x86_64-debian-clang, r-devel-linux-x86_64-debian-gcc, r-prerel-linux-x86_64, r-prerel-solaris-sparc, r-release-linux-x86_64

Version: 2.0.3
Flags: --no-vignettes
Check: S3 generic/method consistency
Result: NOTE
    Found the following apparent S3 methods exported but not registered:
     as.phylo.hphylo
    See section ‘Registering S3 methods’ in the ‘Writing R Extensions’
    manual.
Flavors: r-devel-linux-x86_64-debian-clang, r-devel-linux-x86_64-debian-gcc, r-prerel-linux-x86_64

Version: 2.0.3
Flags: --no-vignettes
Check: foreign function calls
Result: NOTE
    Call with DUP:
     .C("r_mkn_core", k = as.integer(k), n = length(order.C) - 1L,
     order = order.C, children = children.C, pij = pij, init = branch.init,
     base = branch.base, lq = lq, NAOK = TRUE, DUP = FALSE, PACKAGE = "geiger")
    DUP is no longer supported and will be ignored.
Flavors: r-devel-linux-x86_64-debian-clang, r-devel-linux-x86_64-debian-gcc, r-prerel-linux-x86_64, r-prerel-solaris-sparc

Version: 2.0.3
Flags: --no-vignettes
Check: R code for possible problems
Result: NOTE
    .branchcol.plot: no visible global function definition for
     ‘diverge_hcl’
    .get.parallel: no visible global function definition for ‘detectCores’
    .get.parallel : fx: no visible global function definition for
     ‘mclapply’
    .jumps.plot: no visible global function definition for ‘diverge_hcl’
    .shifts.plot: no visible global function definition for ‘diverge_hcl’
    gbcontain: no visible global function definition for ‘ncbit’
    gbresolve.default: no visible global function definition for ‘ncbit’
Flavors: r-devel-linux-x86_64-debian-clang, r-devel-linux-x86_64-debian-gcc, r-prerel-linux-x86_64, r-prerel-solaris-sparc, r-release-linux-x86_64

Version: 2.0.3
Check: DESCRIPTION meta-information
Result: NOTE
    Malformed Description field: should contain one or more complete sentences.
Flavors: r-devel-linux-x86_64-fedora-clang, r-devel-linux-x86_64-fedora-gcc, r-prerel-windows-ix86+x86_64, r-prerel-solaris-x86

Version: 2.0.3
Check: dependencies in R code
Result: NOTE
    'library' or 'require' calls in package code:
     ‘colorspace’ ‘msm’ ‘ncbit’ ‘parallel’ ‘pls’
     Please use :: or requireNamespace() instead.
     See section 'Suggested packages' in the 'Writing R Extensions' manual.
Flavors: r-devel-linux-x86_64-fedora-clang, r-devel-linux-x86_64-fedora-gcc, r-prerel-windows-ix86+x86_64, r-prerel-solaris-x86, r-release-windows-ix86+x86_64

Version: 2.0.3
Check: S3 generic/method consistency
Result: NOTE
    Found the following apparent S3 methods exported but not registered:
     as.phylo.hphylo
    See section ‘Registering S3 methods’ in the ‘Writing R Extensions’
    manual.
Flavors: r-devel-linux-x86_64-fedora-clang, r-devel-linux-x86_64-fedora-gcc

Version: 2.0.3
Check: foreign function calls
Result: NOTE
    Call with DUP:
     .C("r_mkn_core", k = as.integer(k), n = length(order.C) - 1L,
     order = order.C, children = children.C, pij = pij, init = branch.init,
     base = branch.base, lq = lq, NAOK = TRUE, DUP = FALSE, PACKAGE = "geiger")
    DUP is no longer supported and will be ignored.
Flavors: r-devel-linux-x86_64-fedora-clang, r-devel-linux-x86_64-fedora-gcc, r-prerel-windows-ix86+x86_64, r-prerel-solaris-x86

Version: 2.0.3
Check: R code for possible problems
Result: NOTE
    .branchcol.plot: no visible global function definition for
     ‘diverge_hcl’
    .get.parallel: no visible global function definition for ‘detectCores’
    .get.parallel : fx: no visible global function definition for
     ‘mclapply’
    .jumps.plot: no visible global function definition for ‘diverge_hcl’
    .shifts.plot: no visible global function definition for ‘diverge_hcl’
    gbcontain: no visible global function definition for ‘ncbit’
    gbresolve.default: no visible global function definition for ‘ncbit’
Flavors: r-devel-linux-x86_64-fedora-clang, r-devel-linux-x86_64-fedora-gcc, r-prerel-windows-ix86+x86_64, r-prerel-solaris-x86, r-release-osx-x86_64-mavericks, r-release-windows-ix86+x86_64

Version: 2.0.3
Flags: --no-build-vignettes
Check: DESCRIPTION meta-information
Result: NOTE
    Malformed Description field: should contain one or more complete sentences.
Flavor: r-devel-osx-x86_64-clang

Version: 2.0.3
Flags: --no-build-vignettes
Check: dependencies in R code
Result: NOTE
    'library' or 'require' calls in package code:
     ‘colorspace’ ‘msm’ ‘ncbit’ ‘parallel’ ‘pls’
     Please use :: or requireNamespace() instead.
     See section 'Suggested packages' in the 'Writing R Extensions' manual.
Flavor: r-devel-osx-x86_64-clang

Version: 2.0.3
Flags: --no-build-vignettes
Check: S3 generic/method consistency
Result: NOTE
    Found the following apparent S3 methods exported but not registered:
     as.phylo.hphylo
    See section ‘Registering S3 methods’ in the ‘Writing R Extensions’
    manual.
Flavor: r-devel-osx-x86_64-clang

Version: 2.0.3
Flags: --no-build-vignettes
Check: foreign function calls
Result: NOTE
    Call with DUP:
     .C("r_mkn_core", k = as.integer(k), n = length(order.C) - 1L,
     order = order.C, children = children.C, pij = pij, init = branch.init,
     base = branch.base, lq = lq, NAOK = TRUE, DUP = FALSE, PACKAGE = "geiger")
    DUP is no longer supported and will be ignored.
Flavor: r-devel-osx-x86_64-clang

Version: 2.0.3
Flags: --no-build-vignettes
Check: R code for possible problems
Result: NOTE
    .branchcol.plot: no visible global function definition for
     ‘diverge_hcl’
    .get.parallel: no visible global function definition for ‘detectCores’
    .get.parallel : fx: no visible global function definition for
     ‘mclapply’
    .jumps.plot: no visible global function definition for ‘diverge_hcl’
    .shifts.plot: no visible global function definition for ‘diverge_hcl’
    gbcontain: no visible global function definition for ‘ncbit’
    gbresolve.default: no visible global function definition for ‘ncbit’
Flavor: r-devel-osx-x86_64-clang

Version: 2.0.3
Flags: --no-vignettes
Check: foreign function calls
Result: NOTE
    Call with DUP != TRUE:
     .C("r_mkn_core", k = as.integer(k), n = length(order.C) - 1L,
     order = order.C, children = children.C, pij = pij, init = branch.init,
     base = branch.base, lq = lq, NAOK = TRUE, DUP = FALSE, PACKAGE = "geiger")
    DUP = FALSE is deprecated and will be disabled in future versions of R.
Flavor: r-release-linux-x86_64

Version: 2.0.3
Check: foreign function calls
Result: NOTE
    Call with DUP != TRUE:
     .C("r_mkn_core", k = as.integer(k), n = length(order.C) - 1L,
     order = order.C, children = children.C, pij = pij, init = branch.init,
     base = branch.base, lq = lq, NAOK = TRUE, DUP = FALSE, PACKAGE = "geiger")
    DUP = FALSE is deprecated and will be disabled in future versions of R.
Flavors: r-release-osx-x86_64-mavericks, r-release-windows-ix86+x86_64

Version: 2.0.3
Check: foreign function calls
Result: NOTE
    Call with DUP = FALSE:
     .C("r_mkn_core", k = as.integer(k), n = length(order.C) - 1L,
     order = order.C, children = children.C, pij = pij, init = branch.init,
     base = branch.base, lq = lq, NAOK = TRUE, DUP = FALSE, PACKAGE = "geiger")
    DUP = FALSE is deprecated and may be disabled in future versions of R.
Flavor: r-release-osx-x86_64-snowleopard