CRAN Package Check Results for Package geiger

Last updated on 2014-07-23 17:48:57.

Flavor Version Tinstall Tcheck Ttotal Status Flags
r-devel-linux-x86_64-debian-clang 2.0.3 19.25 63.06 82.31 NOTE --no-vignettes
r-devel-linux-x86_64-debian-gcc 2.0.3 23.18 63.39 86.56 NOTE --no-vignettes
r-devel-linux-x86_64-fedora-clang 2.0.3 177.62 NOTE
r-devel-linux-x86_64-fedora-gcc 2.0.3 174.59 NOTE
r-devel-osx-x86_64-clang 2.0.3 141.14 NOTE --no-build-vignettes
r-devel-windows-ix86+x86_64 2.0.3 61.00 105.00 166.00 NOTE --no-vignettes
r-patched-linux-x86_64 2.0.3 23.82 62.49 86.31 NOTE --no-vignettes
r-patched-solaris-sparc 2.0.3 906.40 NOTE --no-vignettes
r-patched-solaris-x86 2.0.3 199.00 NOTE --no-vignettes
r-release-linux-ix86 2.0.3 28.24 79.14 107.38 NOTE --no-vignettes
r-release-linux-x86_64 2.0.3 23.58 64.94 88.52 NOTE --no-vignettes
r-release-osx-x86_64-mavericks 2.0.3 NOTE
r-release-osx-x86_64-snowleopard 2.0.3 NOTE
r-release-windows-ix86+x86_64 2.0.3 60.00 102.00 162.00 NOTE --no-vignettes
r-oldrel-windows-ix86+x86_64 2.0.3 55.00 103.00 158.00 OK --no-vignettes

Check Details

Version: 2.0.3
Flags: --no-vignettes
Check: foreign function calls
Result: NOTE
    Call with DUP = FALSE:
     .C("r_mkn_core", k = as.integer(k), n = length(order.C) - 1L,
     order = order.C, children = children.C, pij = pij, init = branch.init,
     base = branch.base, lq = lq, NAOK = TRUE, DUP = FALSE, PACKAGE = "geiger")
    DUP = FALSE is deprecated and may be disabled in future versions of R.
Flavors: r-devel-linux-x86_64-debian-clang, r-devel-linux-x86_64-debian-gcc, r-devel-windows-ix86+x86_64, r-patched-linux-x86_64, r-patched-solaris-sparc, r-patched-solaris-x86, r-release-linux-ix86, r-release-linux-x86_64, r-release-windows-ix86+x86_64

Version: 2.0.3
Check: foreign function calls
Result: NOTE
    Call with DUP = FALSE:
     .C("r_mkn_core", k = as.integer(k), n = length(order.C) - 1L,
     order = order.C, children = children.C, pij = pij, init = branch.init,
     base = branch.base, lq = lq, NAOK = TRUE, DUP = FALSE, PACKAGE = "geiger")
    DUP = FALSE is deprecated and may be disabled in future versions of R.
Flavors: r-devel-linux-x86_64-fedora-clang, r-devel-linux-x86_64-fedora-gcc, r-release-osx-x86_64-mavericks, r-release-osx-x86_64-snowleopard

Version: 2.0.3
Flags: --no-build-vignettes
Check: foreign function calls
Result: NOTE
    Call with DUP = FALSE:
     .C("r_mkn_core", k = as.integer(k), n = length(order.C) - 1L,
     order = order.C, children = children.C, pij = pij, init = branch.init,
     base = branch.base, lq = lq, NAOK = TRUE, DUP = FALSE, PACKAGE = "geiger")
    DUP = FALSE is deprecated and may be disabled in future versions of R.
Flavor: r-devel-osx-x86_64-clang