CRAN Package Check Results for Package geiger

Last updated on 2017-02-19 23:48:10.

Flavor Version Tinstall Tcheck Ttotal Status Flags
r-devel-linux-x86_64-debian-clang 2.0.6 21.56 57.45 79.02 NOTE
r-devel-linux-x86_64-debian-gcc 2.0.6 23.60 58.30 81.90 NOTE
r-devel-linux-x86_64-fedora-clang 2.0.6 146.65 NOTE --no-stop-on-test-error
r-devel-linux-x86_64-fedora-gcc 2.0.6 146.27 NOTE --no-stop-on-test-error
r-devel-macos-x86_64-clang 2.0.6 115.65 NOTE --no-stop-on-test-error
r-devel-windows-ix86+x86_64 2.0.6 87.00 161.00 248.00 OK
r-patched-linux-x86_64 2.0.6 19.99 53.68 73.67 OK
r-patched-solaris-sparc 2.0.6 817.50 OK --no-vignettes
r-patched-solaris-x86 2.0.6 156.10 OK
r-release-linux-x86_64 2.0.6 21.30 53.58 74.88 OK
r-release-osx-x86_64-mavericks 2.0.6 OK
r-release-windows-ix86+x86_64 2.0.6 55.00 110.00 165.00 OK
r-oldrel-windows-ix86+x86_64 2.0.6 77.00 150.00 227.00 OK

Check Details

Version: 2.0.6
Check: compiled code
Result: NOTE
    File ‘geiger/libs/geiger.so’:
     Found no calls to: ‘R_registerRoutines’, ‘R_useDynamicSymbols’
    
    It is good practice to register native routines and to disable symbol
    search.
    
    See ‘Writing portable packages’ in the ‘Writing R Extensions’ manual.
Flavors: r-devel-linux-x86_64-debian-clang, r-devel-linux-x86_64-debian-gcc

Version: 2.0.6
Flags: --no-stop-on-test-error
Check: compiled code
Result: NOTE
    File ‘geiger/libs/geiger.so’:
     Found no calls to: ‘R_registerRoutines’, ‘R_useDynamicSymbols’
    
    It is good practice to register native routines and to disable symbol
    search.
    
    See ‘Writing portable packages’ in the ‘Writing R Extensions’ manual.
Flavors: r-devel-linux-x86_64-fedora-clang, r-devel-linux-x86_64-fedora-gcc, r-devel-macos-x86_64-clang