CRAN Package Check Results for Package geiger

Last updated on 2014-04-20 15:46:51.

Flavor Version Tinstall Tcheck Ttotal Status Flags
r-devel-linux-x86_64-debian-clang 2.0.1 21.16 64.72 85.89 NOTE --no-vignettes
r-devel-linux-x86_64-debian-gcc 2.0.1 23.96 66.54 90.50 NOTE --no-vignettes
r-devel-linux-x86_64-fedora-clang 2.0.1 178.29 NOTE
r-devel-linux-x86_64-fedora-gcc 2.0.1 171.77 NOTE
r-devel-macosx-x86_64-clang 2.0.1 130.29 NOTE --no-build-vignettes
r-devel-macosx-x86_64-gcc 2.0.1 NOTE
r-devel-windows-ix86+x86_64 2.0.1 57.00 102.00 159.00 NOTE --no-vignettes
r-patched-linux-x86_64 2.0.1 23.32 65.65 88.97 NOTE --no-vignettes
r-patched-solaris-sparc 2.0.1 898.60 NOTE --no-vignettes
r-patched-solaris-x86 2.0.1 195.70 NOTE --no-vignettes
r-release-linux-ix86 NOTE --no-vignettes
r-release-linux-x86_64 2.0.1 22.91 65.50 88.40 NOTE --no-vignettes
r-release-macosx-x86_64 2.0.1 NOTE
r-release-windows-ix86+x86_64 2.0.1 77.00 109.00 186.00 NOTE --no-vignettes
r-oldrel-windows-ix86+x86_64 2.0.1 57.00 112.00 169.00 OK --no-vignettes

Check Details

Version: 2.0.1
Flags: --no-vignettes
Check: foreign function calls
Result: NOTE
    Call with DUP = FALSE:
     .C("r_mkn_core", k = as.integer(k), n = length(order.C) - 1L,
     order = order.C, children = children.C, pij = pij, init = branch.init,
     base = branch.base, lq = lq, NAOK = TRUE, DUP = FALSE, PACKAGE = "geiger")
    DUP = FALSE is deprecated and may be disabled in future versions of R.
Flavors: r-devel-linux-x86_64-debian-clang, r-devel-linux-x86_64-debian-gcc, r-devel-windows-ix86+x86_64, r-patched-linux-x86_64, r-patched-solaris-sparc, r-patched-solaris-x86, r-release-linux-ix86, r-release-linux-x86_64, r-release-windows-ix86+x86_64

Version: 2.0.1
Check: foreign function calls
Result: NOTE
    Call with DUP = FALSE:
     .C("r_mkn_core", k = as.integer(k), n = length(order.C) - 1L,
     order = order.C, children = children.C, pij = pij, init = branch.init,
     base = branch.base, lq = lq, NAOK = TRUE, DUP = FALSE, PACKAGE = "geiger")
    DUP = FALSE is deprecated and may be disabled in future versions of R.
Flavors: r-devel-linux-x86_64-fedora-clang, r-devel-linux-x86_64-fedora-gcc, r-devel-macosx-x86_64-gcc

Version: 2.0.1
Flags: --no-build-vignettes
Check: foreign function calls
Result: NOTE
    Call with DUP = FALSE:
     .C("r_mkn_core", k = as.integer(k), n = length(order.C) - 1L,
     order = order.C, children = children.C, pij = pij, init = branch.init,
     base = branch.base, lq = lq, NAOK = TRUE, DUP = FALSE, PACKAGE = "geiger")
    DUP = FALSE is deprecated and may be disabled in future versions of R.
Flavor: r-devel-macosx-x86_64-clang

Version: 2.0.1
Check: Rd cross-references
Result: NOTE
    Packages unavailable to check Rd xrefs: ‘phytools’, ‘TreeSim’
Flavor: r-devel-macosx-x86_64-gcc

Version: 2.0.1
Check: foreign function calls
Result: NOTE
    Call with DUP = FALSE:
     .C("r_mkn_core", k = as.integer(k), n = length(order.C) - 1L,
     order = order.C, children = children.C, pij = pij, init = branch.init,
     base = branch.base, lq = lq, NAOK = TRUE, DUP = FALSE, PACKAGE = "geiger")
    See the chapter ‘System and foreign language interfaces’ of the
    ‘Writing R Extensions’ manual.
Flavor: r-release-macosx-x86_64