CRAN Package Check Results for Package geiger

Last updated on 2014-09-20 01:49:09.

Flavor Version Tinstall Tcheck Ttotal Status Flags
r-devel-linux-x86_64-debian-clang 2.0.3 18.66 59.23 77.89 NOTE --no-vignettes
r-devel-linux-x86_64-debian-gcc 2.0.3 21.71 58.25 79.96 NOTE --no-vignettes
r-devel-linux-x86_64-fedora-clang 2.0.3 161.60 NOTE
r-devel-linux-x86_64-fedora-gcc 2.0.3 153.06 NOTE
r-devel-osx-x86_64-clang 2.0.3 129.09 NOTE --no-build-vignettes
r-devel-windows-ix86+x86_64 2.0.3 56.00 94.00 150.00 NOTE --no-vignettes
r-patched-linux-x86_64 2.0.3 23.09 62.97 86.06 NOTE --no-vignettes
r-patched-solaris-sparc 2.0.3 994.30 NOTE --no-vignettes
r-patched-solaris-x86 2.0.3 202.30 NOTE --no-vignettes
r-release-linux-ix86 2.0.3 28.08 77.76 105.84 NOTE --no-vignettes
r-release-linux-x86_64 2.0.3 23.76 64.40 88.16 NOTE --no-vignettes
r-release-osx-x86_64-mavericks 2.0.3 NOTE
r-release-osx-x86_64-snowleopard 2.0.3 NOTE
r-release-windows-ix86+x86_64 2.0.3 61.00 111.00 172.00 NOTE --no-vignettes
r-oldrel-windows-ix86+x86_64 2.0.3 57.00 113.00 170.00 OK --no-vignettes

Check Details

Version: 2.0.3
Flags: --no-vignettes
Check: foreign function calls
Result: NOTE
    Call with DUP:
     .C("r_mkn_core", k = as.integer(k), n = length(order.C) - 1L,
     order = order.C, children = children.C, pij = pij, init = branch.init,
     base = branch.base, lq = lq, NAOK = TRUE, DUP = FALSE, PACKAGE = "geiger")
    DUP is no longer supported and will be ignored.
Flavors: r-devel-linux-x86_64-debian-clang, r-devel-linux-x86_64-debian-gcc, r-devel-windows-ix86+x86_64

Version: 2.0.3
Flags: --no-vignettes
Check: R code for possible problems
Result: NOTE
    .branchcol.plot: no visible global function definition for
     ‘diverge_hcl’
    .get.parallel: no visible global function definition for ‘detectCores’
    .get.parallel : fx: no visible global function definition for
     ‘mclapply’
    .jumps.plot: no visible global function definition for ‘diverge_hcl’
    .shifts.plot: no visible global function definition for ‘diverge_hcl’
    gbcontain: no visible global function definition for ‘ncbit’
    gbresolve.default: no visible global function definition for ‘ncbit’
Flavors: r-devel-linux-x86_64-debian-clang, r-devel-linux-x86_64-debian-gcc, r-devel-windows-ix86+x86_64

Version: 2.0.3
Check: foreign function calls
Result: NOTE
    Call with DUP:
     .C("r_mkn_core", k = as.integer(k), n = length(order.C) - 1L,
     order = order.C, children = children.C, pij = pij, init = branch.init,
     base = branch.base, lq = lq, NAOK = TRUE, DUP = FALSE, PACKAGE = "geiger")
    DUP is no longer supported and will be ignored.
Flavors: r-devel-linux-x86_64-fedora-clang, r-devel-linux-x86_64-fedora-gcc

Version: 2.0.3
Check: R code for possible problems
Result: NOTE
    .branchcol.plot: no visible global function definition for
     ‘diverge_hcl’
    .get.parallel: no visible global function definition for ‘detectCores’
    .get.parallel : fx: no visible global function definition for
     ‘mclapply’
    .jumps.plot: no visible global function definition for ‘diverge_hcl’
    .shifts.plot: no visible global function definition for ‘diverge_hcl’
    gbcontain: no visible global function definition for ‘ncbit’
    gbresolve.default: no visible global function definition for ‘ncbit’
Flavors: r-devel-linux-x86_64-fedora-clang, r-devel-linux-x86_64-fedora-gcc

Version: 2.0.3
Flags: --no-build-vignettes
Check: foreign function calls
Result: NOTE
    Call with DUP:
     .C("r_mkn_core", k = as.integer(k), n = length(order.C) - 1L,
     order = order.C, children = children.C, pij = pij, init = branch.init,
     base = branch.base, lq = lq, NAOK = TRUE, DUP = FALSE, PACKAGE = "geiger")
    DUP is no longer supported and will be ignored.
Flavor: r-devel-osx-x86_64-clang

Version: 2.0.3
Flags: --no-build-vignettes
Check: R code for possible problems
Result: NOTE
    .branchcol.plot: no visible global function definition for
     ‘diverge_hcl’
    .get.parallel: no visible global function definition for ‘detectCores’
    .get.parallel : fx: no visible global function definition for
     ‘mclapply’
    .jumps.plot: no visible global function definition for ‘diverge_hcl’
    .shifts.plot: no visible global function definition for ‘diverge_hcl’
    gbcontain: no visible global function definition for ‘ncbit’
    gbresolve.default: no visible global function definition for ‘ncbit’
Flavor: r-devel-osx-x86_64-clang

Version: 2.0.3
Flags: --no-vignettes
Check: foreign function calls
Result: NOTE
    Call with DUP != TRUE:
     .C("r_mkn_core", k = as.integer(k), n = length(order.C) - 1L,
     order = order.C, children = children.C, pij = pij, init = branch.init,
     base = branch.base, lq = lq, NAOK = TRUE, DUP = FALSE, PACKAGE = "geiger")
    DUP = FALSE is deprecated and will be disabled in future versions of R.
Flavors: r-patched-linux-x86_64, r-patched-solaris-sparc, r-patched-solaris-x86

Version: 2.0.3
Flags: --no-vignettes
Check: foreign function calls
Result: NOTE
    Call with DUP = FALSE:
     .C("r_mkn_core", k = as.integer(k), n = length(order.C) - 1L,
     order = order.C, children = children.C, pij = pij, init = branch.init,
     base = branch.base, lq = lq, NAOK = TRUE, DUP = FALSE, PACKAGE = "geiger")
    DUP = FALSE is deprecated and may be disabled in future versions of R.
Flavors: r-release-linux-ix86, r-release-linux-x86_64, r-release-windows-ix86+x86_64

Version: 2.0.3
Check: foreign function calls
Result: NOTE
    Call with DUP = FALSE:
     .C("r_mkn_core", k = as.integer(k), n = length(order.C) - 1L,
     order = order.C, children = children.C, pij = pij, init = branch.init,
     base = branch.base, lq = lq, NAOK = TRUE, DUP = FALSE, PACKAGE = "geiger")
    DUP = FALSE is deprecated and may be disabled in future versions of R.
Flavors: r-release-osx-x86_64-mavericks, r-release-osx-x86_64-snowleopard