CRAN Package Check Results for Package geiger

Last updated on 2014-08-20 17:47:42.

Flavor Version Tinstall Tcheck Ttotal Status Flags
r-devel-linux-x86_64-debian-clang 2.0.3 18.35 61.10 79.45 NOTE --no-vignettes
r-devel-linux-x86_64-debian-gcc 2.0.3 22.96 60.04 83.00 NOTE --no-vignettes
r-devel-linux-x86_64-fedora-clang 2.0.3 170.65 NOTE
r-devel-linux-x86_64-fedora-gcc 2.0.3 159.82 NOTE
r-devel-osx-x86_64-clang 2.0.3 130.33 NOTE --no-build-vignettes
r-devel-windows-ix86+x86_64 2.0.3 57.00 99.00 156.00 NOTE --no-vignettes
r-patched-linux-x86_64 2.0.3 23.16 62.99 86.15 NOTE --no-vignettes
r-patched-solaris-sparc 2.0.3 1010.70 NOTE --no-vignettes
r-patched-solaris-x86 2.0.3 196.70 NOTE --no-vignettes
r-release-linux-ix86 2.0.3 28.32 79.45 107.77 NOTE --no-vignettes
r-release-linux-x86_64 2.0.3 23.87 62.98 86.85 NOTE --no-vignettes
r-release-osx-x86_64-mavericks 2.0.3 NOTE
r-release-osx-x86_64-snowleopard 2.0.3 NOTE
r-release-windows-ix86+x86_64 2.0.3 50.00 113.00 163.00 NOTE --no-vignettes
r-oldrel-windows-ix86+x86_64 2.0.3 55.00 104.00 159.00 OK --no-vignettes

Check Details

Version: 2.0.3
Flags: --no-vignettes
Check: foreign function calls
Result: NOTE
    Call with DUP = FALSE:
     .C("r_mkn_core", k = as.integer(k), n = length(order.C) - 1L,
     order = order.C, children = children.C, pij = pij, init = branch.init,
     base = branch.base, lq = lq, NAOK = TRUE, DUP = FALSE, PACKAGE = "geiger")
    DUP = FALSE is deprecated and may be disabled in future versions of R.
Flavors: r-devel-linux-x86_64-debian-clang, r-devel-linux-x86_64-debian-gcc, r-devel-windows-ix86+x86_64, r-patched-linux-x86_64, r-patched-solaris-sparc, r-patched-solaris-x86, r-release-linux-ix86, r-release-linux-x86_64, r-release-windows-ix86+x86_64

Version: 2.0.3
Check: foreign function calls
Result: NOTE
    Call with DUP = FALSE:
     .C("r_mkn_core", k = as.integer(k), n = length(order.C) - 1L,
     order = order.C, children = children.C, pij = pij, init = branch.init,
     base = branch.base, lq = lq, NAOK = TRUE, DUP = FALSE, PACKAGE = "geiger")
    DUP = FALSE is deprecated and may be disabled in future versions of R.
Flavors: r-devel-linux-x86_64-fedora-clang, r-devel-linux-x86_64-fedora-gcc, r-release-osx-x86_64-mavericks, r-release-osx-x86_64-snowleopard

Version: 2.0.3
Check: R code for possible problems
Result: NOTE
    .branchcol.plot: no visible global function definition for
     ‘diverge_hcl’
    .get.parallel: no visible global function definition for ‘detectCores’
    .get.parallel : fx: no visible global function definition for
     ‘mclapply’
    .jumps.plot: no visible global function definition for ‘diverge_hcl’
    .shifts.plot: no visible global function definition for ‘diverge_hcl’
    gbcontain: no visible global function definition for ‘ncbit’
    gbresolve.default: no visible global function definition for ‘ncbit’
Flavors: r-devel-linux-x86_64-fedora-clang, r-devel-linux-x86_64-fedora-gcc

Version: 2.0.3
Flags: --no-build-vignettes
Check: foreign function calls
Result: NOTE
    Call with DUP = FALSE:
     .C("r_mkn_core", k = as.integer(k), n = length(order.C) - 1L,
     order = order.C, children = children.C, pij = pij, init = branch.init,
     base = branch.base, lq = lq, NAOK = TRUE, DUP = FALSE, PACKAGE = "geiger")
    DUP = FALSE is deprecated and may be disabled in future versions of R.
Flavor: r-devel-osx-x86_64-clang

Version: 2.0.3
Flags: --no-build-vignettes
Check: R code for possible problems
Result: NOTE
    .branchcol.plot: no visible global function definition for
     ‘diverge_hcl’
    .get.parallel: no visible global function definition for ‘detectCores’
    .get.parallel : fx: no visible global function definition for
     ‘mclapply’
    .jumps.plot: no visible global function definition for ‘diverge_hcl’
    .shifts.plot: no visible global function definition for ‘diverge_hcl’
    gbcontain: no visible global function definition for ‘ncbit’
    gbresolve.default: no visible global function definition for ‘ncbit’
Flavor: r-devel-osx-x86_64-clang