CRAN Package Check Results for Package geiger

Last updated on 2017-03-24 06:48:12.

Flavor Version Tinstall Tcheck Ttotal Status Flags
r-devel-linux-x86_64-debian-clang 2.0.6 22.66 58.12 80.78 NOTE
r-devel-linux-x86_64-debian-gcc 2.0.6 22.95 56.91 79.86 NOTE
r-devel-linux-x86_64-fedora-clang 2.0.6 152.76 NOTE --no-stop-on-test-error
r-devel-linux-x86_64-fedora-gcc 2.0.6 151.50 NOTE --no-stop-on-test-error
r-devel-macos-x86_64-clang 2.0.6 113.53 NOTE --no-stop-on-test-error
r-devel-windows-ix86+x86_64 2.0.6 64.00 115.00 179.00 OK
r-patched-linux-x86_64 2.0.6 22.00 54.14 76.14 OK
r-patched-solaris-sparc 2.0.6 901.10 OK --no-vignettes
r-patched-solaris-x86 2.0.6 168.40 OK
r-release-linux-x86_64 2.0.6 21.03 53.90 74.93 OK
r-release-osx-x86_64-mavericks 2.0.6 OK
r-release-windows-ix86+x86_64 2.0.6 79.00 103.00 182.00 OK
r-oldrel-windows-ix86+x86_64 2.0.6 70.00 119.00 189.00 OK

Check Details

Version: 2.0.6
Check: compiled code
Result: NOTE
    File ‘geiger/libs/geiger.so’:
     Found no calls to: ‘R_registerRoutines’, ‘R_useDynamicSymbols’
    
    It is good practice to register native routines and to disable symbol
    search.
    
    See ‘Writing portable packages’ in the ‘Writing R Extensions’ manual.
Flavors: r-devel-linux-x86_64-debian-clang, r-devel-linux-x86_64-debian-gcc

Version: 2.0.6
Flags: --no-stop-on-test-error
Check: compiled code
Result: NOTE
    File ‘geiger/libs/geiger.so’:
     Found no calls to: ‘R_registerRoutines’, ‘R_useDynamicSymbols’
    
    It is good practice to register native routines and to disable symbol
    search.
    
    See ‘Writing portable packages’ in the ‘Writing R Extensions’ manual.
Flavors: r-devel-linux-x86_64-fedora-clang, r-devel-linux-x86_64-fedora-gcc, r-devel-macos-x86_64-clang