CRAN Package Check Results for Package geiger

Last updated on 2016-06-28 00:46:59.

Flavor Version Tinstall Tcheck Ttotal Status Flags
r-devel-linux-x86_64-debian-gcc 2.0.6 23.06 53.06 76.13 OK
r-devel-linux-x86_64-fedora-clang 2.0.6 137.33 OK
r-devel-linux-x86_64-fedora-gcc 2.0.6 133.20 OK
r-devel-osx-x86_64-clang 2.0.6 111.87 OK
r-devel-windows-ix86+x86_64 2.0.6 75.00 87.00 162.00 OK
r-patched-linux-x86_64 2.0.6 21.23 53.72 74.95 OK --no-vignettes
r-patched-solaris-sparc 2.0.6 820.60 NOTE --no-vignettes
r-patched-solaris-x86 2.0.6 153.20 NOTE
r-release-linux-x86_64 2.0.6 19.81 53.88 73.68 OK --no-vignettes
r-release-osx-x86_64-mavericks 2.0.6 OK
r-release-windows-ix86+x86_64 2.0.6 76.00 103.00 179.00 OK
r-oldrel-windows-ix86+x86_64 2.0.6 76.00 92.00 168.00 OK

Check Details

Version: 2.0.6
Flags: --no-vignettes
Check: installed package size
Result: NOTE
     installed size is 6.2Mb
     sub-directories of 1Mb or more:
     libs 5.0Mb
Flavor: r-patched-solaris-sparc

Version: 2.0.6
Check: installed package size
Result: NOTE
     installed size is 5.6Mb
     sub-directories of 1Mb or more:
     libs 4.4Mb
Flavor: r-patched-solaris-x86