CRAN Package Check Results for Package gemlog

Last updated on 2024-03-03 06:09:23 CET.

Flavor Version Tinstall Tcheck Ttotal Status Flags
r-devel-linux-x86_64-debian-clang 0.41 4.66 41.10 45.76 NOTE
r-devel-linux-x86_64-debian-gcc 0.41 4.59 31.04 35.63 NOTE
r-devel-linux-x86_64-fedora-clang 0.41 57.04 NOTE
r-devel-linux-x86_64-fedora-gcc 0.41 56.52 NOTE
r-devel-windows-x86_64 0.41 6.00 55.00 61.00 NOTE
r-patched-linux-x86_64 0.41 5.05 38.01 43.06 OK
r-release-linux-x86_64 0.41 4.86 38.00 42.86 OK
r-release-macos-arm64 0.41 21.00 OK
r-release-macos-x86_64 0.41 29.00 OK
r-release-windows-x86_64 0.41 6.00 55.00 61.00 OK
r-oldrel-macos-arm64 0.41 22.00 OK
r-oldrel-windows-x86_64 0.41 7.00 58.00 65.00 OK

Check Details

Version: 0.41
Check: Rd files
Result: NOTE checkRd: (-1) ReadGem.Rd:55: Lost braces in \itemize; \value handles \item{}{} directly checkRd: (-1) ReadGem.Rd:56: Lost braces in \itemize; \value handles \item{}{} directly checkRd: (-1) ReadGem.Rd:57: Lost braces in \itemize; \value handles \item{}{} directly checkRd: (-1) ReadGem.Rd:58: Lost braces in \itemize; \value handles \item{}{} directly checkRd: (-1) ReadGem.Rd:61: Lost braces in \itemize; \value handles \item{}{} directly checkRd: (-1) ReadGem.Rd:62: Lost braces in \itemize; \value handles \item{}{} directly checkRd: (-1) ReadGem.Rd:63: Lost braces in \itemize; \value handles \item{}{} directly checkRd: (-1) ReadGem.Rd:64: Lost braces in \itemize; \value handles \item{}{} directly checkRd: (-1) ReadGem.Rd:65: Lost braces in \itemize; \value handles \item{}{} directly checkRd: (-1) ReadGem.Rd:66: Lost braces in \itemize; \value handles \item{}{} directly checkRd: (-1) ReadGem.Rd:67: Lost braces in \itemize; \value handles \item{}{} directly checkRd: (-1) ReadGem.Rd:68: Lost braces in \itemize; \value handles \item{}{} directly checkRd: (-1) ReadGem.Rd:69: Lost braces in \itemize; \value handles \item{}{} directly checkRd: (-1) ReadGem.Rd:70: Lost braces in \itemize; \value handles \item{}{} directly checkRd: (-1) ReadGem.Rd:73: Lost braces in \itemize; \value handles \item{}{} directly checkRd: (-1) ReadGem.Rd:74: Lost braces in \itemize; \value handles \item{}{} directly checkRd: (-1) ReadGem.Rd:75: Lost braces in \itemize; \value handles \item{}{} directly checkRd: (-1) ReadGem.Rd:76: Lost braces in \itemize; \value handles \item{}{} directly checkRd: (-1) ReadGem.Rd:77: Lost braces in \itemize; \value handles \item{}{} directly checkRd: (-1) ReadGem.Rd:78: Lost braces in \itemize; \value handles \item{}{} directly checkRd: (-1) ReadGem.Rd:79-80: Lost braces in \itemize; \value handles \item{}{} directly checkRd: (-1) ReadGem.Rd:81-82: Lost braces in \itemize; \value handles \item{}{} directly Flavors: r-devel-linux-x86_64-debian-clang, r-devel-linux-x86_64-debian-gcc, r-devel-linux-x86_64-fedora-clang, r-devel-linux-x86_64-fedora-gcc

Version: 0.41
Check: Rd contents
Result: NOTE Auto-generated content requiring editing in Rd file 'gemlog-package.Rd': \details: ‘...the package, including the most important ~~ ~~ functions ~~’ Flavors: r-devel-linux-x86_64-debian-clang, r-devel-linux-x86_64-debian-gcc, r-devel-linux-x86_64-fedora-clang, r-devel-linux-x86_64-fedora-gcc, r-devel-windows-x86_64