CRAN Package Check Results for Package gems

Last updated on 2018-01-18 13:51:01 CET.

Flavor Version Tinstall Tcheck Ttotal Status Flags
r-devel-linux-x86_64-debian-clang 1.1.1 1.70 41.58 43.28 OK
r-devel-linux-x86_64-debian-gcc 1.1.1 1.39 36.09 37.48 OK
r-devel-linux-x86_64-fedora-clang 1.1.1 59.18 OK
r-devel-linux-x86_64-fedora-gcc 1.1.1 57.09 OK
r-devel-windows-ix86+x86_64 1.1.1 6.00 58.00 64.00 OK
r-patched-linux-x86_64 1.1.1 1.96 46.26 48.22 OK
r-patched-solaris-x86 1.1.1 82.50 OK
r-release-linux-x86_64 1.1.1 1.58 45.97 47.55 OK
r-release-windows-ix86+x86_64 1.1.1 4.00 64.00 68.00 OK
r-release-osx-x86_64 1.1.1 WARN
r-oldrel-windows-ix86+x86_64 1.1.1 5.00 57.00 62.00 OK
r-oldrel-osx-x86_64 1.1.1 OK

Check Details

Version: 1.1.1
Check: re-building of vignette outputs
Result: WARN
    Error in re-building vignettes:
     ...
    Error in texi2dvi(file = file, pdf = TRUE, clean = clean, quiet = quiet, :
     Running 'texi2dvi' on 'gems.tex' failed.
    LaTeX errors:
    ! LaTeX Error: File `pict2e.sty' not found.
    
    Type X to quit or <RETURN> to proceed,
    or enter new name. (Default extension: sty)
    
    ! Emergency stop.
    <read *>
    
    l.81 \usepackage
     {tikz}^^M
    ! ==> Fatal error occurred, no output PDF file produced!
    Calls: buildVignettes -> texi2pdf -> texi2dvi
    Execution halted
Flavor: r-release-osx-x86_64