CRAN Package Check Results for Package gems

Last updated on 2017-04-29 23:50:22.

Flavor Version Tinstall Tcheck Ttotal Status Flags
r-devel-linux-x86_64-debian-clang 1.1.1 1.50 29.64 31.14 OK
r-devel-linux-x86_64-debian-gcc 1.1.1 1.35 28.75 30.10 OK
r-devel-linux-x86_64-fedora-clang 1.1.1 57.69 OK --no-stop-on-test-error
r-devel-linux-x86_64-fedora-gcc 1.1.1 56.65 OK --no-stop-on-test-error
r-devel-windows-ix86+x86_64 1.1.1 7.00 84.00 91.00 OK
r-patched-linux-x86_64 1.1.1 1.34 28.54 29.88 OK
r-patched-solaris-sparc 1.1.1 326.20 OK
r-patched-solaris-x86 1.1.1 72.20 OK
r-release-linux-x86_64 1.1.1 1.28 28.20 29.48 OK
r-release-windows-ix86+x86_64 1.1.1 5.00 81.00 86.00 OK
r-release-osx-x86_64 1.1.1 WARN
r-oldrel-windows-ix86+x86_64 1.1.1 6.00 80.00 86.00 OK
r-oldrel-osx-x86_64 1.1.1 OK

Check Details

Version: 1.1.1
Check: re-building of vignette outputs
Result: WARN
    Error in re-building vignettes:
     ...
    Error in texi2dvi(file = file, pdf = TRUE, clean = clean, quiet = quiet, :
     Running 'texi2dvi' on 'gems.tex' failed.
    LaTeX errors:
    ! LaTeX Error: File `pict2e.sty' not found.
    
    Type X to quit or <RETURN> to proceed,
    or enter new name. (Default extension: sty)
    
    ! Emergency stop.
    <read *>
    
    l.81 \usepackage
     {tikz}^^M
    ! ==> Fatal error occurred, no output PDF file produced!
    Calls: buildVignettes -> texi2pdf -> texi2dvi
    Execution halted
Flavor: r-release-osx-x86_64