CRAN Package Check Results for Package gems

Last updated on 2017-06-26 21:49:28.

Flavor Version Tinstall Tcheck Ttotal Status Flags
r-devel-linux-x86_64-debian-clang 1.1.1 1.27 30.52 31.79 OK
r-devel-linux-x86_64-debian-gcc 1.1.1 1.28 28.19 29.47 OK
r-devel-linux-x86_64-fedora-clang 1.1.1 60.00 OK
r-devel-linux-x86_64-fedora-gcc 1.1.1 56.02 OK
r-devel-windows-ix86+x86_64 1.1.1 6.00 73.00 79.00 OK
r-patched-linux-x86_64 1.1.1 1.35 28.52 29.87 OK
r-patched-solaris-sparc 1.1.1 326.20 OK
r-patched-solaris-x86 1.1.1 71.30 OK
r-release-linux-x86_64 1.1.1 1.29 29.21 30.50 OK
r-release-windows-ix86+x86_64 1.1.1 5.00 83.00 88.00 OK
r-release-osx-x86_64 1.1.1 WARN
r-oldrel-windows-ix86+x86_64 1.1.1 6.00 89.00 95.00 OK
r-oldrel-osx-x86_64 1.1.1 OK

Check Details

Version: 1.1.1
Check: re-building of vignette outputs
Result: WARN
    Error in re-building vignettes:
     ...
    Error in texi2dvi(file = file, pdf = TRUE, clean = clean, quiet = quiet, :
     Running 'texi2dvi' on 'gems.tex' failed.
    LaTeX errors:
    ! LaTeX Error: File `pict2e.sty' not found.
    
    Type X to quit or <RETURN> to proceed,
    or enter new name. (Default extension: sty)
    
    ! Emergency stop.
    <read *>
    
    l.81 \usepackage
     {tikz}^^M
    ! ==> Fatal error occurred, no output PDF file produced!
    Calls: buildVignettes -> texi2pdf -> texi2dvi
    Execution halted
Flavor: r-release-osx-x86_64