CRAN Package Check Results for Package gems

Last updated on 2017-01-18 12:54:37.

Flavor Version Tinstall Tcheck Ttotal Status Flags
r-devel-linux-x86_64-debian-clang 1.1.0 1.54 28.18 29.72 OK
r-devel-linux-x86_64-debian-gcc 1.1.0 1.30 28.07 29.37 OK
r-devel-linux-x86_64-fedora-clang 1.1.0 57.18 OK --no-stop-on-test-error
r-devel-linux-x86_64-fedora-gcc 1.1.0 54.74 OK --no-stop-on-test-error
r-devel-macos-x86_64-clang 1.1.0 46.21 OK --no-stop-on-test-error
r-devel-windows-ix86+x86_64 1.1.0 6.00 62.00 68.00 OK
r-patched-linux-x86_64 1.1.0 1.19 26.26 27.45 OK
r-patched-solaris-sparc 1.1.0 301.90 OK
r-patched-solaris-x86 1.1.0 63.30 OK
r-release-linux-x86_64 1.1.0 1.16 26.10 27.26 OK
r-release-osx-x86_64-mavericks 1.1.0 NOTE
r-release-windows-ix86+x86_64 1.1.0 3.00 57.00 60.00 OK
r-oldrel-windows-ix86+x86_64 1.1.0 4.00 57.00 61.00 OK

Check Details

Version: 1.1.0
Check: R code for possible problems
Result: NOTE
    
    This data.table install has not detected OpenMP support. It will work but slower in single threaded mode.
Flavor: r-release-osx-x86_64-mavericks