CRAN Package Check Results for Package gems

Last updated on 2017-03-27 13:55:32.

Flavor Version Tinstall Tcheck Ttotal Status Flags
r-devel-linux-x86_64-debian-clang 1.1.0 1.27 28.88 30.15 OK
r-devel-linux-x86_64-debian-gcc 1.1.0 1.22 29.28 30.51 OK
r-devel-linux-x86_64-fedora-clang 1.1.1 37.41 OK --no-stop-on-test-error
r-devel-linux-x86_64-fedora-gcc 1.1.1 36.49 OK --no-stop-on-test-error
r-devel-macos-x86_64-clang 1.1.1 45.85 OK --no-stop-on-test-error
r-devel-windows-ix86+x86_64 1.1.0 4.00 59.00 63.00 OK
r-patched-linux-x86_64 1.1.0 1.30 28.99 30.29 OK
r-patched-solaris-sparc 1.1.1 326.20 OK
r-patched-solaris-x86 1.1.1 65.40 OK
r-release-linux-x86_64 1.1.1 1.18 26.81 27.99 OK
r-release-osx-x86_64-mavericks 1.1.0 NOTE
r-release-windows-ix86+x86_64 1.1.1 5.00 72.00 77.00 OK
r-oldrel-windows-ix86+x86_64 1.1.0 4.00 53.00 57.00 OK

Check Details

Version: 1.1.0
Check: R code for possible problems
Result: NOTE
    
    This data.table install has not detected OpenMP support. It will work but slower in single threaded mode.
Flavor: r-release-osx-x86_64-mavericks