CRAN Package Check Results for Package gems

Last updated on 2016-09-27 10:47:32.

Flavor Version Tinstall Tcheck Ttotal Status Flags
r-devel-linux-x86_64-debian-clang 1.0.0 1.05 26.84 27.90 NOTE
r-devel-linux-x86_64-debian-gcc 1.0.0 1.23 26.64 27.88 NOTE
r-devel-linux-x86_64-fedora-clang 1.0.0 50.98 NOTE
r-devel-linux-x86_64-fedora-gcc 1.0.0 51.16 NOTE
r-devel-macos-x86_64-clang 1.0.0 41.23 NOTE
r-devel-windows-ix86+x86_64 1.0.0 6.00 87.00 93.00 NOTE
r-patched-linux-x86_64 1.0.0 1.25 26.54 27.79 NOTE
r-patched-solaris-sparc 1.0.0 302.30 NOTE
r-patched-solaris-x86 1.0.0 63.70 NOTE
r-release-linux-x86_64 1.0.0 1.41 27.29 28.70 NOTE
r-release-osx-x86_64-mavericks 1.0.0 NOTE
r-release-windows-ix86+x86_64 1.0.0 6.00 92.00 98.00 NOTE
r-oldrel-windows-ix86+x86_64 1.0.0 8.00 74.00 82.00 NOTE

Check Details

Version: 1.0.0
Check: R code for possible problems
Result: NOTE
    update,ArtCohort: warning in simulateCohort(transitionFunction =
     object@transitionFunctions, parameters = object@parameters,
     cohortSize = newsize - object@size, parameterCovariance =
     parameterCovariance0, timeToTransition = object@timeToTransition,
     baseline = addbaseline, initialState = newInitialStates, to = 5):
     partial argument match of ‘transitionFunction’ to
     ‘transitionFunctions’
    update,ArtCohort: warning in simulateCohort(transitionFunction =
     object@transitionFunctions, parameters = object@parameters,
     cohortSize = newsize - object@size, parameterCovariance =
     parameterCovariance0, timeToTransition = object@timeToTransition,
     baseline = addbaseline, initialState = newInitialStates, to = 5):
     partial argument match of ‘parameterCovariance’ to
     ‘parameterCovariances’
    plot,PosteriorProbabilities: no visible global function definition for
     ‘complete.cases’
    summary,ArtCohort: no visible global function definition for ‘getSlots’
    Undefined global functions or variables:
     complete.cases getSlots
    Consider adding
     importFrom("methods", "getSlots")
     importFrom("stats", "complete.cases")
    to your NAMESPACE file (and ensure that your DESCRIPTION Imports field
    contains 'methods').
Flavors: r-devel-linux-x86_64-debian-clang, r-devel-linux-x86_64-debian-gcc, r-devel-linux-x86_64-fedora-clang, r-devel-linux-x86_64-fedora-gcc, r-devel-macos-x86_64-clang, r-devel-windows-ix86+x86_64, r-patched-linux-x86_64, r-patched-solaris-sparc, r-patched-solaris-x86, r-release-linux-x86_64, r-release-osx-x86_64-mavericks, r-release-windows-ix86+x86_64

Version: 1.0.0
Check: R code for possible problems
Result: NOTE
    update,ArtCohort : .local: warning in simulateCohort(transitionFunction
     = object@transitionFunctions, parameters = object@parameters,
     cohortSize = newsize - object@size, parameterCovariance =
     parameterCovariance0, timeToTransition = object@timeToTransition,
     baseline = addbaseline, initialState = newInitialStates, to = 5):
     partial argument match of 'transitionFunction' to
     'transitionFunctions'
    update,ArtCohort : .local: warning in simulateCohort(transitionFunction
     = object@transitionFunctions, parameters = object@parameters,
     cohortSize = newsize - object@size, parameterCovariance =
     parameterCovariance0, timeToTransition = object@timeToTransition,
     baseline = addbaseline, initialState = newInitialStates, to = 5):
     partial argument match of 'parameterCovariance' to
     'parameterCovariances'
Flavor: r-oldrel-windows-ix86+x86_64