CRAN Package Check Results for Package gems

Last updated on 2017-08-21 05:48:01.

Flavor Version Tinstall Tcheck Ttotal Status Flags
r-devel-linux-x86_64-debian-clang 1.1.1 1.26 29.49 30.75 OK
r-devel-linux-x86_64-debian-gcc 1.1.1 1.24 28.60 29.84 OK
r-devel-linux-x86_64-fedora-clang 1.1.1 56.30 OK
r-devel-linux-x86_64-fedora-gcc 1.1.1 56.28 OK
r-devel-windows-ix86+x86_64 1.1.1 4.00 62.00 66.00 OK
r-patched-linux-x86_64 1.1.1 1.42 28.92 30.33 OK
r-patched-solaris-x86 1.1.1 72.80 OK
r-release-linux-x86_64 1.1.1 1.36 28.92 30.28 OK
r-release-windows-ix86+x86_64 1.1.1 7.00 62.00 69.00 OK
r-release-osx-x86_64 1.1.1 WARN
r-oldrel-windows-ix86+x86_64 1.1.1 5.00 53.00 58.00 OK
r-oldrel-osx-x86_64 1.1.1 OK

Check Details

Version: 1.1.1
Check: re-building of vignette outputs
Result: WARN
    Error in re-building vignettes:
     ...
    Error in texi2dvi(file = file, pdf = TRUE, clean = clean, quiet = quiet, :
     Running 'texi2dvi' on 'gems.tex' failed.
    LaTeX errors:
    ! LaTeX Error: File `pict2e.sty' not found.
    
    Type X to quit or <RETURN> to proceed,
    or enter new name. (Default extension: sty)
    
    ! Emergency stop.
    <read *>
    
    l.81 \usepackage
     {tikz}^^M
    ! ==> Fatal error occurred, no output PDF file produced!
    Calls: buildVignettes -> texi2pdf -> texi2dvi
    Execution halted
Flavor: r-release-osx-x86_64