CRAN Package Check Results for Package gems

Last updated on 2016-12-05 16:47:18.

Flavor Version Tinstall Tcheck Ttotal Status Flags
r-devel-linux-x86_64-debian-clang 1.1.0 1.40 28.52 29.92 OK
r-devel-linux-x86_64-debian-gcc 1.1.0 1.39 28.47 29.86 OK
r-devel-linux-x86_64-fedora-clang 1.1.0 59.62 OK --no-stop-on-test-error
r-devel-linux-x86_64-fedora-gcc 1.1.0 58.32 OK --no-stop-on-test-error
r-devel-macos-x86_64-clang 1.1.0 46.98 OK --no-stop-on-test-error
r-devel-windows-ix86+x86_64 1.1.0 5.00 62.00 67.00 OK
r-patched-linux-x86_64 1.1.0 1.34 26.29 27.63 OK
r-patched-solaris-sparc 1.1.0 287.30 OK
r-patched-solaris-x86 1.1.0 62.50 OK
r-release-linux-x86_64 1.1.0 1.32 26.49 27.81 OK
r-release-osx-x86_64-mavericks 1.1.0 NOTE
r-release-windows-ix86+x86_64 1.1.0 5.00 60.00 65.00 OK
r-oldrel-windows-ix86+x86_64 1.1.0 6.00 79.00 85.00 OK

Check Details

Version: 1.1.0
Check: R code for possible problems
Result: NOTE
    
    This data.table install has not detected OpenMP support. It will work but slower in single threaded mode.
Flavor: r-release-osx-x86_64-mavericks