CRAN Package Check Results for Package gems

Last updated on 2017-02-22 07:48:15.

Flavor Version Tinstall Tcheck Ttotal Status Flags
r-devel-linux-x86_64-debian-clang 1.1.0 1.42 28.79 30.21 OK
r-devel-linux-x86_64-debian-gcc 1.1.0 1.38 28.58 29.96 OK
r-devel-linux-x86_64-fedora-clang 1.1.0 56.43 OK --no-stop-on-test-error
r-devel-linux-x86_64-fedora-gcc 1.1.0 56.85 OK --no-stop-on-test-error
r-devel-macos-x86_64-clang 1.1.0 47.09 OK --no-stop-on-test-error
r-devel-windows-ix86+x86_64 1.1.0 7.00 88.00 95.00 OK
r-patched-linux-x86_64 1.1.0 1.32 26.62 27.95 OK
r-patched-solaris-sparc 1.1.0 301.90 OK
r-patched-solaris-x86 1.1.0 66.20 OK
r-release-linux-x86_64 1.1.0 1.13 26.32 27.45 OK
r-release-osx-x86_64-mavericks 1.1.0 NOTE
r-release-windows-ix86+x86_64 1.1.0 11.00 73.00 84.00 OK
r-oldrel-windows-ix86+x86_64 1.1.0 6.00 78.00 84.00 OK

Check Details

Version: 1.1.0
Check: R code for possible problems
Result: NOTE
    
    This data.table install has not detected OpenMP support. It will work but slower in single threaded mode.
Flavor: r-release-osx-x86_64-mavericks