CRAN Package Check Results for Package gems

Last updated on 2018-05-22 01:46:36 CEST.

Flavor Version Tinstall Tcheck Ttotal Status Flags
r-devel-linux-x86_64-debian-clang 1.1.1 2.47 42.02 44.49 OK
r-devel-linux-x86_64-debian-gcc 1.1.1 2.94 37.94 40.88 OK
r-devel-linux-x86_64-fedora-clang 1.1.1 64.63 OK
r-devel-linux-x86_64-fedora-gcc 1.1.1 61.52 OK
r-devel-windows-ix86+x86_64 1.1.1 6.00 65.00 71.00 OK
r-patched-linux-x86_64 1.1.1 3.50 45.71 49.21 OK
r-patched-solaris-x86 1.1.1 84.60 OK
r-release-linux-x86_64 1.1.1 3.58 44.99 48.57 OK
r-release-windows-ix86+x86_64 1.1.1 9.00 82.00 91.00 OK
r-release-osx-x86_64 1.1.1 OK
r-oldrel-windows-ix86+x86_64 1.1.1 8.00 80.00 88.00 OK
r-oldrel-osx-x86_64 1.1.1 WARN

Check Details

Version: 1.1.1
Check: re-building of vignette outputs
Result: WARN
    Error in re-building vignettes:
     ...
    Error in texi2dvi(file = file, pdf = TRUE, clean = clean, quiet = quiet, :
     Running 'texi2dvi' on 'gems.tex' failed.
    LaTeX errors:
    ! LaTeX Error: File `pict2e.sty' not found.
    
    Type X to quit or <RETURN> to proceed,
    or enter new name. (Default extension: sty)
    
    ! Emergency stop.
    <read *>
    
    l.81 \usepackage
     {tikz}^^M
    ! ==> Fatal error occurred, no output PDF file produced!
    Calls: buildVignettes -> texi2pdf -> texi2dvi
    Execution halted
Flavor: r-oldrel-osx-x86_64