CRAN Package Check Results for Package gems

Last updated on 2016-04-29 15:46:51.

Flavor Version Tinstall Tcheck Ttotal Status Flags
r-devel-linux-x86_64-debian-gcc 1.0.0 1.19 27.14 28.33 NOTE
r-devel-linux-x86_64-fedora-clang 1.0.0 51.58 NOTE
r-devel-linux-x86_64-fedora-gcc 1.0.0 48.95 NOTE
r-devel-osx-x86_64-clang 1.0.0 57.31 NOTE
r-devel-windows-ix86+x86_64 1.0.0 4.00 61.00 65.00 NOTE
r-patched-linux-x86_64 1.0.0 1.18 26.73 27.91 NOTE
r-patched-solaris-sparc 1.0.0 300.60 NOTE
r-patched-solaris-x86 1.0.0 65.70 NOTE
r-release-linux-x86_64 1.0.0 3.38 28.89 32.27 NOTE
r-release-osx-x86_64-mavericks 1.0.0 OK
r-release-windows-ix86+x86_64 1.0.0 3.00 56.00 59.00 NOTE
r-oldrel-windows-ix86+x86_64 1.0.0 8.00 82.00 90.00 NOTE

Check Details

Version: 1.0.0
Check: R code for possible problems
Result: NOTE
    update,ArtCohort: warning in simulateCohort(transitionFunction =
     object@transitionFunctions, parameters = object@parameters,
     cohortSize = newsize - object@size, parameterCovariance =
     parameterCovariance0, timeToTransition = object@timeToTransition,
     baseline = addbaseline, initialState = newInitialStates, to = 5):
     partial argument match of ‘transitionFunction’ to
     ‘transitionFunctions’
    update,ArtCohort: warning in simulateCohort(transitionFunction =
     object@transitionFunctions, parameters = object@parameters,
     cohortSize = newsize - object@size, parameterCovariance =
     parameterCovariance0, timeToTransition = object@timeToTransition,
     baseline = addbaseline, initialState = newInitialStates, to = 5):
     partial argument match of ‘parameterCovariance’ to
     ‘parameterCovariances’
    plot,PosteriorProbabilities: no visible global function definition for
     ‘complete.cases’
    summary,ArtCohort: no visible global function definition for ‘getSlots’
    Undefined global functions or variables:
     complete.cases getSlots
    Consider adding
     importFrom("methods", "getSlots")
     importFrom("stats", "complete.cases")
    to your NAMESPACE file (and ensure that your DESCRIPTION Imports field
    contains 'methods').
Flavors: r-devel-linux-x86_64-debian-gcc, r-devel-linux-x86_64-fedora-clang, r-devel-linux-x86_64-fedora-gcc, r-devel-osx-x86_64-clang, r-devel-windows-ix86+x86_64, r-patched-linux-x86_64, r-patched-solaris-sparc, r-patched-solaris-x86

Version: 1.0.0
Check: R code for possible problems
Result: NOTE
    update,ArtCohort : .local: warning in simulateCohort(transitionFunction
     = object@transitionFunctions, parameters = object@parameters,
     cohortSize = newsize - object@size, parameterCovariance =
     parameterCovariance0, timeToTransition = object@timeToTransition,
     baseline = addbaseline, initialState = newInitialStates, to = 5):
     partial argument match of ‘transitionFunction’ to
     ‘transitionFunctions’
    update,ArtCohort : .local: warning in simulateCohort(transitionFunction
     = object@transitionFunctions, parameters = object@parameters,
     cohortSize = newsize - object@size, parameterCovariance =
     parameterCovariance0, timeToTransition = object@timeToTransition,
     baseline = addbaseline, initialState = newInitialStates, to = 5):
     partial argument match of ‘parameterCovariance’ to
     ‘parameterCovariances’
Flavors: r-release-linux-x86_64, r-release-windows-ix86+x86_64, r-oldrel-windows-ix86+x86_64