CRAN Package Check Results for Package gems

Last updated on 2015-08-02 03:48:10.

Flavor Version Tinstall Tcheck Ttotal Status Flags
r-devel-linux-x86_64-debian-clang 1.0.0 1.23 28.27 29.50 NOTE
r-devel-linux-x86_64-debian-gcc 1.0.0 1.21 27.24 28.44 NOTE
r-devel-linux-x86_64-fedora-clang 1.0.0 57.72 NOTE
r-devel-linux-x86_64-fedora-gcc 1.0.0 53.05 NOTE
r-devel-osx-x86_64-clang 1.0.0 51.36 NOTE
r-devel-windows-ix86+x86_64 1.0.0 4.00 49.00 53.00 NOTE
r-patched-linux-x86_64 1.0.0 1.24 28.62 29.86 NOTE
r-patched-solaris-sparc 1.0.0 352.70 NOTE
r-patched-solaris-x86 1.0.0 75.20 NOTE
r-release-linux-x86_64 1.0.0 1.24 27.02 28.26 NOTE
r-release-osx-x86_64-mavericks 1.0.0 OK
r-release-windows-ix86+x86_64 1.0.0 6.00 48.00 54.00 NOTE
r-oldrel-windows-ix86+x86_64 1.0.0 11.00 63.00 74.00 NOTE

Check Details

Version: 1.0.0
Check: R code for possible problems
Result: NOTE
    update,ArtCohort: warning in simulateCohort(transitionFunction =
     object@transitionFunctions, parameters = object@parameters,
     cohortSize = newsize - object@size, parameterCovariance =
     parameterCovariance0, timeToTransition = object@timeToTransition,
     baseline = addbaseline, initialState = newInitialStates, to = 5):
     partial argument match of ‘transitionFunction’ to
     ‘transitionFunctions’
    update,ArtCohort: warning in simulateCohort(transitionFunction =
     object@transitionFunctions, parameters = object@parameters,
     cohortSize = newsize - object@size, parameterCovariance =
     parameterCovariance0, timeToTransition = object@timeToTransition,
     baseline = addbaseline, initialState = newInitialStates, to = 5):
     partial argument match of ‘parameterCovariance’ to
     ‘parameterCovariances’
    plot,PosteriorProbabilities: no visible global function definition for
     ‘complete.cases’
    summary,ArtCohort: no visible global function definition for ‘getSlots’
    Undefined global functions or variables:
     complete.cases getSlots
    Consider adding
     importFrom("methods", "getSlots")
     importFrom("stats", "complete.cases")
    to your NAMESPACE.
Flavors: r-devel-linux-x86_64-debian-clang, r-devel-linux-x86_64-debian-gcc, r-devel-linux-x86_64-fedora-clang, r-devel-linux-x86_64-fedora-gcc, r-devel-windows-ix86+x86_64

Version: 1.0.0
Check: R code for possible problems
Result: NOTE
    update,ArtCohort: warning in simulateCohort(transitionFunction =
     object@transitionFunctions, parameters = object@parameters,
     cohortSize = newsize - object@size, parameterCovariance =
     parameterCovariance0, timeToTransition = object@timeToTransition,
     baseline = addbaseline, initialState = newInitialStates, to = 5):
     partial argument match of 'transitionFunction' to
     'transitionFunctions'
    update,ArtCohort: warning in simulateCohort(transitionFunction =
     object@transitionFunctions, parameters = object@parameters,
     cohortSize = newsize - object@size, parameterCovariance =
     parameterCovariance0, timeToTransition = object@timeToTransition,
     baseline = addbaseline, initialState = newInitialStates, to = 5):
     partial argument match of 'parameterCovariance' to
     'parameterCovariances'
Flavor: r-devel-osx-x86_64-clang

Version: 1.0.0
Check: R code for possible problems
Result: NOTE
    update,ArtCohort : .local: warning in simulateCohort(transitionFunction
     = object@transitionFunctions, parameters = object@parameters,
     cohortSize = newsize - object@size, parameterCovariance =
     parameterCovariance0, timeToTransition = object@timeToTransition,
     baseline = addbaseline, initialState = newInitialStates, to = 5):
     partial argument match of ‘transitionFunction’ to
     ‘transitionFunctions’
    update,ArtCohort : .local: warning in simulateCohort(transitionFunction
     = object@transitionFunctions, parameters = object@parameters,
     cohortSize = newsize - object@size, parameterCovariance =
     parameterCovariance0, timeToTransition = object@timeToTransition,
     baseline = addbaseline, initialState = newInitialStates, to = 5):
     partial argument match of ‘parameterCovariance’ to
     ‘parameterCovariances’
Flavors: r-patched-linux-x86_64, r-patched-solaris-sparc, r-patched-solaris-x86, r-release-linux-x86_64, r-release-windows-ix86+x86_64, r-oldrel-windows-ix86+x86_64