CRAN Package Check Results for Package gemtc

Last updated on 2018-04-25 23:54:29 CEST.

Flavor Version Tinstall Tcheck Ttotal Status Flags
r-devel-linux-x86_64-debian-clang 0.8-2 6.09 80.21 86.30 NOTE
r-devel-linux-x86_64-debian-gcc 0.8-2 6.22 68.84 75.06 NOTE
r-devel-linux-x86_64-fedora-clang 0.8-2 116.90 NOTE
r-devel-linux-x86_64-fedora-gcc 0.8-2 113.46 NOTE
r-devel-windows-ix86+x86_64 0.8-2 16.00 151.00 167.00 OK
r-patched-linux-x86_64 0.8-2 7.31 92.56 99.87 NOTE
r-patched-solaris-x86 0.8-2 157.50 OK
r-release-linux-x86_64 0.8-2 8.10 90.23 98.33 NOTE
r-release-windows-ix86+x86_64 0.8-2 16.00 151.00 167.00 OK
r-release-osx-x86_64 0.8-2 ERROR
r-oldrel-windows-ix86+x86_64 0.8-2 8.00 227.00 235.00 OK
r-oldrel-osx-x86_64 0.8-2 ERROR

Check Details

Version: 0.8-2
Check: compiled code
Result: NOTE
    File ‘gemtc/libs/gemtc.so’:
     Found no calls to: ‘R_registerRoutines’, ‘R_useDynamicSymbols’
    
    It is good practice to register native routines and to disable symbol
    search.
    
    See ‘Writing portable packages’ in the ‘Writing R Extensions’ manual.
Flavors: r-devel-linux-x86_64-debian-clang, r-devel-linux-x86_64-debian-gcc, r-devel-linux-x86_64-fedora-clang, r-devel-linux-x86_64-fedora-gcc, r-patched-linux-x86_64, r-release-linux-x86_64

Version: 0.8-2
Check: package dependencies
Result: ERROR
    Package required but not available: ‘Rglpk’
    
    See section ‘The DESCRIPTION file’ in the ‘Writing R Extensions’
    manual.
Flavors: r-release-osx-x86_64, r-oldrel-osx-x86_64