CRAN Package Check Results for Package gemtc

Last updated on 2017-06-28 10:48:13.

Flavor Version Tinstall Tcheck Ttotal Status Flags
r-devel-linux-x86_64-debian-clang 0.8-2 2.04 68.45 70.49 NOTE
r-devel-linux-x86_64-debian-gcc 0.8-2 1.88 67.28 69.16 NOTE
r-devel-linux-x86_64-fedora-clang 0.8-2 133.68 NOTE
r-devel-linux-x86_64-fedora-gcc 0.8-2 125.78 NOTE
r-devel-windows-ix86+x86_64 0.8-2 12.00 165.00 177.00 OK
r-patched-linux-x86_64 0.8-2 2.02 68.89 70.91 NOTE
r-patched-solaris-sparc 0.8-2 776.80 OK
r-patched-solaris-x86 0.8-2 155.30 OK
r-release-linux-x86_64 0.8-2 1.99 66.30 68.29 NOTE
r-release-windows-ix86+x86_64 0.8-2 9.00 229.00 238.00 OK
r-release-osx-x86_64 0.8-2 ERROR
r-oldrel-windows-ix86+x86_64 0.8-2 11.00 189.00 200.00 OK
r-oldrel-osx-x86_64 0.8-2 OK

Check Details

Version: 0.8-2
Check: compiled code
Result: NOTE
    File ‘gemtc/libs/gemtc.so’:
     Found no calls to: ‘R_registerRoutines’, ‘R_useDynamicSymbols’
    
    It is good practice to register native routines and to disable symbol
    search.
    
    See ‘Writing portable packages’ in the ‘Writing R Extensions’ manual.
Flavors: r-devel-linux-x86_64-debian-clang, r-devel-linux-x86_64-debian-gcc, r-devel-linux-x86_64-fedora-clang, r-devel-linux-x86_64-fedora-gcc, r-patched-linux-x86_64, r-release-linux-x86_64

Version: 0.8-2
Check: package dependencies
Result: ERROR
    Package required but not available: ‘Rglpk’
    
    See section ‘The DESCRIPTION file’ in the ‘Writing R Extensions’
    manual.
Flavor: r-release-osx-x86_64