CRAN Package Check Results for Package gemtc

Last updated on 2017-12-11 11:54:48 CET.

Flavor Version Tinstall Tcheck Ttotal Status Flags
r-devel-linux-x86_64-debian-clang 0.8-2 2.44 92.45 94.89 NOTE
r-devel-linux-x86_64-debian-gcc 0.8-2 1.80 83.32 85.12 NOTE
r-devel-linux-x86_64-fedora-clang 0.8-2 116.44 NOTE
r-devel-linux-x86_64-fedora-gcc 0.8-2 116.22 NOTE
r-devel-windows-ix86+x86_64 0.8-2 14.00 160.00 174.00 OK
r-patched-linux-x86_64 0.8-2 2.85 109.82 112.67 NOTE
r-patched-solaris-x86 0.8-2 159.10 OK
r-release-linux-x86_64 0.8-2 2.72 110.45 113.17 NOTE
r-release-windows-ix86+x86_64 0.8-2 7.00 175.00 182.00 OK
r-release-osx-x86_64 0.8-2 ERROR
r-oldrel-windows-ix86+x86_64 0.8-2 9.00 135.00 144.00 OK
r-oldrel-osx-x86_64 0.8-2 OK

Check Details

Version: 0.8-2
Check: compiled code
Result: NOTE
    File ‘gemtc/libs/gemtc.so’:
     Found no calls to: ‘R_registerRoutines’, ‘R_useDynamicSymbols’
    
    It is good practice to register native routines and to disable symbol
    search.
    
    See ‘Writing portable packages’ in the ‘Writing R Extensions’ manual.
Flavors: r-devel-linux-x86_64-debian-clang, r-devel-linux-x86_64-debian-gcc, r-devel-linux-x86_64-fedora-clang, r-devel-linux-x86_64-fedora-gcc, r-patched-linux-x86_64, r-release-linux-x86_64

Version: 0.8-2
Check: package dependencies
Result: ERROR
    Package required but not available: ‘Rglpk’
    
    See section ‘The DESCRIPTION file’ in the ‘Writing R Extensions’
    manual.
Flavor: r-release-osx-x86_64