CRAN Package Check Results for Package gemtc

Last updated on 2017-08-18 00:49:57.

Flavor Version Tinstall Tcheck Ttotal Status Flags
r-devel-linux-x86_64-debian-clang 0.8-2 1.95 67.56 69.51 NOTE
r-devel-linux-x86_64-debian-gcc 0.8-2 2.08 64.49 66.58 NOTE
r-devel-linux-x86_64-fedora-clang 0.8-2 121.50 NOTE
r-devel-linux-x86_64-fedora-gcc 0.8-2 122.19 NOTE
r-devel-windows-ix86+x86_64 0.8-2 8.00 169.00 177.00 OK
r-patched-linux-x86_64 0.8-2 1.96 65.85 67.81 NOTE
r-patched-solaris-x86 0.8-2 152.40 OK
r-release-linux-x86_64 0.8-2 1.94 64.58 66.51 NOTE
r-release-windows-ix86+x86_64 0.8-2 8.00 152.00 160.00 OK
r-release-osx-x86_64 0.8-2 ERROR
r-oldrel-windows-ix86+x86_64 0.8-2 10.00 131.00 141.00 OK
r-oldrel-osx-x86_64 0.8-2 OK

Check Details

Version: 0.8-2
Check: compiled code
Result: NOTE
    File ‘gemtc/libs/gemtc.so’:
     Found no calls to: ‘R_registerRoutines’, ‘R_useDynamicSymbols’
    
    It is good practice to register native routines and to disable symbol
    search.
    
    See ‘Writing portable packages’ in the ‘Writing R Extensions’ manual.
Flavors: r-devel-linux-x86_64-debian-clang, r-devel-linux-x86_64-debian-gcc, r-devel-linux-x86_64-fedora-clang, r-devel-linux-x86_64-fedora-gcc, r-patched-linux-x86_64, r-release-linux-x86_64

Version: 0.8-2
Check: package dependencies
Result: ERROR
    Package required but not available: ‘Rglpk’
    
    See section ‘The DESCRIPTION file’ in the ‘Writing R Extensions’
    manual.
Flavor: r-release-osx-x86_64