CRAN Package Check Results for Package gemtc

Last updated on 2017-10-19 19:47:04.

Flavor Version Tinstall Tcheck Ttotal Status Flags
r-devel-linux-x86_64-debian-clang 0.8-2 2.17 65.36 67.53 NOTE
r-devel-linux-x86_64-debian-gcc 0.8-2 2.61 69.09 71.70 NOTE
r-devel-linux-x86_64-fedora-clang 0.8-2 126.85 NOTE
r-devel-linux-x86_64-fedora-gcc 0.8-2 131.64 NOTE
r-devel-windows-ix86+x86_64 0.8-2 7.00 154.00 161.00 OK
r-patched-linux-x86_64 0.8-2 2.11 64.21 66.32 NOTE
r-patched-solaris-x86 0.8-2 159.50 OK
r-release-linux-x86_64 0.8-2 2.10 67.70 69.80 NOTE
r-release-windows-ix86+x86_64 0.8-2 12.00 215.00 227.00 OK
r-release-osx-x86_64 0.8-2 ERROR
r-oldrel-windows-ix86+x86_64 0.8-2 9.00 136.00 145.00 OK
r-oldrel-osx-x86_64 0.8-2 OK

Check Details

Version: 0.8-2
Check: compiled code
Result: NOTE
    File ‘gemtc/libs/gemtc.so’:
     Found no calls to: ‘R_registerRoutines’, ‘R_useDynamicSymbols’
    
    It is good practice to register native routines and to disable symbol
    search.
    
    See ‘Writing portable packages’ in the ‘Writing R Extensions’ manual.
Flavors: r-devel-linux-x86_64-debian-clang, r-devel-linux-x86_64-debian-gcc, r-devel-linux-x86_64-fedora-clang, r-devel-linux-x86_64-fedora-gcc, r-patched-linux-x86_64, r-release-linux-x86_64

Version: 0.8-2
Check: package dependencies
Result: ERROR
    Package required but not available: ‘Rglpk’
    
    See section ‘The DESCRIPTION file’ in the ‘Writing R Extensions’
    manual.
Flavor: r-release-osx-x86_64