CRAN Package Check Results for Package gemtc

Last updated on 2015-07-04 22:46:36.

Flavor Version Tinstall Tcheck Ttotal Status Flags
r-devel-linux-x86_64-debian-clang 0.6-2 1.52 37.52 39.05 NOTE
r-devel-linux-x86_64-debian-gcc 0.6-2 1.47 37.44 38.91 NOTE
r-devel-linux-x86_64-fedora-clang 0.6-2 76.33 NOTE
r-devel-linux-x86_64-fedora-gcc 0.6-2 71.60 NOTE
r-devel-osx-x86_64-clang 0.6-2 66.05 NOTE
r-devel-windows-ix86+x86_64 0.6-2 14.00 84.00 98.00 NOTE
r-patched-linux-x86_64 0.6-2 1.50 38.43 39.93 OK
r-patched-solaris-sparc 0.6-2 447.80 NOTE
r-patched-solaris-x86 0.6-2 98.70 NOTE
r-release-linux-x86_64 0.6-2 1.50 37.65 39.15 OK
r-release-osx-x86_64-mavericks 0.6-2 NOTE
r-release-windows-ix86+x86_64 0.6-2 11.00 89.00 100.00 OK
r-oldrel-windows-ix86+x86_64 0.6-2 10.00 110.00 120.00 OK

Check Details

Version: 0.6-2
Check: R code for possible problems
Result: NOTE
    blobbogram: no visible global function definition for ‘dev.interactive’
    blobbogram: no visible global function definition for ‘devAskNewPage’
    blobbogram: no visible global function definition for ‘plot.new’
    blobbogram: no visible global function definition for ‘dev.hold’
    blobbogram: no visible global function definition for ‘dev.flush’
    decompose.trials : decompose.study: no visible global function
     definition for ‘capture.output’
    decompose.trials : <anonymous>: no visible binding for global variable
     ‘sd’
    mtc.init.baseline.effect: no visible global function definition for
     ‘rnorm’
    mtc.init.pooled.effect: no visible global function definition for
     ‘rnorm’
    mtc.init.relative.effect: no visible global function definition for
     ‘rnorm’
    plot.mtc.anohe: no visible global function definition for
     ‘dev.interactive’
    plot.mtc.anohe: no visible global function definition for ‘plot’
    plot.mtc.anohe: no visible global function definition for ‘par’
    plot.mtc.nodesplit: no visible global function definition for
     ‘dev.interactive’
    plot.mtc.nodesplit: no visible global function definition for ‘par’
    plot.mtc.nodesplit: no visible global function definition for ‘plot’
    plot.mtc.rank.probability: no visible global function definition for
     ‘barplot’
    plot.mtc.result: no visible global function definition for ‘plot’
    rank.probability: no visible global function definition for ‘end’
    rank.probability: no visible global function definition for ‘start’
    relative.effect : <anonymous>: no visible global function definition
     for ‘start’
    relative.effect : <anonymous>: no visible global function definition
     for ‘end’
    summary.mtc.anohe : <anonymous>: no visible global function definition
     for ‘quantile’
    summary.mtc.anohe : <anonymous>: no visible global function definition
     for ‘pnorm’
    summary.mtc.nodesplit : <anonymous>: no visible global function
     definition for ‘quantile’
    Undefined global functions or variables:
     barplot capture.output dev.flush dev.hold dev.interactive
     devAskNewPage end par plot plot.new pnorm quantile rnorm sd start
Flavors: r-devel-linux-x86_64-debian-clang, r-devel-linux-x86_64-debian-gcc, r-devel-linux-x86_64-fedora-clang, r-devel-linux-x86_64-fedora-gcc, r-devel-windows-ix86+x86_64

Version: 0.6-2
Check: package dependencies
Result: NOTE
    Package suggested but not available for checking: ‘BRugs’
Flavors: r-devel-osx-x86_64-clang, r-patched-solaris-sparc, r-patched-solaris-x86, r-release-osx-x86_64-mavericks