CRAN Package Check Results for Package gemtc

Last updated on 2015-03-05 16:46:56.

Flavor Version Tinstall Tcheck Ttotal Status Flags
r-devel-linux-x86_64-debian-clang 0.6-1 1.43 32.64 34.07 OK
r-devel-linux-x86_64-debian-gcc 0.6-1 1.20 31.81 33.01 OK
r-devel-linux-x86_64-fedora-clang 0.6-1 65.46 OK
r-devel-linux-x86_64-fedora-gcc 0.6-1 61.61 OK
r-devel-osx-x86_64-clang 0.6-1 61.56 NOTE
r-devel-windows-ix86+x86_64 0.6-1 7.00 72.00 79.00 OK
r-patched-linux-x86_64 0.6-1 1.58 37.11 38.69 OK
r-patched-solaris-sparc 0.6-1 482.30 NOTE
r-patched-solaris-x86 0.6-1 102.20 NOTE
r-release-linux-ix86 0.6-1 2.12 47.38 49.50 OK
r-release-linux-x86_64 0.6-1 1.61 37.46 39.07 OK
r-release-osx-x86_64-mavericks 0.6-1 NOTE
r-release-osx-x86_64-snowleopard 0.6-1 NOTE
r-release-windows-ix86+x86_64 0.6-1 7.00 89.00 96.00 OK
r-oldrel-windows-ix86+x86_64 0.6-1 7.00 85.00 92.00 OK

Check Details

Version: 0.6-1
Check: package dependencies
Result: NOTE
    Package suggested but not available for checking: ‘BRugs’
Flavors: r-devel-osx-x86_64-clang, r-patched-solaris-sparc, r-patched-solaris-x86, r-release-osx-x86_64-mavericks, r-release-osx-x86_64-snowleopard