CRAN Package Check Results for Package gemtc

Last updated on 2017-03-27 05:47:51.

Flavor Version Tinstall Tcheck Ttotal Status Flags
r-devel-linux-x86_64-debian-clang 0.8-2 2.16 68.32 70.49 NOTE
r-devel-linux-x86_64-debian-gcc 0.8-2 1.89 66.00 67.89 NOTE
r-devel-linux-x86_64-fedora-clang 0.8-2 131.92 NOTE --no-stop-on-test-error
r-devel-linux-x86_64-fedora-gcc 0.8-2 129.49 NOTE --no-stop-on-test-error
r-devel-macos-x86_64-clang 0.8-2 99.22 NOTE --no-stop-on-test-error
r-patched-linux-x86_64 0.8-2 2.07 64.79 66.87 NOTE
r-patched-solaris-sparc 0.8-2 776.80 OK
r-patched-solaris-x86 0.8-2 151.60 OK
r-release-linux-x86_64 0.8-2 1.77 57.59 59.36 OK
r-release-osx-x86_64-mavericks 0.8-2 OK
r-release-windows-ix86+x86_64 0.8-2 13.00 151.00 164.00 OK
r-oldrel-windows-ix86+x86_64 0.8-2 9.00 122.00 131.00 ERROR

Check Details

Version: 0.8-2
Check: compiled code
Result: NOTE
    File ‘gemtc/libs/gemtc.so’:
     Found no calls to: ‘R_registerRoutines’, ‘R_useDynamicSymbols’
    
    It is good practice to register native routines and to disable symbol
    search.
    
    See ‘Writing portable packages’ in the ‘Writing R Extensions’ manual.
Flavors: r-devel-linux-x86_64-debian-clang, r-devel-linux-x86_64-debian-gcc, r-patched-linux-x86_64

Version: 0.8-2
Flags: --no-stop-on-test-error
Check: compiled code
Result: NOTE
    File ‘gemtc/libs/gemtc.so’:
     Found no calls to: ‘R_registerRoutines’, ‘R_useDynamicSymbols’
    
    It is good practice to register native routines and to disable symbol
    search.
    
    See ‘Writing portable packages’ in the ‘Writing R Extensions’ manual.
Flavors: r-devel-linux-x86_64-fedora-clang, r-devel-linux-x86_64-fedora-gcc, r-devel-macos-x86_64-clang

Version: 0.8-2
Check: running examples for arch ‘i386’
Result: ERROR
    Running examples in 'gemtc-Ex.R' failed
    The error most likely occurred in:
    
    > ### Name: mtc.hy.prior
    > ### Title: Set priors for the heterogeneity parameter
    > ### Aliases: mtc.hy.prior mtc.hy.empirical.lor
    >
    > ### ** Examples
    >
    > # NOTE: the mtc.run commands below are for illustrative purposes, such a small
    > # number of iterations should obviously not be used in practice.
    >
    > # set a uniform prior standard deviation
    > model1 <- mtc.model(smoking, hy.prior=mtc.hy.prior("std.dev", "dunif", 0, 2))
    > result <- mtc.run(model1, n.adapt=10, n.iter=10)
    Error: .onLoad failed in loadNamespace() for 'rjags', details:
     call: fun(libname, pkgname)
     error: The environment variable JAGS_HOME is set to
    c:/Program Files/JAGS/JAGS-4.0.0
    but no JAGS installation can be found there
    Execution halted
Flavor: r-oldrel-windows-ix86+x86_64

Version: 0.8-2
Check: running examples for arch ‘x64’
Result: ERROR
    Running examples in 'gemtc-Ex.R' failed
    The error most likely occurred in:
    
    > ### Name: mtc.hy.prior
    > ### Title: Set priors for the heterogeneity parameter
    > ### Aliases: mtc.hy.prior mtc.hy.empirical.lor
    >
    > ### ** Examples
    >
    > # NOTE: the mtc.run commands below are for illustrative purposes, such a small
    > # number of iterations should obviously not be used in practice.
    >
    > # set a uniform prior standard deviation
    > model1 <- mtc.model(smoking, hy.prior=mtc.hy.prior("std.dev", "dunif", 0, 2))
    > result <- mtc.run(model1, n.adapt=10, n.iter=10)
    Error: .onLoad failed in loadNamespace() for 'rjags', details:
     call: fun(libname, pkgname)
     error: The environment variable JAGS_HOME is set to
    c:/Program Files/JAGS/JAGS-4.0.0
    but no JAGS installation can be found there
    Execution halted
Flavor: r-oldrel-windows-ix86+x86_64