CRAN Package Check Results for Package gemtc

Last updated on 2016-05-01 11:47:11.

Flavor Version Tinstall Tcheck Ttotal Status Flags
r-devel-linux-x86_64-debian-gcc 0.8 1.87 57.32 59.19 OK
r-devel-linux-x86_64-fedora-clang 0.8 113.20 OK
r-devel-linux-x86_64-fedora-gcc 0.8 104.70 OK
r-devel-osx-x86_64-clang 0.8 125.19 OK
r-devel-windows-ix86+x86_64 0.8 9.00 150.00 159.00 OK
r-patched-linux-x86_64 0.8 1.81 56.55 58.36 OK
r-patched-solaris-sparc 0.8 683.80 OK
r-patched-solaris-x86 0.8 138.20 OK
r-release-linux-x86_64 0.8 2.02 60.06 62.08 OK
r-release-osx-x86_64-mavericks 0.8 ERROR
r-release-windows-ix86+x86_64 0.8 13.00 190.00 203.00 OK
r-oldrel-windows-ix86+x86_64 0.8 16.00 226.00 242.00 OK

Check Details

Version: 0.8
Check: examples
Result: ERROR
    Running examples in ‘gemtc-Ex.R’ failed
    The error most likely occurred in:
    
    > ### Name: mtc.hy.prior
    > ### Title: Set priors for the heterogeneity parameter
    > ### Aliases: mtc.hy.prior mtc.hy.empirical.lor
    >
    > ### ** Examples
    >
    > # NOTE: the mtc.run commands below are for illustrative purposes, such a small
    > # number of iterations should obviously not be used in practice.
    >
    > # set a uniform prior standard deviation
    > model1 <- mtc.model(smoking, hy.prior=mtc.hy.prior("std.dev", "dunif", 0, 2))
    > result <- mtc.run(model1, n.adapt=10, n.iter=10)
    Compiling model graph
     Resolving undeclared variables
    Deleting model
    
    Error in rjags::jags.model(file.model, data = syntax[["data"]], inits = syntax[["inits"]], :
     Error in node c(1...24)
    Vector value in index expression
    
    Calls: mtc.run -> mtc.sample -> <Anonymous> -> .Call
    Execution halted
Flavor: r-release-osx-x86_64-mavericks