CRAN Package Check Results for Package gemtc

Last updated on 2014-12-21 09:51:27.

Flavor Version Tinstall Tcheck Ttotal Status Flags
r-devel-linux-x86_64-debian-clang 0.6-1 1.71 36.26 37.97 OK
r-devel-linux-x86_64-debian-gcc 0.6-1 1.48 34.56 36.04 OK
r-devel-linux-x86_64-fedora-clang 0.6-1 77.91 OK
r-devel-linux-x86_64-fedora-gcc 0.6-1 67.82 OK
r-devel-osx-x86_64-clang 0.6-1 68.32 NOTE
r-devel-windows-ix86+x86_64 0.6-1 7.00 75.00 82.00 OK
r-patched-linux-x86_64 0.6-1 1.58 37.20 38.77 OK
r-patched-solaris-sparc 0.6-1 420.10 NOTE
r-patched-solaris-x86 0.6-1 96.30 NOTE
r-release-linux-ix86 0.6-1 2.40 46.90 49.30 OK
r-release-linux-x86_64 0.6-1 1.63 39.97 41.60 OK
r-release-osx-x86_64-mavericks 0.6-1 NOTE
r-release-osx-x86_64-snowleopard 0.6-1 NOTE
r-release-windows-ix86+x86_64 0.6-1 7.00 81.00 88.00 OK
r-oldrel-windows-ix86+x86_64 0.6-1 8.00 91.00 99.00 OK

Check Details

Version: 0.6-1
Check: package dependencies
Result: NOTE
    Package suggested but not available for checking: ‘BRugs’
Flavors: r-devel-osx-x86_64-clang, r-patched-solaris-sparc, r-patched-solaris-x86, r-release-osx-x86_64-mavericks, r-release-osx-x86_64-snowleopard