CRAN Package Check Results for Package gemtc

Last updated on 2017-02-22 23:53:54.

Flavor Version Tinstall Tcheck Ttotal Status Flags
r-devel-linux-x86_64-debian-clang 0.8-2 1.98 68.33 70.31 NOTE
r-devel-linux-x86_64-debian-gcc 0.8-2 1.85 66.72 68.57 NOTE
r-devel-linux-x86_64-fedora-clang 0.8-2 132.15 NOTE --no-stop-on-test-error
r-devel-linux-x86_64-fedora-gcc 0.8-2 127.08 NOTE --no-stop-on-test-error
r-devel-macos-x86_64-clang 0.8-2 99.82 NOTE --no-stop-on-test-error
r-devel-windows-ix86+x86_64 0.8-2 13.00 228.00 241.00 OK
r-patched-linux-x86_64 0.8-2 1.79 59.18 60.97 OK
r-patched-solaris-sparc 0.8-2 702.20 OK
r-patched-solaris-x86 0.8-2 138.10 OK
r-release-linux-x86_64 0.8-2 1.73 59.04 60.77 OK
r-release-osx-x86_64-mavericks 0.8-2 OK
r-release-windows-ix86+x86_64 0.8-2 11.00 212.00 223.00 OK
r-oldrel-windows-ix86+x86_64 0.8-2 10.00 168.00 178.00 ERROR

Check Details

Version: 0.8-2
Check: compiled code
Result: NOTE
    File ‘gemtc/libs/gemtc.so’:
     Found no calls to: ‘R_registerRoutines’, ‘R_useDynamicSymbols’
    
    It is good practice to register native routines and to disable symbol
    search.
    
    See ‘Writing portable packages’ in the ‘Writing R Extensions’ manual.
Flavors: r-devel-linux-x86_64-debian-clang, r-devel-linux-x86_64-debian-gcc

Version: 0.8-2
Flags: --no-stop-on-test-error
Check: compiled code
Result: NOTE
    File ‘gemtc/libs/gemtc.so’:
     Found no calls to: ‘R_registerRoutines’, ‘R_useDynamicSymbols’
    
    It is good practice to register native routines and to disable symbol
    search.
    
    See ‘Writing portable packages’ in the ‘Writing R Extensions’ manual.
Flavors: r-devel-linux-x86_64-fedora-clang, r-devel-linux-x86_64-fedora-gcc, r-devel-macos-x86_64-clang

Version: 0.8-2
Check: running examples for arch ‘i386’
Result: ERROR
    Running examples in 'gemtc-Ex.R' failed
    The error most likely occurred in:
    
    > ### Name: mtc.hy.prior
    > ### Title: Set priors for the heterogeneity parameter
    > ### Aliases: mtc.hy.prior mtc.hy.empirical.lor
    >
    > ### ** Examples
    >
    > # NOTE: the mtc.run commands below are for illustrative purposes, such a small
    > # number of iterations should obviously not be used in practice.
    >
    > # set a uniform prior standard deviation
    > model1 <- mtc.model(smoking, hy.prior=mtc.hy.prior("std.dev", "dunif", 0, 2))
    > result <- mtc.run(model1, n.adapt=10, n.iter=10)
    Error: .onLoad failed in loadNamespace() for 'rjags', details:
     call: fun(libname, pkgname)
     error: The environment variable JAGS_HOME is set to
    c:/Program Files/JAGS/JAGS-4.0.0
    but no JAGS installation can be found there
    Execution halted
Flavor: r-oldrel-windows-ix86+x86_64

Version: 0.8-2
Check: running examples for arch ‘x64’
Result: ERROR
    Running examples in 'gemtc-Ex.R' failed
    The error most likely occurred in:
    
    > ### Name: mtc.hy.prior
    > ### Title: Set priors for the heterogeneity parameter
    > ### Aliases: mtc.hy.prior mtc.hy.empirical.lor
    >
    > ### ** Examples
    >
    > # NOTE: the mtc.run commands below are for illustrative purposes, such a small
    > # number of iterations should obviously not be used in practice.
    >
    > # set a uniform prior standard deviation
    > model1 <- mtc.model(smoking, hy.prior=mtc.hy.prior("std.dev", "dunif", 0, 2))
    > result <- mtc.run(model1, n.adapt=10, n.iter=10)
    Error: .onLoad failed in loadNamespace() for 'rjags', details:
     call: fun(libname, pkgname)
     error: The environment variable JAGS_HOME is set to
    c:/Program Files/JAGS/JAGS-4.0.0
    but no JAGS installation can be found there
    Execution halted
Flavor: r-oldrel-windows-ix86+x86_64