CRAN Package Check Results for Package gemtc

Last updated on 2015-05-04 00:46:56.

Flavor Version Tinstall Tcheck Ttotal Status Flags
r-devel-linux-x86_64-debian-clang 0.6-2 1.66 34.90 36.56 OK
r-devel-linux-x86_64-debian-gcc 0.6-2 1.50 34.60 36.10 OK
r-devel-linux-x86_64-fedora-clang 0.6-2 72.02 OK
r-devel-linux-x86_64-fedora-gcc 0.6-2 67.91 OK
r-devel-osx-x86_64-clang 0.6-2 64.17 NOTE
r-devel-windows-ix86+x86_64 0.6-2 8.00 77.00 85.00 OK
r-patched-linux-x86_64 0.6-2 1.50 38.62 40.12 OK
r-patched-solaris-sparc 0.6-2 406.70 NOTE
r-patched-solaris-x86 0.6-2 92.70 NOTE
r-release-linux-x86_64 0.6-2 1.62 35.01 36.62 OK
r-release-osx-x86_64-mavericks 0.6-2 NOTE
r-release-osx-x86_64-snowleopard 0.6-2 ERROR
r-release-windows-ix86+x86_64 0.6-2 10.00 75.00 85.00 OK
r-oldrel-windows-ix86+x86_64 0.6-2 7.00 88.00 95.00 OK

Check Details

Version: 0.6-2
Check: package dependencies
Result: NOTE
    Package suggested but not available for checking: ‘BRugs’
Flavors: r-devel-osx-x86_64-clang, r-patched-solaris-sparc, r-patched-solaris-x86, r-release-osx-x86_64-mavericks

Version: 0.6-2
Check: package dependencies
Result: ERROR
    Packages required but not available: ‘igraph’ ‘XML’
    
    Package suggested but not available for checking: ‘BRugs’
    
    See section ‘The DESCRIPTION file’ in the ‘Writing R Extensions’
    manual.
Flavor: r-release-osx-x86_64-snowleopard