CRAN Package Check Results for Package gemtc.jar

Last updated on 2017-05-27 22:46:14.

Flavor Version Tinstall Tcheck Ttotal Status Flags
r-devel-linux-x86_64-debian-clang 0.14.3 1.38 14.36 15.74 NOTE
r-devel-linux-x86_64-debian-gcc 0.14.3 1.42 14.09 15.51 NOTE
r-devel-linux-x86_64-fedora-clang 0.14.3 27.21 NOTE
r-devel-linux-x86_64-fedora-gcc 0.14.3 25.95 NOTE
r-devel-windows-ix86+x86_64 0.14.3 8.00 39.00 47.00 NOTE
r-patched-linux-x86_64 0.14.3 1.59 14.48 16.07 NOTE
r-patched-solaris-sparc 0.14.3 174.90 NOTE
r-patched-solaris-x86 0.14.3 37.00 NOTE
r-release-linux-x86_64 0.14.3 1.60 13.88 15.48 NOTE
r-release-windows-ix86+x86_64 0.14.3 5.00 28.00 33.00 NOTE
r-release-osx-x86_64 0.14.3 NOTE
r-oldrel-windows-ix86+x86_64 0.14.3 5.00 25.00 30.00 NOTE
r-oldrel-osx-x86_64 0.14.3 NOTE

Check Details

Version: 0.14.3
Check: DESCRIPTION meta-information
Result: NOTE
    Malformed Description field: should contain one or more complete sentences.
Flavors: r-devel-linux-x86_64-debian-clang, r-devel-linux-x86_64-debian-gcc, r-devel-linux-x86_64-fedora-clang, r-devel-linux-x86_64-fedora-gcc, r-devel-windows-ix86+x86_64, r-patched-linux-x86_64, r-patched-solaris-sparc, r-patched-solaris-x86, r-release-linux-x86_64, r-release-windows-ix86+x86_64, r-release-osx-x86_64, r-oldrel-windows-ix86+x86_64, r-oldrel-osx-x86_64

Version: 0.14.3
Check: installed package size
Result: NOTE
     installed size is 5.5Mb
     sub-directories of 1Mb or more:
     java 5.4Mb
Flavors: r-devel-linux-x86_64-fedora-clang, r-devel-linux-x86_64-fedora-gcc, r-devel-windows-ix86+x86_64, r-patched-solaris-sparc, r-patched-solaris-x86, r-release-windows-ix86+x86_64, r-release-osx-x86_64, r-oldrel-windows-ix86+x86_64, r-oldrel-osx-x86_64