CRAN Package Check Results for Package gemtc.jar

Last updated on 2015-03-04 16:48:10.

Flavor Version Tinstall Tcheck Ttotal Status Flags
r-devel-linux-x86_64-debian-clang 0.14.3 1.65 12.26 13.91 NOTE
r-devel-linux-x86_64-debian-gcc 0.14.3 1.36 11.40 12.76 NOTE
r-devel-linux-x86_64-fedora-clang 0.14.3 25.70 NOTE
r-devel-linux-x86_64-fedora-gcc 0.14.3 23.71 NOTE
r-devel-osx-x86_64-clang 0.14.3 27.10 NOTE
r-devel-windows-ix86+x86_64 0.14.3 5.00 21.00 26.00 NOTE
r-patched-linux-x86_64 0.14.3 1.82 14.88 16.70 NOTE
r-patched-solaris-sparc 0.14.3 214.10 NOTE
r-patched-solaris-x86 0.14.3 54.60 NOTE
r-release-linux-ix86 0.14.3 2.36 18.93 21.29 NOTE
r-release-linux-x86_64 0.14.3 1.88 15.06 16.95 NOTE
r-release-osx-x86_64-mavericks 0.14.3 NOTE
r-release-osx-x86_64-snowleopard 0.14.3 NOTE
r-release-windows-ix86+x86_64 0.14.3 6.00 30.00 36.00 NOTE
r-oldrel-windows-ix86+x86_64 0.14.3 4.00 24.00 28.00 NOTE

Check Details

Version: 0.14.3
Check: installed package size
Result: NOTE
     installed size is 5.5Mb
     sub-directories of 1Mb or more:
     java 5.4Mb
Flavors: r-devel-linux-x86_64-debian-clang, r-devel-linux-x86_64-debian-gcc, r-devel-linux-x86_64-fedora-clang, r-devel-linux-x86_64-fedora-gcc, r-devel-osx-x86_64-clang, r-devel-windows-ix86+x86_64, r-patched-linux-x86_64, r-patched-solaris-sparc, r-patched-solaris-x86, r-release-linux-ix86, r-release-linux-x86_64, r-release-osx-x86_64-mavericks, r-release-osx-x86_64-snowleopard, r-release-windows-ix86+x86_64, r-oldrel-windows-ix86+x86_64

Version: 0.14.3
Check: DESCRIPTION meta-information
Result: NOTE
    Malformed Description field: should contain one or more complete sentences.
Flavors: r-devel-linux-x86_64-debian-clang, r-devel-linux-x86_64-debian-gcc, r-devel-linux-x86_64-fedora-clang, r-devel-linux-x86_64-fedora-gcc, r-devel-osx-x86_64-clang, r-devel-windows-ix86+x86_64