CRAN Package Check Results for Package gemtc.jar

Last updated on 2014-11-23 12:46:31.

Flavor Version Tinstall Tcheck Ttotal Status Flags
r-devel-linux-x86_64-debian-clang 0.14.3 1.76 15.43 17.20 NOTE
r-devel-linux-x86_64-debian-gcc 0.14.3 1.64 13.88 15.52 NOTE
r-devel-linux-x86_64-fedora-clang 0.14.3 33.93 NOTE
r-devel-linux-x86_64-fedora-gcc 0.14.3 31.50 NOTE
r-devel-osx-x86_64-clang 0.14.3 32.96 NOTE
r-devel-windows-ix86+x86_64 0.14.3 5.00 22.00 27.00 NOTE
r-patched-linux-x86_64 0.14.3 1.84 14.46 16.31 NOTE
r-patched-solaris-sparc 0.14.3 213.60 NOTE
r-patched-solaris-x86 0.14.3 48.60 NOTE
r-release-linux-ix86 0.14.3 2.46 18.51 20.97 NOTE
r-release-linux-x86_64 0.14.3 1.78 15.04 16.82 NOTE
r-release-osx-x86_64-mavericks 0.14.3 NOTE
r-release-osx-x86_64-snowleopard 0.14.3 NOTE
r-release-windows-ix86+x86_64 0.14.3 6.00 30.00 36.00 NOTE
r-oldrel-windows-ix86+x86_64 0.14.3 4.00 24.00 28.00 NOTE

Check Details

Version: 0.14.3
Check: installed package size
Result: NOTE
     installed size is 5.5Mb
     sub-directories of 1Mb or more:
     java 5.4Mb
Flavors: r-devel-linux-x86_64-debian-clang, r-devel-linux-x86_64-debian-gcc, r-devel-linux-x86_64-fedora-clang, r-devel-linux-x86_64-fedora-gcc, r-devel-osx-x86_64-clang, r-devel-windows-ix86+x86_64, r-patched-linux-x86_64, r-patched-solaris-sparc, r-patched-solaris-x86, r-release-linux-ix86, r-release-linux-x86_64, r-release-osx-x86_64-mavericks, r-release-osx-x86_64-snowleopard, r-release-windows-ix86+x86_64, r-oldrel-windows-ix86+x86_64