CRAN Package Check Results for Package gemtc.jar

Last updated on 2015-05-23 15:47:15.

Flavor Version Tinstall Tcheck Ttotal Status Flags
r-devel-linux-x86_64-debian-clang 0.14.3 1.34 12.25 13.59 NOTE
r-devel-linux-x86_64-debian-gcc 0.14.3 1.31 11.68 12.98 NOTE
r-devel-linux-x86_64-fedora-clang 0.14.3 26.17 NOTE
r-devel-linux-x86_64-fedora-gcc 0.14.3 24.82 NOTE
r-devel-osx-x86_64-clang 0.14.3 26.47 NOTE
r-devel-windows-ix86+x86_64 0.14.3 7.00 18.00 25.00 NOTE
r-patched-linux-x86_64 0.14.3 1.58 11.90 13.48 NOTE
r-patched-solaris-sparc 0.14.3 166.00 NOTE
r-patched-solaris-x86 0.14.3 42.90 NOTE
r-release-linux-x86_64 0.14.3 1.35 12.09 13.44 NOTE
r-release-osx-x86_64-mavericks 0.14.3 NOTE
r-release-osx-x86_64-snowleopard 0.14.3 NOTE
r-release-windows-ix86+x86_64 0.14.3 4.00 22.00 26.00 NOTE
r-oldrel-windows-ix86+x86_64 0.14.3 8.00 22.00 30.00 NOTE

Check Details

Version: 0.14.3
Check: installed package size
Result: NOTE
     installed size is 5.5Mb
     sub-directories of 1Mb or more:
     java 5.4Mb
Flavors: r-devel-linux-x86_64-debian-clang, r-devel-linux-x86_64-debian-gcc, r-devel-linux-x86_64-fedora-clang, r-devel-linux-x86_64-fedora-gcc, r-devel-osx-x86_64-clang, r-devel-windows-ix86+x86_64, r-patched-linux-x86_64, r-patched-solaris-sparc, r-patched-solaris-x86, r-release-linux-x86_64, r-release-osx-x86_64-mavericks, r-release-osx-x86_64-snowleopard, r-release-windows-ix86+x86_64, r-oldrel-windows-ix86+x86_64

Version: 0.14.3
Check: DESCRIPTION meta-information
Result: NOTE
    Malformed Description field: should contain one or more complete sentences.
Flavors: r-devel-linux-x86_64-debian-clang, r-devel-linux-x86_64-debian-gcc, r-devel-linux-x86_64-fedora-clang, r-devel-linux-x86_64-fedora-gcc, r-devel-osx-x86_64-clang, r-devel-windows-ix86+x86_64, r-patched-linux-x86_64, r-patched-solaris-sparc, r-patched-solaris-x86, r-release-linux-x86_64, r-release-osx-x86_64-mavericks, r-release-osx-x86_64-snowleopard, r-release-windows-ix86+x86_64