CRAN Package Check Results for Package gemtc.jar

Last updated on 2014-09-19 00:46:55.

Flavor Version Tinstall Tcheck Ttotal Status Flags
r-devel-linux-x86_64-debian-clang 0.14.3 2.07 14.18 16.25 NOTE
r-devel-linux-x86_64-debian-gcc 0.14.3 1.65 13.94 15.59 NOTE
r-devel-linux-x86_64-fedora-clang 0.14.3 32.97 NOTE
r-devel-linux-x86_64-fedora-gcc 0.14.3 30.57 NOTE
r-devel-osx-x86_64-clang 0.14.3 29.64 NOTE
r-devel-windows-ix86+x86_64 0.14.3 5.00 22.00 27.00 NOTE
r-patched-linux-x86_64 0.14.3 1.83 14.34 16.17 NOTE
r-patched-solaris-sparc 0.14.3 213.60 NOTE
r-patched-solaris-x86 0.14.3 59.00 NOTE
r-release-linux-ix86 0.14.3 2.45 19.20 21.65 NOTE
r-release-linux-x86_64 0.14.3 1.79 14.52 16.32 NOTE
r-release-osx-x86_64-mavericks 0.14.3 NOTE
r-release-osx-x86_64-snowleopard 0.14.3 NOTE
r-release-windows-ix86+x86_64 0.14.3 7.00 33.00 40.00 NOTE
r-oldrel-windows-ix86+x86_64 0.14.3 4.00 24.00 28.00 NOTE

Check Details

Version: 0.14.3
Check: installed package size
Result: NOTE
     installed size is 5.5Mb
     sub-directories of 1Mb or more:
     java 5.4Mb
Flavors: r-devel-linux-x86_64-debian-clang, r-devel-linux-x86_64-debian-gcc, r-devel-linux-x86_64-fedora-clang, r-devel-linux-x86_64-fedora-gcc, r-devel-osx-x86_64-clang, r-devel-windows-ix86+x86_64, r-patched-linux-x86_64, r-patched-solaris-sparc, r-patched-solaris-x86, r-release-linux-ix86, r-release-linux-x86_64, r-release-osx-x86_64-mavericks, r-release-osx-x86_64-snowleopard, r-release-windows-ix86+x86_64, r-oldrel-windows-ix86+x86_64