CRAN Package Check Results for Package gemtc.jar

Last updated on 2016-08-29 03:46:58.

Flavor Version Tinstall Tcheck Ttotal Status Flags
r-devel-linux-x86_64-debian-clang 0.14.3 1.33 11.59 12.93 NOTE
r-devel-linux-x86_64-debian-gcc 0.14.3 1.30 11.36 12.65 NOTE
r-devel-linux-x86_64-fedora-clang 0.14.3 22.74 NOTE
r-devel-linux-x86_64-fedora-gcc 0.14.3 21.31 NOTE
r-devel-osx-x86_64-clang 0.14.3 20.88 NOTE
r-devel-windows-ix86+x86_64 0.14.3 7.00 34.00 41.00 NOTE
r-patched-linux-x86_64 0.14.3 1.28 11.23 12.51 NOTE
r-patched-solaris-sparc 0.14.3 142.40 NOTE
r-patched-solaris-x86 0.14.3 32.80 NOTE
r-release-linux-x86_64 0.14.3 1.35 11.47 12.82 NOTE
r-release-osx-x86_64-mavericks 0.14.3 NOTE
r-release-windows-ix86+x86_64 0.14.3 5.00 36.00 41.00 NOTE
r-oldrel-windows-ix86+x86_64 0.14.3 6.00 21.00 27.00 NOTE

Check Details

Version: 0.14.3
Check: installed package size
Result: NOTE
     installed size is 5.5Mb
     sub-directories of 1Mb or more:
     java 5.4Mb
Flavors: r-devel-linux-x86_64-debian-clang, r-devel-linux-x86_64-debian-gcc, r-devel-linux-x86_64-fedora-clang, r-devel-linux-x86_64-fedora-gcc, r-devel-osx-x86_64-clang, r-devel-windows-ix86+x86_64, r-patched-linux-x86_64, r-patched-solaris-sparc, r-patched-solaris-x86, r-release-linux-x86_64, r-release-osx-x86_64-mavericks, r-release-windows-ix86+x86_64, r-oldrel-windows-ix86+x86_64

Version: 0.14.3
Check: DESCRIPTION meta-information
Result: NOTE
    Malformed Description field: should contain one or more complete sentences.
Flavors: r-devel-linux-x86_64-debian-clang, r-devel-linux-x86_64-debian-gcc, r-devel-linux-x86_64-fedora-clang, r-devel-linux-x86_64-fedora-gcc, r-devel-osx-x86_64-clang, r-devel-windows-ix86+x86_64, r-patched-linux-x86_64, r-patched-solaris-sparc, r-patched-solaris-x86, r-release-linux-x86_64, r-release-osx-x86_64-mavericks, r-release-windows-ix86+x86_64, r-oldrel-windows-ix86+x86_64