CRAN Package Check Results for Package gemtc.jar

Last updated on 2017-09-19 20:47:06.

Flavor Version Tinstall Tcheck Ttotal Status Flags
r-devel-linux-x86_64-debian-clang 0.14.3 1.44 13.86 15.30 NOTE
r-devel-linux-x86_64-debian-gcc 0.14.3 1.67 13.55 15.22 NOTE
r-devel-linux-x86_64-fedora-clang 0.14.3 27.45 NOTE
r-devel-linux-x86_64-fedora-gcc 0.14.3 27.15 NOTE
r-devel-windows-ix86+x86_64 0.14.3 5.00 34.00 39.00 NOTE
r-patched-linux-x86_64 0.14.3 1.37 13.58 14.95 NOTE
r-patched-solaris-x86 0.14.3 42.70 NOTE
r-release-linux-x86_64 0.14.3 1.52 13.71 15.23 NOTE
r-release-windows-ix86+x86_64 0.14.3 5.00 30.00 35.00 NOTE
r-release-osx-x86_64 0.14.3 NOTE
r-oldrel-windows-ix86+x86_64 0.14.3 5.00 25.00 30.00 NOTE
r-oldrel-osx-x86_64 0.14.3 NOTE

Check Details

Version: 0.14.3
Check: DESCRIPTION meta-information
Result: NOTE
    Malformed Description field: should contain one or more complete sentences.
Flavors: r-devel-linux-x86_64-debian-clang, r-devel-linux-x86_64-debian-gcc, r-devel-linux-x86_64-fedora-clang, r-devel-linux-x86_64-fedora-gcc, r-devel-windows-ix86+x86_64, r-patched-linux-x86_64, r-patched-solaris-x86, r-release-linux-x86_64, r-release-windows-ix86+x86_64, r-release-osx-x86_64, r-oldrel-windows-ix86+x86_64, r-oldrel-osx-x86_64

Version: 0.14.3
Check: installed package size
Result: NOTE
     installed size is 5.5Mb
     sub-directories of 1Mb or more:
     java 5.4Mb
Flavors: r-devel-linux-x86_64-fedora-clang, r-devel-linux-x86_64-fedora-gcc, r-devel-windows-ix86+x86_64, r-patched-solaris-x86, r-release-windows-ix86+x86_64, r-release-osx-x86_64, r-oldrel-windows-ix86+x86_64, r-oldrel-osx-x86_64