CRAN Package Check Results for Package gemtc.jar

Last updated on 2014-07-25 23:48:36.

Flavor Version Tinstall Tcheck Ttotal Status Flags
r-devel-linux-x86_64-debian-clang 0.14.3 1.80 14.22 16.02 NOTE
r-devel-linux-x86_64-debian-gcc 0.14.3 1.74 15.05 16.78 NOTE
r-devel-linux-x86_64-fedora-clang 0.14.3 33.80 NOTE
r-devel-linux-x86_64-fedora-gcc 0.14.3 30.61 NOTE
r-devel-osx-x86_64-clang 0.14.3 30.10 NOTE
r-devel-windows-ix86+x86_64 0.14.3 5.00 23.00 28.00 NOTE
r-patched-linux-x86_64 0.14.3 1.94 14.37 16.30 NOTE
r-patched-solaris-sparc 0.14.3 200.90 NOTE
r-patched-solaris-x86 0.14.3 50.00 NOTE
r-release-linux-ix86 0.14.3 2.50 18.90 21.40 NOTE
r-release-linux-x86_64 0.14.3 1.82 14.41 16.24 NOTE
r-release-osx-x86_64-mavericks 0.14.3 NOTE
r-release-osx-x86_64-snowleopard 0.14.3 NOTE
r-release-windows-ix86+x86_64 0.14.3 7.00 33.00 40.00 NOTE
r-oldrel-windows-ix86+x86_64 0.14.3 4.00 24.00 28.00 NOTE

Check Details

Version: 0.14.3
Check: installed package size
Result: NOTE
     installed size is 5.5Mb
     sub-directories of 1Mb or more:
     java 5.4Mb
Flavors: r-devel-linux-x86_64-debian-clang, r-devel-linux-x86_64-debian-gcc, r-devel-linux-x86_64-fedora-clang, r-devel-linux-x86_64-fedora-gcc, r-devel-osx-x86_64-clang, r-devel-windows-ix86+x86_64, r-patched-linux-x86_64, r-patched-solaris-sparc, r-patched-solaris-x86, r-release-linux-ix86, r-release-linux-x86_64, r-release-osx-x86_64-mavericks, r-release-osx-x86_64-snowleopard, r-release-windows-ix86+x86_64, r-oldrel-windows-ix86+x86_64