CRAN Package Check Results for Package gemtc.jar

Last updated on 2017-03-29 18:47:08.

Flavor Version Tinstall Tcheck Ttotal Status Flags
r-devel-linux-x86_64-debian-clang 0.14.3 1.42 14.31 15.74 NOTE
r-devel-linux-x86_64-debian-gcc 0.14.3 1.46 13.92 15.38 NOTE
r-devel-linux-x86_64-fedora-clang 0.14.3 28.02 NOTE --no-stop-on-test-error
r-devel-linux-x86_64-fedora-gcc 0.14.3 26.27 NOTE --no-stop-on-test-error
r-devel-macos-x86_64-clang 0.14.3 22.39 NOTE --no-stop-on-test-error
r-devel-windows-ix86+x86_64 0.14.3 5.00 29.00 34.00 NOTE
r-patched-linux-x86_64 0.14.3 1.52 14.12 15.64 NOTE
r-patched-solaris-sparc 0.14.3 174.90 NOTE
r-patched-solaris-x86 0.14.3 39.70 NOTE
r-release-linux-x86_64 0.14.3 1.47 11.29 12.76 NOTE
r-release-osx-x86_64-mavericks 0.14.3 NOTE
r-release-windows-ix86+x86_64 0.14.3 5.00 25.00 30.00 NOTE
r-oldrel-windows-ix86+x86_64 0.14.3 4.00 25.00 29.00 NOTE

Check Details

Version: 0.14.3
Check: DESCRIPTION meta-information
Result: NOTE
    Malformed Description field: should contain one or more complete sentences.
Flavors: r-devel-linux-x86_64-debian-clang, r-devel-linux-x86_64-debian-gcc, r-devel-windows-ix86+x86_64, r-patched-linux-x86_64, r-patched-solaris-sparc, r-patched-solaris-x86, r-release-linux-x86_64, r-release-osx-x86_64-mavericks, r-release-windows-ix86+x86_64, r-oldrel-windows-ix86+x86_64

Version: 0.14.3
Flags: --no-stop-on-test-error
Check: installed package size
Result: NOTE
     installed size is 5.5Mb
     sub-directories of 1Mb or more:
     java 5.4Mb
Flavors: r-devel-linux-x86_64-fedora-clang, r-devel-linux-x86_64-fedora-gcc, r-devel-macos-x86_64-clang

Version: 0.14.3
Flags: --no-stop-on-test-error
Check: DESCRIPTION meta-information
Result: NOTE
    Malformed Description field: should contain one or more complete sentences.
Flavors: r-devel-linux-x86_64-fedora-clang, r-devel-linux-x86_64-fedora-gcc, r-devel-macos-x86_64-clang

Version: 0.14.3
Check: installed package size
Result: NOTE
     installed size is 5.4Mb
     sub-directories of 1Mb or more:
     java 5.4Mb
Flavors: r-devel-windows-ix86+x86_64, r-patched-solaris-sparc, r-patched-solaris-x86, r-release-osx-x86_64-mavericks, r-release-windows-ix86+x86_64, r-oldrel-windows-ix86+x86_64