CRAN Package Check Results for Package gemtc.jar

Last updated on 2014-04-17 20:47:35.

Flavor Version Tinstall Tcheck Ttotal Status Flags
r-devel-linux-x86_64-debian-clang 0.14.3 1.88 15.35 17.22 NOTE
r-devel-linux-x86_64-debian-gcc 0.14.3 2.00 14.82 16.82 NOTE
r-devel-linux-x86_64-fedora-clang 0.14.3 33.04 NOTE
r-devel-linux-x86_64-fedora-gcc 0.14.3 32.10 NOTE
r-devel-macosx-x86_64-clang 0.14.3 31.93 NOTE
r-devel-macosx-x86_64-gcc 0.14.3 NOTE
r-devel-windows-ix86+x86_64 0.14.3 5.00 28.00 33.00 NOTE
r-patched-linux-x86_64 0.14.3 1.90 15.52 17.41 NOTE
r-patched-solaris-sparc 0.14.3 200.90 NOTE
r-patched-solaris-x86 0.14.3 48.90 NOTE
r-release-linux-ix86 0.14.3 4.00 26.00 30.00 NOTE
r-release-linux-x86_64 0.14.3 1.89 14.76 16.64 NOTE
r-release-macosx-x86_64 0.14.3 NOTE
r-release-windows-ix86+x86_64 0.14.3 8.00 29.00 37.00 NOTE
r-oldrel-windows-ix86+x86_64 0.14.3 4.00 24.00 28.00 NOTE

Check Details

Version: 0.14.3
Check: installed package size
Result: NOTE
     installed size is 5.5Mb
     sub-directories of 1Mb or more:
     java 5.4Mb
Flavors: r-devel-linux-x86_64-debian-clang, r-devel-linux-x86_64-debian-gcc, r-devel-linux-x86_64-fedora-clang, r-devel-linux-x86_64-fedora-gcc, r-devel-macosx-x86_64-clang, r-devel-macosx-x86_64-gcc, r-devel-windows-ix86+x86_64, r-patched-linux-x86_64, r-patched-solaris-sparc, r-patched-solaris-x86, r-release-linux-ix86, r-release-linux-x86_64, r-release-macosx-x86_64, r-release-windows-ix86+x86_64, r-oldrel-windows-ix86+x86_64