CRAN Package Check Results for Package gemtc.jar

Last updated on 2015-07-29 08:50:02.

Flavor Version Tinstall Tcheck Ttotal Status Flags
r-devel-linux-x86_64-debian-clang 0.14.3 1.53 11.85 13.38 NOTE
r-devel-linux-x86_64-debian-gcc 0.14.3 1.29 11.72 13.01 NOTE
r-devel-linux-x86_64-fedora-clang 0.14.3 25.62 NOTE
r-devel-linux-x86_64-fedora-gcc 0.14.3 23.20 NOTE
r-devel-osx-x86_64-clang 0.14.3 23.14 NOTE
r-devel-windows-ix86+x86_64 0.14.3 5.00 30.00 35.00 NOTE
r-patched-linux-x86_64 0.14.3 1.44 12.04 13.48 NOTE
r-patched-solaris-sparc 0.14.3 164.30 NOTE
r-patched-solaris-x86 0.14.3 37.70 NOTE
r-release-linux-x86_64 0.14.3 1.39 11.93 13.32 NOTE
r-release-osx-x86_64-mavericks 0.14.3 NOTE
r-release-windows-ix86+x86_64 0.14.3 4.00 20.00 24.00 NOTE
r-oldrel-windows-ix86+x86_64 0.14.3 8.00 22.00 30.00 NOTE

Check Details

Version: 0.14.3
Check: installed package size
Result: NOTE
     installed size is 5.5Mb
     sub-directories of 1Mb or more:
     java 5.4Mb
Flavors: r-devel-linux-x86_64-debian-clang, r-devel-linux-x86_64-debian-gcc, r-devel-linux-x86_64-fedora-clang, r-devel-linux-x86_64-fedora-gcc, r-devel-osx-x86_64-clang, r-devel-windows-ix86+x86_64, r-patched-linux-x86_64, r-patched-solaris-sparc, r-patched-solaris-x86, r-release-linux-x86_64, r-release-osx-x86_64-mavericks, r-release-windows-ix86+x86_64, r-oldrel-windows-ix86+x86_64

Version: 0.14.3
Check: DESCRIPTION meta-information
Result: NOTE
    Malformed Description field: should contain one or more complete sentences.
Flavors: r-devel-linux-x86_64-debian-clang, r-devel-linux-x86_64-debian-gcc, r-devel-linux-x86_64-fedora-clang, r-devel-linux-x86_64-fedora-gcc, r-devel-osx-x86_64-clang, r-devel-windows-ix86+x86_64, r-patched-linux-x86_64, r-patched-solaris-sparc, r-patched-solaris-x86, r-release-linux-x86_64, r-release-osx-x86_64-mavericks, r-release-windows-ix86+x86_64