CRAN Package Check Results for Package gemtc.jar

Last updated on 2015-01-30 18:51:27.

Flavor Version Tinstall Tcheck Ttotal Status Flags
r-devel-linux-x86_64-debian-clang 0.14.3 1.46 12.00 13.46 NOTE
r-devel-linux-x86_64-debian-gcc 0.14.3 1.60 13.69 15.29 NOTE
r-devel-linux-x86_64-fedora-clang 0.14.3 32.57 NOTE
r-devel-linux-x86_64-fedora-gcc 0.14.3 30.11 NOTE
r-devel-osx-x86_64-clang 0.14.3 31.55 NOTE
r-devel-windows-ix86+x86_64 0.14.3 6.00 24.00 30.00 NOTE
r-patched-linux-x86_64 0.14.3 1.80 15.81 17.60 NOTE
r-patched-solaris-sparc 0.14.3 211.30 NOTE
r-patched-solaris-x86 0.14.3 51.50 NOTE
r-release-linux-ix86 0.14.3 2.65 18.57 21.22 NOTE
r-release-linux-x86_64 0.14.3 1.96 15.29 17.25 NOTE
r-release-osx-x86_64-mavericks 0.14.3 NOTE
r-release-osx-x86_64-snowleopard 0.14.3 NOTE
r-release-windows-ix86+x86_64 0.14.3 6.00 30.00 36.00 NOTE
r-oldrel-windows-ix86+x86_64 0.14.3 4.00 24.00 28.00 NOTE

Check Details

Version: 0.14.3
Check: installed package size
Result: NOTE
     installed size is 5.5Mb
     sub-directories of 1Mb or more:
     java 5.4Mb
Flavors: r-devel-linux-x86_64-debian-clang, r-devel-linux-x86_64-debian-gcc, r-devel-linux-x86_64-fedora-clang, r-devel-linux-x86_64-fedora-gcc, r-devel-osx-x86_64-clang, r-devel-windows-ix86+x86_64, r-patched-linux-x86_64, r-patched-solaris-sparc, r-patched-solaris-x86, r-release-linux-ix86, r-release-linux-x86_64, r-release-osx-x86_64-mavericks, r-release-osx-x86_64-snowleopard, r-release-windows-ix86+x86_64, r-oldrel-windows-ix86+x86_64