CRAN Package Check Results for Package gemtc.jar

Last updated on 2015-04-26 19:47:19.

Flavor Version Tinstall Tcheck Ttotal Status Flags
r-devel-linux-x86_64-debian-clang 0.14.3 1.38 11.98 13.35 NOTE
r-devel-linux-x86_64-debian-gcc 0.14.3 1.37 12.14 13.52 NOTE
r-devel-linux-x86_64-fedora-clang 0.14.3 26.65 NOTE
r-devel-linux-x86_64-fedora-gcc 0.14.3 24.18 NOTE
r-devel-osx-x86_64-clang 0.14.3 26.31 NOTE
r-devel-windows-ix86+x86_64 0.14.3 5.00 20.00 25.00 NOTE
r-patched-linux-x86_64 0.14.3 1.30 12.06 13.36 NOTE
r-patched-solaris-sparc 0.14.3 172.00 NOTE
r-patched-solaris-x86 0.14.3 41.60 NOTE
r-release-linux-x86_64 0.14.3 1.32 11.83 13.15 NOTE
r-release-osx-x86_64-mavericks 0.14.3 NOTE
r-release-osx-x86_64-snowleopard 0.14.3 NOTE
r-release-windows-ix86+x86_64 0.14.3 4.00 22.00 26.00 NOTE
r-oldrel-windows-ix86+x86_64 0.14.3 8.00 22.00 30.00 NOTE

Check Details

Version: 0.14.3
Check: installed package size
Result: NOTE
     installed size is 5.5Mb
     sub-directories of 1Mb or more:
     java 5.4Mb
Flavors: r-devel-linux-x86_64-debian-clang, r-devel-linux-x86_64-fedora-clang, r-devel-linux-x86_64-fedora-gcc, r-devel-osx-x86_64-clang, r-devel-windows-ix86+x86_64, r-patched-solaris-sparc, r-patched-solaris-x86, r-release-osx-x86_64-mavericks, r-release-osx-x86_64-snowleopard, r-release-windows-ix86+x86_64, r-oldrel-windows-ix86+x86_64

Version: 0.14.3
Check: DESCRIPTION meta-information
Result: NOTE
    Malformed Description field: should contain one or more complete sentences.
Flavors: r-devel-linux-x86_64-debian-clang, r-devel-linux-x86_64-fedora-clang, r-devel-linux-x86_64-fedora-gcc, r-devel-osx-x86_64-clang, r-devel-windows-ix86+x86_64, r-patched-solaris-sparc, r-patched-solaris-x86, r-release-osx-x86_64-mavericks, r-release-osx-x86_64-snowleopard, r-release-windows-ix86+x86_64