CRAN Package Check Results for Package gemtc.jar

Last updated on 2016-09-29 17:50:18.

Flavor Version Tinstall Tcheck Ttotal Status Flags
r-devel-linux-x86_64-debian-clang 0.14.3 1.43 11.89 13.32 NOTE
r-devel-linux-x86_64-debian-gcc 0.14.3 1.38 10.94 12.32 NOTE
r-devel-linux-x86_64-fedora-clang 0.14.3 23.34 NOTE
r-devel-linux-x86_64-fedora-gcc 0.14.3 20.62 NOTE
r-devel-macos-x86_64-clang 0.14.3 18.86 NOTE
r-devel-windows-ix86+x86_64 0.14.3 8.00 34.00 42.00 NOTE
r-patched-linux-x86_64 0.14.3 1.36 11.41 12.78 NOTE
r-patched-solaris-sparc 0.14.3 142.40 NOTE
r-patched-solaris-x86 0.14.3 31.80 NOTE
r-release-linux-x86_64 0.14.3 1.31 11.65 12.95 NOTE
r-release-osx-x86_64-mavericks 0.14.3 NOTE
r-release-windows-ix86+x86_64 0.14.3 5.00 26.00 31.00 NOTE
r-oldrel-windows-ix86+x86_64 0.14.3 6.00 21.00 27.00 NOTE

Check Details

Version: 0.14.3
Check: installed package size
Result: NOTE
     installed size is 5.5Mb
     sub-directories of 1Mb or more:
     java 5.4Mb
Flavors: r-devel-linux-x86_64-debian-clang, r-devel-linux-x86_64-debian-gcc, r-devel-linux-x86_64-fedora-clang, r-devel-linux-x86_64-fedora-gcc, r-devel-macos-x86_64-clang, r-devel-windows-ix86+x86_64, r-patched-linux-x86_64, r-patched-solaris-sparc, r-patched-solaris-x86, r-release-linux-x86_64, r-release-osx-x86_64-mavericks, r-release-windows-ix86+x86_64, r-oldrel-windows-ix86+x86_64

Version: 0.14.3
Check: DESCRIPTION meta-information
Result: NOTE
    Malformed Description field: should contain one or more complete sentences.
Flavors: r-devel-linux-x86_64-debian-clang, r-devel-linux-x86_64-debian-gcc, r-devel-linux-x86_64-fedora-clang, r-devel-linux-x86_64-fedora-gcc, r-devel-macos-x86_64-clang, r-devel-windows-ix86+x86_64, r-patched-linux-x86_64, r-patched-solaris-sparc, r-patched-solaris-x86, r-release-linux-x86_64, r-release-osx-x86_64-mavericks, r-release-windows-ix86+x86_64, r-oldrel-windows-ix86+x86_64