CRAN Package Check Results for Package gemtc.jar

Last updated on 2017-02-24 17:48:28.

Flavor Version Tinstall Tcheck Ttotal Status Flags
r-devel-linux-x86_64-debian-clang 0.14.3 1.36 14.03 15.40 NOTE
r-devel-linux-x86_64-debian-gcc 0.14.3 1.62 13.37 15.00 NOTE
r-devel-linux-x86_64-fedora-clang 0.14.3 28.22 NOTE --no-stop-on-test-error
r-devel-linux-x86_64-fedora-gcc 0.14.3 25.49 NOTE --no-stop-on-test-error
r-devel-macos-x86_64-clang 0.14.3 23.13 NOTE --no-stop-on-test-error
r-devel-windows-ix86+x86_64 0.14.3 5.00 37.00 42.00 NOTE
r-patched-linux-x86_64 0.14.3 1.38 11.62 13.00 NOTE
r-patched-solaris-sparc 0.14.3 144.30 NOTE
r-patched-solaris-x86 0.14.3 32.80 NOTE
r-release-linux-x86_64 0.14.3 1.33 11.55 12.88 NOTE
r-release-osx-x86_64-mavericks 0.14.3 NOTE
r-release-windows-ix86+x86_64 0.14.3 5.00 25.00 30.00 NOTE
r-oldrel-windows-ix86+x86_64 0.14.3 4.00 25.00 29.00 NOTE

Check Details

Version: 0.14.3
Check: DESCRIPTION meta-information
Result: NOTE
    Malformed Description field: should contain one or more complete sentences.
Flavors: r-devel-linux-x86_64-debian-clang, r-devel-linux-x86_64-debian-gcc, r-devel-windows-ix86+x86_64, r-patched-linux-x86_64, r-patched-solaris-sparc, r-patched-solaris-x86, r-release-linux-x86_64, r-release-osx-x86_64-mavericks, r-release-windows-ix86+x86_64, r-oldrel-windows-ix86+x86_64

Version: 0.14.3
Flags: --no-stop-on-test-error
Check: installed package size
Result: NOTE
     installed size is 5.5Mb
     sub-directories of 1Mb or more:
     java 5.4Mb
Flavors: r-devel-linux-x86_64-fedora-clang, r-devel-linux-x86_64-fedora-gcc, r-devel-macos-x86_64-clang

Version: 0.14.3
Flags: --no-stop-on-test-error
Check: DESCRIPTION meta-information
Result: NOTE
    Malformed Description field: should contain one or more complete sentences.
Flavors: r-devel-linux-x86_64-fedora-clang, r-devel-linux-x86_64-fedora-gcc, r-devel-macos-x86_64-clang

Version: 0.14.3
Check: installed package size
Result: NOTE
     installed size is 5.4Mb
     sub-directories of 1Mb or more:
     java 5.4Mb
Flavors: r-devel-windows-ix86+x86_64, r-patched-solaris-sparc, r-patched-solaris-x86, r-release-osx-x86_64-mavericks, r-release-windows-ix86+x86_64, r-oldrel-windows-ix86+x86_64