CRAN Package Check Results for Package gemtc.jar

Last updated on 2014-10-26 02:47:13.

Flavor Version Tinstall Tcheck Ttotal Status Flags
r-devel-linux-x86_64-debian-clang 0.14.3 1.72 14.46 16.18 NOTE
r-devel-linux-x86_64-debian-gcc 0.14.3 1.66 14.41 16.06 NOTE
r-devel-linux-x86_64-fedora-clang 0.14.3 33.18 NOTE
r-devel-linux-x86_64-fedora-gcc 0.14.3 30.62 NOTE
r-devel-osx-x86_64-clang 0.14.3 31.83 NOTE
r-devel-windows-ix86+x86_64 0.14.3 5.00 22.00 27.00 NOTE
r-patched-linux-x86_64 0.14.3 1.78 14.83 16.61 NOTE
r-patched-solaris-sparc 0.14.3 213.60 NOTE
r-patched-solaris-x86 0.14.3 50.00 NOTE
r-release-linux-ix86 0.14.3 2.48 19.13 21.60 NOTE
r-release-linux-x86_64 0.14.3 1.90 14.78 16.68 NOTE
r-release-osx-x86_64-mavericks 0.14.3 NOTE
r-release-osx-x86_64-snowleopard 0.14.3 NOTE
r-release-windows-ix86+x86_64 0.14.3 7.00 33.00 40.00 NOTE
r-oldrel-windows-ix86+x86_64 0.14.3 4.00 24.00 28.00 NOTE

Check Details

Version: 0.14.3
Check: installed package size
Result: NOTE
     installed size is 5.5Mb
     sub-directories of 1Mb or more:
     java 5.4Mb
Flavors: r-devel-linux-x86_64-debian-clang, r-devel-linux-x86_64-debian-gcc, r-devel-linux-x86_64-fedora-clang, r-devel-linux-x86_64-fedora-gcc, r-devel-osx-x86_64-clang, r-devel-windows-ix86+x86_64, r-patched-linux-x86_64, r-patched-solaris-sparc, r-patched-solaris-x86, r-release-linux-ix86, r-release-linux-x86_64, r-release-osx-x86_64-mavericks, r-release-osx-x86_64-snowleopard, r-release-windows-ix86+x86_64, r-oldrel-windows-ix86+x86_64