CRAN Package Check Results for Package gen5helper

Last updated on 2020-02-28 15:47:20 CET.

Flavor Version Tinstall Tcheck Ttotal Status Flags
r-devel-linux-x86_64-debian-clang 1.0.1 4.71 34.40 39.11 OK
r-devel-linux-x86_64-debian-gcc 1.0.1 3.51 27.09 30.60 OK
r-devel-linux-x86_64-fedora-clang 1.0.1 46.75 NOTE
r-devel-linux-x86_64-fedora-gcc 1.0.1 45.59 NOTE
r-devel-windows-ix86+x86_64 1.0.1 11.00 47.00 58.00 OK
r-devel-windows-ix86+x86_64-gcc8 1.0.1 12.00 48.00 60.00 OK
r-patched-linux-x86_64 1.0.1 3.04 31.07 34.11 OK
r-patched-solaris-x86 1.0.1 64.40 NOTE
r-release-linux-x86_64 1.0.1 3.28 31.36 34.64 OK
r-release-windows-ix86+x86_64 1.0.1 9.00 68.00 77.00 OK
r-release-osx-x86_64 1.0.1 NOTE
r-oldrel-windows-ix86+x86_64 1.0.1 5.00 49.00 54.00 OK
r-oldrel-osx-x86_64 1.0.1 NOTE

Check Details

Version: 1.0.1
Check: dependencies in R code
Result: NOTE
    Namespaces in Imports field not imported from:
     ‘ggplot2’ ‘pracma’ ‘rlang’
     All declared Imports should be used.
Flavors: r-devel-linux-x86_64-fedora-clang, r-devel-linux-x86_64-fedora-gcc, r-patched-solaris-x86, r-release-osx-x86_64, r-oldrel-osx-x86_64