CRAN Package Check Results for Package genSurv

Last updated on 2018-02-23 01:46:23 CET.

Flavor Version Tinstall Tcheck Ttotal Status Flags
r-devel-linux-x86_64-debian-clang 1.0.3 2.52 21.10 23.62 NOTE
r-devel-linux-x86_64-debian-gcc 1.0.3 1.67 18.92 20.59 NOTE
r-devel-linux-x86_64-fedora-clang 1.0.3 30.82 NOTE
r-devel-linux-x86_64-fedora-gcc 1.0.3 29.49 NOTE
r-devel-windows-ix86+x86_64 1.0.3 10.00 39.00 49.00 OK
r-patched-linux-x86_64 1.0.3 1.14 23.66 24.80 NOTE
r-patched-solaris-x86 1.0.3 39.20 OK
r-release-linux-x86_64 1.0.3 1.22 23.67 24.89 NOTE
r-release-windows-ix86+x86_64 1.0.3 10.00 35.00 45.00 OK
r-release-osx-x86_64 1.0.3 OK
r-oldrel-windows-ix86+x86_64 1.0.3 6.00 50.00 56.00 OK
r-oldrel-osx-x86_64 1.0.3 OK

Check Details

Version: 1.0.3
Check: compiled code
Result: NOTE
    File ‘genSurv/libs/genSurv.so’:
     Found no calls to: ‘R_registerRoutines’, ‘R_useDynamicSymbols’
    
    It is good practice to register native routines and to disable symbol
    search.
    
    See ‘Writing portable packages’ in the ‘Writing R Extensions’ manual.
Flavors: r-devel-linux-x86_64-debian-clang, r-devel-linux-x86_64-debian-gcc, r-devel-linux-x86_64-fedora-clang, r-devel-linux-x86_64-fedora-gcc, r-patched-linux-x86_64, r-release-linux-x86_64