CRAN Package Check Results for Package genSurv

Last updated on 2017-05-24 22:47:11.

Flavor Version Tinstall Tcheck Ttotal Status Flags
r-devel-linux-x86_64-debian-clang 1.0.3 0.96 15.21 16.17 NOTE
r-devel-linux-x86_64-debian-gcc 1.0.3 1.02 15.27 16.29 NOTE
r-devel-linux-x86_64-fedora-clang 1.0.3 28.84 NOTE --no-stop-on-test-error
r-devel-linux-x86_64-fedora-gcc 1.0.3 27.15 NOTE --no-stop-on-test-error
r-devel-windows-ix86+x86_64 1.0.3 5.00 55.00 60.00 OK
r-patched-linux-x86_64 1.0.3 1.00 15.23 16.23 NOTE
r-patched-solaris-sparc 1.0.3 173.10 OK
r-patched-solaris-x86 1.0.3 37.50 OK
r-release-linux-x86_64 1.0.3 0.98 15.32 16.30 NOTE
r-release-windows-ix86+x86_64 1.0.3 4.00 51.00 55.00 OK
r-release-osx-x86_64 1.0.3 OK
r-oldrel-windows-ix86+x86_64 1.0.3 9.00 57.00 66.00 OK
r-oldrel-osx-x86_64 1.0.3 OK

Check Details

Version: 1.0.3
Check: compiled code
Result: NOTE
    File ‘genSurv/libs/genSurv.so’:
     Found no calls to: ‘R_registerRoutines’, ‘R_useDynamicSymbols’
    
    It is good practice to register native routines and to disable symbol
    search.
    
    See ‘Writing portable packages’ in the ‘Writing R Extensions’ manual.
Flavors: r-devel-linux-x86_64-debian-clang, r-devel-linux-x86_64-debian-gcc, r-patched-linux-x86_64, r-release-linux-x86_64

Version: 1.0.3
Flags: --no-stop-on-test-error
Check: compiled code
Result: NOTE
    File ‘genSurv/libs/genSurv.so’:
     Found no calls to: ‘R_registerRoutines’, ‘R_useDynamicSymbols’
    
    It is good practice to register native routines and to disable symbol
    search.
    
    See ‘Writing portable packages’ in the ‘Writing R Extensions’ manual.
Flavors: r-devel-linux-x86_64-fedora-clang, r-devel-linux-x86_64-fedora-gcc