CRAN Package Check Results for Package genSurv

Last updated on 2017-02-23 05:49:01.

Flavor Version Tinstall Tcheck Ttotal Status Flags
r-devel-linux-x86_64-debian-clang 1.0.3 1.05 15.39 16.45 NOTE
r-devel-linux-x86_64-debian-gcc 1.0.3 0.99 14.99 15.98 NOTE
r-devel-linux-x86_64-fedora-clang 1.0.3 30.21 NOTE --no-stop-on-test-error
r-devel-linux-x86_64-fedora-gcc 1.0.3 27.14 NOTE --no-stop-on-test-error
r-devel-macos-x86_64-clang 1.0.3 24.57 NOTE --no-stop-on-test-error
r-devel-windows-ix86+x86_64 1.0.3 7.00 105.00 112.00 OK
r-patched-linux-x86_64 1.0.3 0.84 13.24 14.08 OK
r-patched-solaris-sparc 1.0.3 161.50 OK
r-patched-solaris-x86 1.0.3 33.60 OK
r-release-linux-x86_64 1.0.3 0.98 13.44 14.42 OK
r-release-osx-x86_64-mavericks 1.0.3 OK
r-release-windows-ix86+x86_64 1.0.3 7.00 77.00 84.00 OK
r-oldrel-windows-ix86+x86_64 1.0.3 10.00 54.00 64.00 OK

Check Details

Version: 1.0.3
Check: compiled code
Result: NOTE
    File ‘genSurv/libs/genSurv.so’:
     Found no calls to: ‘R_registerRoutines’, ‘R_useDynamicSymbols’
    
    It is good practice to register native routines and to disable symbol
    search.
    
    See ‘Writing portable packages’ in the ‘Writing R Extensions’ manual.
Flavors: r-devel-linux-x86_64-debian-clang, r-devel-linux-x86_64-debian-gcc

Version: 1.0.3
Flags: --no-stop-on-test-error
Check: compiled code
Result: NOTE
    File ‘genSurv/libs/genSurv.so’:
     Found no calls to: ‘R_registerRoutines’, ‘R_useDynamicSymbols’
    
    It is good practice to register native routines and to disable symbol
    search.
    
    See ‘Writing portable packages’ in the ‘Writing R Extensions’ manual.
Flavors: r-devel-linux-x86_64-fedora-clang, r-devel-linux-x86_64-fedora-gcc, r-devel-macos-x86_64-clang