CRAN Package Check Results for Package genSurv

Last updated on 2017-08-22 02:47:36.

Flavor Version Tinstall Tcheck Ttotal Status Flags
r-devel-linux-x86_64-debian-clang 1.0.3 0.96 15.91 16.87 NOTE
r-devel-linux-x86_64-debian-gcc 1.0.3 1.04 15.40 16.45 NOTE
r-devel-linux-x86_64-fedora-clang 1.0.3 28.44 NOTE
r-devel-linux-x86_64-fedora-gcc 1.0.3 27.46 NOTE
r-devel-windows-ix86+x86_64 1.0.3 9.00 37.00 46.00 OK
r-patched-linux-x86_64 1.0.3 0.90 15.38 16.28 NOTE
r-patched-solaris-x86 1.0.3 38.20 OK
r-release-linux-x86_64 1.0.3 0.88 15.71 16.59 NOTE
r-release-windows-ix86+x86_64 1.0.3 6.00 50.00 56.00 OK
r-release-osx-x86_64 1.0.3 OK
r-oldrel-windows-ix86+x86_64 1.0.3 5.00 37.00 42.00 OK
r-oldrel-osx-x86_64 1.0.3 OK

Check Details

Version: 1.0.3
Check: compiled code
Result: NOTE
    File ‘genSurv/libs/genSurv.so’:
     Found no calls to: ‘R_registerRoutines’, ‘R_useDynamicSymbols’
    
    It is good practice to register native routines and to disable symbol
    search.
    
    See ‘Writing portable packages’ in the ‘Writing R Extensions’ manual.
Flavors: r-devel-linux-x86_64-debian-clang, r-devel-linux-x86_64-debian-gcc, r-devel-linux-x86_64-fedora-clang, r-devel-linux-x86_64-fedora-gcc, r-patched-linux-x86_64, r-release-linux-x86_64