CRAN Package Check Results for Package genSurv

Last updated on 2015-08-29 06:47:39.

Flavor Version Tinstall Tcheck Ttotal Status Flags
r-devel-linux-x86_64-debian-clang 1.0.2 0.80 12.08 12.88 NOTE
r-devel-linux-x86_64-debian-gcc 1.0.2 0.74 11.82 12.56 NOTE
r-devel-linux-x86_64-fedora-clang 1.0.2 24.56 NOTE
r-devel-linux-x86_64-fedora-gcc 1.0.2 23.05 NOTE
r-devel-osx-x86_64-clang 1.0.2 23.65 OK
r-devel-windows-ix86+x86_64 1.0.2 9.00 42.00 51.00 NOTE
r-patched-linux-x86_64 1.0.2 0.90 13.01 13.91 OK
r-patched-solaris-sparc 1.0.2 165.90 OK
r-patched-solaris-x86 1.0.2 35.60 OK
r-release-linux-x86_64 1.0.2 0.95 12.95 13.90 OK
r-release-osx-x86_64-mavericks 1.0.2 OK
r-release-windows-ix86+x86_64 1.0.2 5.00 30.00 35.00 OK
r-oldrel-windows-ix86+x86_64 1.0.2 5.00 28.00 33.00 OK

Check Details

Version: 1.0.2
Check: R code for possible problems
Result: NOTE
    genCMM: no visible global function definition for ‘runif’
    genCPHM: no visible global function definition for ‘runif’
    genCPHM: no visible global function definition for ‘rexp’
    genTDCM: no visible global function definition for ‘runif’
    genTHMM: no visible global function definition for ‘runif’
    genTHMM: no visible global function definition for ‘rexp’
    rexpcens: no visible global function definition for ‘rexp’
    runifcens: no visible global function definition for ‘runif’
    Undefined global functions or variables:
     rexp runif
    Consider adding
     importFrom("stats", "rexp", "runif")
    to your NAMESPACE.
Flavors: r-devel-linux-x86_64-debian-clang, r-devel-linux-x86_64-debian-gcc, r-devel-linux-x86_64-fedora-clang, r-devel-linux-x86_64-fedora-gcc, r-devel-windows-ix86+x86_64