CRAN Package Check Results for Package genSurv

Last updated on 2018-04-25 19:46:52 CEST.

Flavor Version Tinstall Tcheck Ttotal Status Flags
r-devel-linux-x86_64-debian-clang 1.0.3 2.77 24.35 27.12 NOTE
r-devel-linux-x86_64-debian-gcc 1.0.3 1.86 19.22 21.08 NOTE
r-devel-linux-x86_64-fedora-clang 1.0.3 31.43 NOTE
r-devel-linux-x86_64-fedora-gcc 1.0.3 30.24 NOTE
r-devel-windows-ix86+x86_64 1.0.3 10.00 44.00 54.00 OK
r-patched-linux-x86_64 1.0.3 2.33 23.98 26.31 NOTE
r-patched-solaris-x86 1.0.3 47.20 OK
r-release-linux-x86_64 1.0.3 2.37 24.19 26.56 NOTE
r-release-windows-ix86+x86_64 1.0.3 10.00 44.00 54.00 OK
r-release-osx-x86_64 1.0.3 OK
r-oldrel-windows-ix86+x86_64 1.0.3 8.00 55.00 63.00 OK
r-oldrel-osx-x86_64 1.0.3 OK

Check Details

Version: 1.0.3
Check: compiled code
Result: NOTE
    File ‘genSurv/libs/genSurv.so’:
     Found no calls to: ‘R_registerRoutines’, ‘R_useDynamicSymbols’
    
    It is good practice to register native routines and to disable symbol
    search.
    
    See ‘Writing portable packages’ in the ‘Writing R Extensions’ manual.
Flavors: r-devel-linux-x86_64-debian-clang, r-devel-linux-x86_64-debian-gcc, r-devel-linux-x86_64-fedora-clang, r-devel-linux-x86_64-fedora-gcc, r-patched-linux-x86_64, r-release-linux-x86_64