CRAN Package Check Results for Package genSurv

Last updated on 2019-07-18 15:47:25 CEST.

Flavor Version Tinstall Tcheck Ttotal Status Flags
r-devel-linux-x86_64-debian-clang 1.0.3 2.73 24.80 27.53 OK
r-devel-linux-x86_64-debian-gcc 1.0.3 2.47 20.59 23.06 OK
r-devel-linux-x86_64-fedora-clang 1.0.3 33.79 NOTE
r-devel-linux-x86_64-fedora-gcc 1.0.3 34.14 NOTE
r-devel-windows-ix86+x86_64 1.0.3 15.00 46.00 61.00 OK
r-patched-linux-x86_64 1.0.3 3.11 25.69 28.80 OK
r-patched-solaris-x86 1.0.3 50.80 OK
r-release-linux-x86_64 1.0.3 3.17 25.05 28.22 OK
r-release-windows-ix86+x86_64 1.0.3 10.00 65.00 75.00 OK
r-release-osx-x86_64 1.0.3 OK
r-oldrel-windows-ix86+x86_64 1.0.3 7.00 57.00 64.00 OK
r-oldrel-osx-x86_64 1.0.3 OK

Check Details

Version: 1.0.3
Check: compiled code
Result: NOTE
    File ‘genSurv/libs/genSurv.so’:
     Found no calls to: ‘R_registerRoutines’, ‘R_useDynamicSymbols’
    
    It is good practice to register native routines and to disable symbol
    search.
    
    See ‘Writing portable packages’ in the ‘Writing R Extensions’ manual.
Flavors: r-devel-linux-x86_64-fedora-clang, r-devel-linux-x86_64-fedora-gcc