CRAN Package Check Results for Package genSurv

Last updated on 2017-06-24 09:55:20.

Flavor Version Tinstall Tcheck Ttotal Status Flags
r-devel-linux-x86_64-debian-clang 1.0.3 1.07 15.55 16.61 NOTE
r-devel-linux-x86_64-debian-gcc 1.0.3 0.97 15.07 16.04 NOTE
r-devel-linux-x86_64-fedora-clang 1.0.3 31.14 NOTE
r-devel-linux-x86_64-fedora-gcc 1.0.3 27.58 NOTE
r-devel-windows-ix86+x86_64 1.0.3 11.00 51.00 62.00 OK
r-patched-linux-x86_64 1.0.3 0.90 14.84 15.74 NOTE
r-patched-solaris-sparc 1.0.3 173.10 OK
r-patched-solaris-x86 1.0.3 37.00 OK
r-release-linux-x86_64 1.0.3 0.92 15.09 16.01 NOTE
r-release-windows-ix86+x86_64 1.0.3 12.00 52.00 64.00 OK
r-release-osx-x86_64 1.0.3 OK
r-oldrel-windows-ix86+x86_64 1.0.3 10.00 45.00 55.00 OK
r-oldrel-osx-x86_64 1.0.3 OK

Check Details

Version: 1.0.3
Check: compiled code
Result: NOTE
    File ‘genSurv/libs/genSurv.so’:
     Found no calls to: ‘R_registerRoutines’, ‘R_useDynamicSymbols’
    
    It is good practice to register native routines and to disable symbol
    search.
    
    See ‘Writing portable packages’ in the ‘Writing R Extensions’ manual.
Flavors: r-devel-linux-x86_64-debian-clang, r-devel-linux-x86_64-debian-gcc, r-devel-linux-x86_64-fedora-clang, r-devel-linux-x86_64-fedora-gcc, r-patched-linux-x86_64, r-release-linux-x86_64