CRAN Package Check Results for Package genSurv

Last updated on 2017-10-20 06:48:48.

Flavor Version Tinstall Tcheck Ttotal Status Flags
r-devel-linux-x86_64-debian-clang 1.0.3 0.96 15.84 16.80 NOTE
r-devel-linux-x86_64-debian-gcc 1.0.3 1.07 16.20 17.27 NOTE
r-devel-linux-x86_64-fedora-clang 1.0.3 30.29 NOTE
r-devel-linux-x86_64-fedora-gcc 1.0.3 30.61 NOTE
r-devel-windows-ix86+x86_64 1.0.3 9.00 37.00 46.00 OK
r-patched-linux-x86_64 1.0.3 0.95 15.34 16.29 NOTE
r-patched-solaris-x86 1.0.3 42.90 OK
r-release-linux-x86_64 1.0.3 1.06 15.17 16.24 NOTE
r-release-windows-ix86+x86_64 1.0.3 7.00 38.00 45.00 OK
r-release-osx-x86_64 1.0.3 OK
r-oldrel-windows-ix86+x86_64 1.0.3 5.00 46.00 51.00 OK
r-oldrel-osx-x86_64 1.0.3 OK

Check Details

Version: 1.0.3
Check: compiled code
Result: NOTE
    File ‘genSurv/libs/genSurv.so’:
     Found no calls to: ‘R_registerRoutines’, ‘R_useDynamicSymbols’
    
    It is good practice to register native routines and to disable symbol
    search.
    
    See ‘Writing portable packages’ in the ‘Writing R Extensions’ manual.
Flavors: r-devel-linux-x86_64-debian-clang, r-devel-linux-x86_64-debian-gcc, r-devel-linux-x86_64-fedora-clang, r-devel-linux-x86_64-fedora-gcc, r-patched-linux-x86_64, r-release-linux-x86_64