CRAN Package Check Results for Package genSurv

Last updated on 2014-04-23 20:47:12.

Flavor Version Tinstall Tcheck Ttotal Status Flags
r-devel-linux-x86_64-debian-clang 1.0.1 0.86 13.35 14.20 OK
r-devel-linux-x86_64-debian-gcc 1.0.1 0.88 13.28 14.16 OK
r-devel-linux-x86_64-fedora-clang 1.0.1 27.91 OK
r-devel-linux-x86_64-fedora-gcc 1.0.1 26.63 OK
r-devel-osx-x86_64-clang 1.0.1 26.26 OK
r-devel-osx-x86_64-gcc 1.0.1 OK
r-devel-windows-ix86+x86_64 1.0.1 4.00 27.00 31.00 OK
r-patched-linux-x86_64 1.0.1 0.89 13.07 13.96 OK
r-patched-solaris-sparc 1.0.1 160.90 OK
r-patched-solaris-x86 1.0.1 36.30 OK
r-release-linux-ix86 1.0.1 2.00 26.00 28.00 OK
r-release-linux-x86_64 1.0.1 0.84 13.31 14.15 OK
r-release-osx-x86_64-mavericks 1.0.1 WARN
r-release-windows-ix86+x86_64 1.0.1 11.00 37.00 48.00 OK
r-oldrel-windows-ix86+x86_64 1.0.1 5.00 27.00 32.00 OK

Check Details

Version: 1.0.1
Check: PDF version of manual
Result: WARNING
    LaTeX errors when creating PDF version.
    This typically indicates Rd problems.
    LaTeX errors found:
    ! LaTeX Error: File `upquote.sty' not found.
    
    Type X to quit or <RETURN> to proceed,
    or enter new name. (Default extension: sty)
    
    d30892c/Rd2.tex:8: ==> Fatal error occurred, no output PDF file produced!
Flavor: r-release-osx-x86_64-mavericks