CRAN Package Check Results for Package genSurv

Last updated on 2019-05-22 04:46:34 CEST.

Flavor Version Tinstall Tcheck Ttotal Status Flags
r-devel-linux-x86_64-debian-clang 1.0.3 2.91 25.20 28.11 OK
r-devel-linux-x86_64-debian-gcc 1.0.3 2.36 20.10 22.46 OK
r-devel-linux-x86_64-fedora-clang 1.0.3 33.35 NOTE
r-devel-linux-x86_64-fedora-gcc 1.0.3 32.10 NOTE
r-devel-windows-ix86+x86_64 1.0.3 10.00 72.00 82.00 OK
r-patched-linux-x86_64 1.0.3 3.24 25.08 28.32 OK
r-patched-solaris-x86 1.0.3 49.10 OK
r-release-linux-x86_64 1.0.3 3.04 25.45 28.49 OK
r-release-windows-ix86+x86_64 1.0.3 13.00 49.00 62.00 OK
r-release-osx-x86_64 1.0.3 OK
r-oldrel-windows-ix86+x86_64 1.0.3 7.00 45.00 52.00 OK
r-oldrel-osx-x86_64 1.0.3 OK

Check Details

Version: 1.0.3
Check: compiled code
Result: NOTE
    File ‘genSurv/libs/genSurv.so’:
     Found no calls to: ‘R_registerRoutines’, ‘R_useDynamicSymbols’
    
    It is good practice to register native routines and to disable symbol
    search.
    
    See ‘Writing portable packages’ in the ‘Writing R Extensions’ manual.
Flavors: r-devel-linux-x86_64-fedora-clang, r-devel-linux-x86_64-fedora-gcc