CRAN Package Check Results for Package genSurv

Last updated on 2018-06-22 18:46:41 CEST.

Flavor Version Tinstall Tcheck Ttotal Status Flags
r-devel-linux-x86_64-debian-clang 1.0.3 2.39 25.52 27.91 NOTE
r-devel-linux-x86_64-debian-gcc 1.0.3 2.02 20.18 22.20 NOTE
r-devel-linux-x86_64-fedora-clang 1.0.3 32.00 NOTE
r-devel-linux-x86_64-fedora-gcc 1.0.3 30.19 NOTE
r-devel-windows-ix86+x86_64 1.0.3 11.00 75.00 86.00 OK
r-patched-linux-x86_64 1.0.3 2.05 24.14 26.19 NOTE
r-patched-solaris-x86 1.0.3 44.70 OK
r-release-linux-x86_64 1.0.3 2.66 23.79 26.45 NOTE
r-release-windows-ix86+x86_64 1.0.3 5.00 60.00 65.00 OK
r-release-osx-x86_64 1.0.3 OK
r-oldrel-windows-ix86+x86_64 1.0.3 10.00 42.00 52.00 OK
r-oldrel-osx-x86_64 1.0.3 OK

Check Details

Version: 1.0.3
Check: compiled code
Result: NOTE
    File ‘genSurv/libs/genSurv.so’:
     Found no calls to: ‘R_registerRoutines’, ‘R_useDynamicSymbols’
    
    It is good practice to register native routines and to disable symbol
    search.
    
    See ‘Writing portable packages’ in the ‘Writing R Extensions’ manual.
Flavors: r-devel-linux-x86_64-debian-clang, r-devel-linux-x86_64-debian-gcc, r-devel-linux-x86_64-fedora-clang, r-devel-linux-x86_64-fedora-gcc, r-patched-linux-x86_64, r-release-linux-x86_64