CRAN Package Check Results for Package genSurv

Last updated on 2015-07-04 09:47:58.

Flavor Version Tinstall Tcheck Ttotal Status Flags
r-devel-linux-x86_64-debian-clang 1.0.2 0.80 13.01 13.81 NOTE
r-devel-linux-x86_64-debian-gcc 1.0.2 0.79 13.02 13.81 NOTE
r-devel-linux-x86_64-fedora-clang 1.0.2 26.16 NOTE
r-devel-linux-x86_64-fedora-gcc 1.0.2 24.21 NOTE
r-devel-osx-x86_64-clang 1.0.2 25.28 OK
r-devel-windows-ix86+x86_64 1.0.2 7.00 28.00 35.00 OK
r-patched-linux-x86_64 1.0.2 0.83 13.02 13.84 OK
r-patched-solaris-sparc 1.0.2 169.40 OK
r-patched-solaris-x86 1.0.2 33.80 OK
r-release-linux-x86_64 1.0.2 1.06 13.20 14.26 OK
r-release-osx-x86_64-mavericks 1.0.2 OK
r-release-windows-ix86+x86_64 1.0.2 7.00 27.00 34.00 OK
r-oldrel-windows-ix86+x86_64 1.0.2 5.00 28.00 33.00 OK

Check Details

Version: 1.0.2
Check: R code for possible problems
Result: NOTE
    genCMM: no visible global function definition for ‘runif’
    genCPHM: no visible global function definition for ‘runif’
    genCPHM: no visible global function definition for ‘rexp’
    genTDCM: no visible global function definition for ‘runif’
    genTHMM: no visible global function definition for ‘runif’
    genTHMM: no visible global function definition for ‘rexp’
    rexpcens: no visible global function definition for ‘rexp’
    runifcens: no visible global function definition for ‘runif’
    Undefined global functions or variables:
     rexp runif
Flavors: r-devel-linux-x86_64-debian-clang, r-devel-linux-x86_64-debian-gcc, r-devel-linux-x86_64-fedora-clang, r-devel-linux-x86_64-fedora-gcc