CRAN Package Check Results for Package genSurv

Last updated on 2017-12-12 12:46:33 CET.

Flavor Version Tinstall Tcheck Ttotal Status Flags
r-devel-linux-x86_64-debian-clang 1.0.3 1.18 22.35 23.53 NOTE
r-devel-linux-x86_64-debian-gcc 1.0.3 0.97 18.52 19.49 NOTE
r-devel-linux-x86_64-fedora-clang 1.0.3 27.21 NOTE
r-devel-linux-x86_64-fedora-gcc 1.0.3 26.67 NOTE
r-devel-windows-ix86+x86_64 1.0.3 11.00 58.00 69.00 OK
r-patched-linux-x86_64 1.0.3 1.23 23.00 24.23 NOTE
r-patched-solaris-x86 1.0.3 43.50 OK
r-release-linux-x86_64 1.0.3 1.07 24.03 25.10 NOTE
r-release-windows-ix86+x86_64 1.0.3 6.00 55.00 61.00 OK
r-release-osx-x86_64 1.0.3 OK
r-oldrel-windows-ix86+x86_64 1.0.3 10.00 49.00 59.00 OK
r-oldrel-osx-x86_64 1.0.3 OK

Check Details

Version: 1.0.3
Check: compiled code
Result: NOTE
    File ‘genSurv/libs/genSurv.so’:
     Found no calls to: ‘R_registerRoutines’, ‘R_useDynamicSymbols’
    
    It is good practice to register native routines and to disable symbol
    search.
    
    See ‘Writing portable packages’ in the ‘Writing R Extensions’ manual.
Flavors: r-devel-linux-x86_64-debian-clang, r-devel-linux-x86_64-debian-gcc, r-devel-linux-x86_64-fedora-clang, r-devel-linux-x86_64-fedora-gcc, r-patched-linux-x86_64, r-release-linux-x86_64