CRAN Package Check Results for Package genSurv

Last updated on 2017-03-29 20:49:27.

Flavor Version Tinstall Tcheck Ttotal Status Flags
r-devel-linux-x86_64-debian-clang 1.0.3 0.99 15.91 16.91 NOTE
r-devel-linux-x86_64-debian-gcc 1.0.3 1.03 15.01 16.04 NOTE
r-devel-linux-x86_64-fedora-clang 1.0.3 29.21 NOTE --no-stop-on-test-error
r-devel-linux-x86_64-fedora-gcc 1.0.3 27.87 NOTE --no-stop-on-test-error
r-devel-macos-x86_64-clang 1.0.3 23.97 NOTE --no-stop-on-test-error
r-devel-windows-ix86+x86_64 1.0.3 5.00 39.00 44.00 OK
r-patched-linux-x86_64 1.0.3 0.96 14.89 15.85 NOTE
r-patched-solaris-sparc 1.0.3 173.10 OK
r-patched-solaris-x86 1.0.3 38.10 OK
r-release-linux-x86_64 1.0.3 0.89 12.97 13.86 OK
r-release-osx-x86_64-mavericks 1.0.3 OK
r-release-windows-ix86+x86_64 1.0.3 7.00 77.00 84.00 OK
r-oldrel-windows-ix86+x86_64 1.0.3 13.00 39.00 52.00 OK

Check Details

Version: 1.0.3
Check: compiled code
Result: NOTE
    File ‘genSurv/libs/genSurv.so’:
     Found no calls to: ‘R_registerRoutines’, ‘R_useDynamicSymbols’
    
    It is good practice to register native routines and to disable symbol
    search.
    
    See ‘Writing portable packages’ in the ‘Writing R Extensions’ manual.
Flavors: r-devel-linux-x86_64-debian-clang, r-devel-linux-x86_64-debian-gcc, r-patched-linux-x86_64

Version: 1.0.3
Flags: --no-stop-on-test-error
Check: compiled code
Result: NOTE
    File ‘genSurv/libs/genSurv.so’:
     Found no calls to: ‘R_registerRoutines’, ‘R_useDynamicSymbols’
    
    It is good practice to register native routines and to disable symbol
    search.
    
    See ‘Writing portable packages’ in the ‘Writing R Extensions’ manual.
Flavors: r-devel-linux-x86_64-fedora-clang, r-devel-linux-x86_64-fedora-gcc, r-devel-macos-x86_64-clang