CRAN Package Check Results for Package genalg

Last updated on 2017-11-20 23:49:32 CET.

Flavor Version Tinstall Tcheck Ttotal Status Flags
r-devel-linux-x86_64-debian-clang 0.2.0 0.57 15.79 16.36 NOTE
r-devel-linux-x86_64-debian-gcc 0.2.0 1.12 45.99 47.10 NOTE
r-devel-linux-x86_64-fedora-clang 0.2.0 28.03 NOTE
r-devel-linux-x86_64-fedora-gcc 0.2.0 28.77 NOTE
r-devel-windows-ix86+x86_64 0.2.0 4.00 35.00 39.00 NOTE
r-patched-linux-x86_64 0.2.0 0.63 16.45 17.09 NOTE
r-patched-solaris-x86 0.2.0 42.90 NOTE
r-release-linux-x86_64 0.2.0 0.59 16.11 16.70 NOTE
r-release-windows-ix86+x86_64 0.2.0 2.00 33.00 35.00 NOTE
r-release-osx-x86_64 0.2.0 NOTE
r-oldrel-windows-ix86+x86_64 0.2.0 4.00 31.00 35.00 NOTE
r-oldrel-osx-x86_64 0.2.0 NOTE

Check Details

Version: 0.2.0
Check: R code for possible problems
Result: NOTE
    plot.rbga: no visible global function definition for ‘par’
    plot.rbga: no visible global function definition for ‘hist’
    plot.rbga: no visible global function definition for ‘plot’
    plot.rbga: no visible global function definition for ‘lines’
    rbga: no visible global function definition for ‘runif’
    rbga: no visible global function definition for ‘dnorm’
    rbga.bin: no visible global function definition for ‘dnorm’
    rbga.bin: no visible global function definition for ‘runif’
    Undefined global functions or variables:
     dnorm hist lines par plot runif
    Consider adding
     importFrom("graphics", "hist", "lines", "par", "plot")
     importFrom("stats", "dnorm", "runif")
    to your NAMESPACE file.
Flavors: r-devel-linux-x86_64-debian-clang, r-devel-linux-x86_64-debian-gcc, r-devel-linux-x86_64-fedora-clang, r-devel-linux-x86_64-fedora-gcc, r-devel-windows-ix86+x86_64, r-patched-linux-x86_64, r-patched-solaris-x86, r-release-linux-x86_64, r-release-windows-ix86+x86_64, r-release-osx-x86_64, r-oldrel-windows-ix86+x86_64, r-oldrel-osx-x86_64