CRAN Package Check Results for Package genalg

Last updated on 2016-12-07 22:49:54.

Flavor Version Tinstall Tcheck Ttotal Status Flags
r-devel-linux-x86_64-debian-clang 0.2.0 0.62 16.75 17.37 NOTE
r-devel-linux-x86_64-debian-gcc 0.2.0 0.64 15.75 16.39 NOTE
r-devel-linux-x86_64-fedora-clang 0.2.0 30.41 NOTE --no-stop-on-test-error
r-devel-linux-x86_64-fedora-gcc 0.2.0 29.06 NOTE --no-stop-on-test-error
r-devel-macos-x86_64-clang 0.2.0 24.28 NOTE
r-devel-windows-ix86+x86_64 0.2.0 8.00 42.00 50.00 NOTE
r-patched-linux-x86_64 0.2.0 0.53 15.31 15.84 NOTE
r-patched-solaris-sparc 0.2.0 178.40 NOTE
r-patched-solaris-x86 0.2.0 34.80 NOTE
r-release-linux-x86_64 0.2.0 2.58 14.57 17.15 NOTE
r-release-osx-x86_64-mavericks 0.2.0 NOTE
r-release-windows-ix86+x86_64 0.2.0 4.00 31.00 35.00 NOTE
r-oldrel-windows-ix86+x86_64 0.2.0 2.00 28.00 30.00 OK

Check Details

Version: 0.2.0
Check: R code for possible problems
Result: NOTE
    plot.rbga: no visible global function definition for ‘par’
    plot.rbga: no visible global function definition for ‘hist’
    plot.rbga: no visible global function definition for ‘plot’
    plot.rbga: no visible global function definition for ‘lines’
    rbga: no visible global function definition for ‘runif’
    rbga: no visible global function definition for ‘dnorm’
    rbga.bin: no visible global function definition for ‘dnorm’
    rbga.bin: no visible global function definition for ‘runif’
    Undefined global functions or variables:
     dnorm hist lines par plot runif
    Consider adding
     importFrom("graphics", "hist", "lines", "par", "plot")
     importFrom("stats", "dnorm", "runif")
    to your NAMESPACE file.
Flavors: r-devel-linux-x86_64-debian-clang, r-devel-linux-x86_64-debian-gcc, r-devel-macos-x86_64-clang, r-devel-windows-ix86+x86_64, r-patched-linux-x86_64, r-patched-solaris-sparc, r-patched-solaris-x86, r-release-linux-x86_64, r-release-osx-x86_64-mavericks, r-release-windows-ix86+x86_64

Version: 0.2.0
Flags: --no-stop-on-test-error
Check: R code for possible problems
Result: NOTE
    plot.rbga: no visible global function definition for ‘par’
    plot.rbga: no visible global function definition for ‘hist’
    plot.rbga: no visible global function definition for ‘plot’
    plot.rbga: no visible global function definition for ‘lines’
    rbga: no visible global function definition for ‘runif’
    rbga: no visible global function definition for ‘dnorm’
    rbga.bin: no visible global function definition for ‘dnorm’
    rbga.bin: no visible global function definition for ‘runif’
    Undefined global functions or variables:
     dnorm hist lines par plot runif
    Consider adding
     importFrom("graphics", "hist", "lines", "par", "plot")
     importFrom("stats", "dnorm", "runif")
    to your NAMESPACE file.
Flavors: r-devel-linux-x86_64-fedora-clang, r-devel-linux-x86_64-fedora-gcc