CRAN Package Check Results for Package genalg

Last updated on 2015-07-03 03:46:49.

Flavor Version Tinstall Tcheck Ttotal Status Flags
r-devel-linux-x86_64-debian-clang 0.2.0 0.60 14.76 15.36 NOTE
r-devel-linux-x86_64-debian-gcc 0.2.0 0.50 13.62 14.12 NOTE
r-devel-linux-x86_64-fedora-clang 0.2.0 29.49 NOTE
r-devel-linux-x86_64-fedora-gcc 0.2.0 26.86 NOTE
r-devel-osx-x86_64-clang 0.2.0 28.33 OK
r-devel-windows-ix86+x86_64 0.2.0 3.00 24.00 27.00 OK
r-patched-linux-x86_64 0.2.0 0.54 14.63 15.16 OK
r-patched-solaris-sparc 0.2.0 209.30 OK
r-patched-solaris-x86 0.2.0 39.70 OK
r-release-linux-x86_64 0.2.0 0.52 14.23 14.75 OK
r-release-osx-x86_64-mavericks 0.2.0 OK
r-release-windows-ix86+x86_64 0.2.0 2.00 24.00 26.00 OK
r-oldrel-windows-ix86+x86_64 0.2.0 3.00 28.00 31.00 OK

Check Details

Version: 0.2.0
Check: R code for possible problems
Result: NOTE
    plot.rbga: no visible global function definition for ‘par’
    plot.rbga: no visible global function definition for ‘hist’
    plot.rbga: no visible global function definition for ‘plot’
    plot.rbga: no visible global function definition for ‘lines’
    rbga: no visible global function definition for ‘runif’
    rbga: no visible global function definition for ‘dnorm’
    rbga.bin: no visible global function definition for ‘dnorm’
    rbga.bin: no visible global function definition for ‘runif’
    Undefined global functions or variables:
     dnorm hist lines par plot runif
Flavors: r-devel-linux-x86_64-debian-clang, r-devel-linux-x86_64-fedora-clang, r-devel-linux-x86_64-fedora-gcc

Version: 0.2.0
Check: R code for possible problems
Result: NOTE
    plot.rbga: no visible global function definition for ‘par’
    plot.rbga: no visible global function definition for ‘hist’
    plot.rbga: no visible global function definition for ‘plot’
    plot.rbga: no visible global function definition for ‘lines’
    rbga: no visible global function definition for ‘runif’
    rbga: no visible global function definition for ‘dnorm’
    rbga.bin: no visible global function definition for ‘dnorm’
    rbga.bin: no visible global function definition for ‘runif’
Flavor: r-devel-linux-x86_64-debian-gcc