CRAN Package Check Results for Package genalg

Last updated on 2015-01-30 17:51:53.

Flavor Version Tinstall Tcheck Ttotal Status Flags
r-devel-linux-x86_64-debian-clang 0.1.1.1 0.54 14.22 14.76 NOTE
r-devel-linux-x86_64-debian-gcc 0.1.1.1 0.52 13.68 14.20 NOTE
r-devel-linux-x86_64-fedora-clang 0.1.1.1 31.85 NOTE
r-devel-linux-x86_64-fedora-gcc 0.1.1.1 29.68 NOTE
r-devel-osx-x86_64-clang 0.1.1.1 31.51 NOTE
r-devel-windows-ix86+x86_64 0.1.1.1 3.00 23.00 26.00 OK
r-patched-linux-x86_64 0.1.1.1 0.56 15.54 16.10 OK
r-patched-solaris-sparc 0.1.1.1 199.80 OK
r-patched-solaris-x86 0.1.1.1 43.00 OK
r-release-linux-ix86 0.1.1.1 0.79 21.72 22.51 OK
r-release-linux-x86_64 0.1.1.1 0.56 14.82 15.38 OK
r-release-osx-x86_64-mavericks 0.1.1.1 OK
r-release-osx-x86_64-snowleopard 0.1.1.1 OK
r-release-windows-ix86+x86_64 0.1.1.1 2.00 34.00 36.00 OK
r-oldrel-windows-ix86+x86_64 0.1.1.1 2.00 26.00 28.00 OK

Check Details

Version: 0.1.1.1
Check: S3 generic/method consistency
Result: NOTE
    Found the following apparent S3 methods exported but not registered:
     summary.rbga plot.rbga
    See section ‘Registering S3 methods’ in the ‘Writing R Extensions’
    manual.
Flavors: r-devel-linux-x86_64-debian-clang, r-devel-linux-x86_64-debian-gcc, r-devel-linux-x86_64-fedora-clang, r-devel-linux-x86_64-fedora-gcc, r-devel-osx-x86_64-clang