CRAN Package Check Results for Package genalg

Last updated on 2016-04-29 06:47:24.

Flavor Version Tinstall Tcheck Ttotal Status Flags
r-devel-linux-x86_64-debian-gcc 0.2.0 0.55 14.52 15.07 NOTE
r-devel-linux-x86_64-fedora-clang 0.2.0 26.60 NOTE
r-devel-linux-x86_64-fedora-gcc 0.2.0 25.92 NOTE
r-devel-osx-x86_64-clang 0.2.0 29.17 NOTE
r-devel-windows-ix86+x86_64 0.2.0 4.00 32.00 36.00 NOTE
r-patched-linux-x86_64 0.2.0 0.55 14.55 15.10 NOTE
r-patched-solaris-sparc 0.2.0 176.90 NOTE
r-patched-solaris-x86 0.2.0 34.70 NOTE
r-release-linux-x86_64 0.2.0 0.54 15.31 15.85 OK
r-release-osx-x86_64-mavericks 0.2.0 OK
r-release-windows-ix86+x86_64 0.2.0 2.00 25.00 27.00 OK
r-oldrel-windows-ix86+x86_64 0.2.0 3.00 28.00 31.00 OK

Check Details

Version: 0.2.0
Check: R code for possible problems
Result: NOTE
    plot.rbga: no visible global function definition for ‘par’
    plot.rbga: no visible global function definition for ‘hist’
    plot.rbga: no visible global function definition for ‘plot’
    plot.rbga: no visible global function definition for ‘lines’
    rbga: no visible global function definition for ‘runif’
    rbga: no visible global function definition for ‘dnorm’
    rbga.bin: no visible global function definition for ‘dnorm’
    rbga.bin: no visible global function definition for ‘runif’
    Undefined global functions or variables:
     dnorm hist lines par plot runif
    Consider adding
     importFrom("graphics", "hist", "lines", "par", "plot")
     importFrom("stats", "dnorm", "runif")
    to your NAMESPACE file.
Flavors: r-devel-linux-x86_64-debian-gcc, r-devel-linux-x86_64-fedora-clang, r-devel-linux-x86_64-fedora-gcc, r-devel-osx-x86_64-clang, r-devel-windows-ix86+x86_64, r-patched-linux-x86_64, r-patched-solaris-sparc, r-patched-solaris-x86