CRAN Package Check Results for Package genalg

Last updated on 2016-07-30 23:47:29.

Flavor Version Tinstall Tcheck Ttotal Status Flags
r-devel-linux-x86_64-debian-clang 0.2.0 0.57 15.14 15.71 NOTE
r-devel-linux-x86_64-debian-gcc 0.2.0 0.47 14.98 15.45 NOTE
r-devel-linux-x86_64-fedora-clang 0.2.0 27.15 NOTE
r-devel-linux-x86_64-fedora-gcc 0.2.0 25.38 NOTE
r-devel-osx-x86_64-clang 0.2.0 22.10 NOTE
r-devel-windows-ix86+x86_64 0.2.0 2.00 31.00 33.00 NOTE
r-patched-linux-x86_64 0.2.0 0.54 14.80 15.35 NOTE
r-patched-solaris-sparc 0.2.0 178.40 NOTE
r-patched-solaris-x86 0.2.0 34.90 NOTE
r-release-linux-x86_64 0.2.0 0.60 17.29 17.89 NOTE
r-release-osx-x86_64-mavericks 0.2.0 NOTE
r-release-windows-ix86+x86_64 0.2.0 5.00 41.00 46.00 NOTE
r-oldrel-windows-ix86+x86_64 0.2.0 2.00 25.00 27.00 OK

Check Details

Version: 0.2.0
Check: R code for possible problems
Result: NOTE
    plot.rbga: no visible global function definition for ‘par’
    plot.rbga: no visible global function definition for ‘hist’
    plot.rbga: no visible global function definition for ‘plot’
    plot.rbga: no visible global function definition for ‘lines’
    rbga: no visible global function definition for ‘runif’
    rbga: no visible global function definition for ‘dnorm’
    rbga.bin: no visible global function definition for ‘dnorm’
    rbga.bin: no visible global function definition for ‘runif’
    Undefined global functions or variables:
     dnorm hist lines par plot runif
    Consider adding
     importFrom("graphics", "hist", "lines", "par", "plot")
     importFrom("stats", "dnorm", "runif")
    to your NAMESPACE file.
Flavors: r-devel-linux-x86_64-debian-clang, r-devel-linux-x86_64-debian-gcc, r-devel-linux-x86_64-fedora-clang, r-devel-linux-x86_64-fedora-gcc, r-devel-osx-x86_64-clang, r-devel-windows-ix86+x86_64, r-patched-linux-x86_64, r-patched-solaris-sparc, r-patched-solaris-x86, r-release-linux-x86_64, r-release-osx-x86_64-mavericks, r-release-windows-ix86+x86_64