CRAN Package Check Results for Package genalg

Last updated on 2017-05-29 16:48:22.

Flavor Version Tinstall Tcheck Ttotal Status Flags
r-devel-linux-x86_64-debian-clang 0.2.0 0.56 16.55 17.12 NOTE
r-devel-linux-x86_64-debian-gcc 0.2.0 0.64 15.93 16.57 NOTE
r-devel-linux-x86_64-fedora-clang 0.2.0 30.30 NOTE
r-devel-linux-x86_64-fedora-gcc 0.2.0 29.14 NOTE
r-devel-windows-ix86+x86_64 0.2.0 2.00 43.00 45.00 NOTE
r-patched-linux-x86_64 0.2.0 0.58 16.61 17.19 NOTE
r-patched-solaris-sparc 0.2.0 211.30 NOTE
r-patched-solaris-x86 0.2.0 39.50 NOTE
r-release-linux-x86_64 0.2.0 0.66 16.13 16.79 NOTE
r-release-windows-ix86+x86_64 0.2.0 2.00 32.00 34.00 NOTE
r-release-osx-x86_64 0.2.0 NOTE
r-oldrel-windows-ix86+x86_64 0.2.0 4.00 31.00 35.00 NOTE
r-oldrel-osx-x86_64 0.2.0 NOTE

Check Details

Version: 0.2.0
Check: R code for possible problems
Result: NOTE
    plot.rbga: no visible global function definition for ‘par’
    plot.rbga: no visible global function definition for ‘hist’
    plot.rbga: no visible global function definition for ‘plot’
    plot.rbga: no visible global function definition for ‘lines’
    rbga: no visible global function definition for ‘runif’
    rbga: no visible global function definition for ‘dnorm’
    rbga.bin: no visible global function definition for ‘dnorm’
    rbga.bin: no visible global function definition for ‘runif’
    Undefined global functions or variables:
     dnorm hist lines par plot runif
    Consider adding
     importFrom("graphics", "hist", "lines", "par", "plot")
     importFrom("stats", "dnorm", "runif")
    to your NAMESPACE file.
Flavors: r-devel-linux-x86_64-debian-clang, r-devel-linux-x86_64-debian-gcc, r-devel-linux-x86_64-fedora-clang, r-devel-linux-x86_64-fedora-gcc, r-devel-windows-ix86+x86_64, r-patched-linux-x86_64, r-patched-solaris-sparc, r-patched-solaris-x86, r-release-linux-x86_64, r-release-windows-ix86+x86_64, r-release-osx-x86_64, r-oldrel-windows-ix86+x86_64, r-oldrel-osx-x86_64