CRAN Package Check Results for Package genalg

Last updated on 2015-03-01 16:46:55.

Flavor Version Tinstall Tcheck Ttotal Status Flags
r-devel-linux-x86_64-debian-clang 0.1.1.1 0.54 14.05 14.58 NOTE
r-devel-linux-x86_64-debian-gcc 0.1.1.1 0.62 13.77 14.39 NOTE
r-devel-linux-x86_64-fedora-clang 0.1.1.1 30.10 NOTE
r-devel-linux-x86_64-fedora-gcc 0.1.1.1 27.70 NOTE
r-devel-osx-x86_64-clang 0.1.1.1 29.79 NOTE
r-devel-windows-ix86+x86_64 0.1.1.1 3.00 23.00 26.00 OK
r-patched-linux-x86_64 0.1.1.1 0.59 14.88 15.46 OK
r-patched-solaris-sparc 0.1.1.1 199.80 OK
r-patched-solaris-x86 0.1.1.1 42.50 OK
r-release-linux-ix86 0.1.1.1 0.81 22.36 23.18 OK
r-release-linux-x86_64 0.1.1.1 0.62 14.80 15.42 OK
r-release-osx-x86_64-mavericks 0.1.1.1 OK
r-release-osx-x86_64-snowleopard 0.1.1.1 OK
r-release-windows-ix86+x86_64 0.1.1.1 2.00 34.00 36.00 OK
r-oldrel-windows-ix86+x86_64 0.1.1.1 2.00 26.00 28.00 OK

Check Details

Version: 0.1.1.1
Check: S3 generic/method consistency
Result: NOTE
    Found the following apparent S3 methods exported but not registered:
     plot.rbga summary.rbga
    See section ‘Registering S3 methods’ in the ‘Writing R Extensions’
    manual.
Flavors: r-devel-linux-x86_64-debian-clang, r-devel-linux-x86_64-debian-gcc, r-devel-linux-x86_64-fedora-clang, r-devel-linux-x86_64-fedora-gcc, r-devel-osx-x86_64-clang