CRAN Package Check Results for Package genalg

Last updated on 2021-12-06 02:48:29 CET.

Flavor Version Tinstall Tcheck Ttotal Status Flags
r-devel-linux-x86_64-debian-clang 0.2.0 1.99 38.45 40.44 NOTE
r-devel-linux-x86_64-debian-gcc 0.2.0 1.77 29.55 31.32 NOTE
r-devel-linux-x86_64-fedora-clang 0.2.0 53.57 NOTE
r-devel-linux-x86_64-fedora-gcc 0.2.0 40.02 NOTE
r-devel-windows-x86_64-new-UL 0.2.0 7.00 58.00 65.00 NOTE
r-devel-windows-x86_64-new-TK 0.2.0 NOTE
r-devel-windows-x86_64-old 0.2.0 4.00 32.00 36.00 NOTE
r-patched-linux-x86_64 0.2.0 2.00 29.15 31.15 NOTE
r-release-linux-x86_64 0.2.0 1.99 37.06 39.05 NOTE
r-release-macos-arm64 0.2.0 NOTE
r-release-macos-x86_64 0.2.0 NOTE
r-release-windows-ix86+x86_64 0.2.0 5.00 33.00 38.00 NOTE
r-oldrel-macos-x86_64 0.2.0 NOTE
r-oldrel-windows-ix86+x86_64 0.2.0 4.00 32.00 36.00 NOTE

Check Details

Version: 0.2.0
Check: R code for possible problems
Result: NOTE
    plot.rbga: no visible global function definition for 'par'
    plot.rbga: no visible global function definition for 'hist'
    plot.rbga: no visible global function definition for 'lines'
    rbga: no visible global function definition for 'runif'
    rbga: no visible global function definition for 'dnorm'
    rbga.bin: no visible global function definition for 'dnorm'
    rbga.bin: no visible global function definition for 'runif'
    Undefined global functions or variables:
     dnorm hist lines par runif
    Consider adding
     importFrom("graphics", "hist", "lines", "par")
     importFrom("stats", "dnorm", "runif")
    to your NAMESPACE file.
Flavors: r-devel-linux-x86_64-debian-clang, r-devel-linux-x86_64-debian-gcc, r-devel-linux-x86_64-fedora-clang, r-devel-linux-x86_64-fedora-gcc, r-devel-windows-x86_64-new-UL, r-devel-windows-x86_64-new-TK, r-devel-windows-x86_64-old, r-patched-linux-x86_64, r-release-linux-x86_64, r-release-macos-arm64, r-release-macos-x86_64, r-release-windows-ix86+x86_64, r-oldrel-macos-x86_64, r-oldrel-windows-ix86+x86_64