CRAN Package Check Results for Package genalg

Last updated on 2015-08-31 17:48:18.

Flavor Version Tinstall Tcheck Ttotal Status Flags
r-devel-linux-x86_64-debian-clang 0.2.0 0.51 14.60 15.10 NOTE
r-devel-linux-x86_64-debian-gcc 0.2.0 0.50 13.40 13.90 NOTE
r-devel-linux-x86_64-fedora-clang 0.2.0 28.50 NOTE
r-devel-linux-x86_64-fedora-gcc 0.2.0 27.98 NOTE
r-devel-osx-x86_64-clang 0.2.0 25.80 OK
r-devel-windows-ix86+x86_64 0.2.0 2.00 40.00 42.00 NOTE
r-patched-linux-x86_64 0.2.0 0.52 14.23 14.75 OK
r-patched-solaris-sparc 0.2.0 202.00 OK
r-patched-solaris-x86 0.2.0 40.90 OK
r-release-linux-x86_64 0.2.0 0.56 14.82 15.38 OK
r-release-osx-x86_64-mavericks 0.2.0 OK
r-release-windows-ix86+x86_64 0.2.0 2.00 26.00 28.00 OK
r-oldrel-windows-ix86+x86_64 0.2.0 3.00 28.00 31.00 OK

Check Details

Version: 0.2.0
Check: R code for possible problems
Result: NOTE
    plot.rbga: no visible global function definition for ‘par’
    plot.rbga: no visible global function definition for ‘hist’
    plot.rbga: no visible global function definition for ‘plot’
    plot.rbga: no visible global function definition for ‘lines’
    rbga: no visible global function definition for ‘runif’
    rbga: no visible global function definition for ‘dnorm’
    rbga.bin: no visible global function definition for ‘dnorm’
    rbga.bin: no visible global function definition for ‘runif’
    Undefined global functions or variables:
     dnorm hist lines par plot runif
    Consider adding
     importFrom("graphics", "hist", "lines", "par", "plot")
     importFrom("stats", "dnorm", "runif")
    to your NAMESPACE.
Flavors: r-devel-linux-x86_64-debian-clang, r-devel-linux-x86_64-debian-gcc, r-devel-linux-x86_64-fedora-clang, r-devel-linux-x86_64-fedora-gcc, r-devel-windows-ix86+x86_64