CRAN Package Check Results for Package gender

Last updated on 2021-11-27 15:50:42 CET.

Flavor Version Tinstall Tcheck Ttotal Status Flags
r-devel-linux-x86_64-debian-clang 0.6.0 NOTE
r-devel-linux-x86_64-debian-gcc 0.6.0 3.04 37.52 40.56 NOTE
r-devel-linux-x86_64-fedora-clang 0.6.0 77.85 NOTE
r-devel-linux-x86_64-fedora-gcc 0.6.0 63.59 NOTE
r-devel-windows-x86_64-new-UL 0.6.0 12.00 90.00 102.00 NOTE
r-devel-windows-x86_64-new-TK 0.6.0 NOTE
r-devel-windows-x86_64-old 0.6.0 7.00 75.00 82.00 NOTE
r-patched-linux-x86_64 0.6.0 4.22 45.39 49.61 NOTE
r-patched-solaris-x86 0.6.0 83.30 NOTE
r-release-linux-x86_64 0.6.0 NOTE
r-release-macos-arm64 0.6.0 NOTE
r-release-macos-x86_64 0.6.0 NOTE
r-release-windows-ix86+x86_64 0.6.0 12.00 47.00 59.00 NOTE
r-oldrel-macos-x86_64 0.6.0 NOTE
r-oldrel-windows-ix86+x86_64 0.6.0 21.00 66.00 87.00 NOTE

Check Details

Version: 0.6.0
Check: package dependencies
Result: NOTE
    Package suggested but not available for checking: 'genderdata'
Flavors: r-devel-linux-x86_64-debian-clang, r-devel-linux-x86_64-debian-gcc, r-devel-linux-x86_64-fedora-clang, r-devel-linux-x86_64-fedora-gcc, r-devel-windows-x86_64-new-UL, r-devel-windows-x86_64-new-TK, r-devel-windows-x86_64-old, r-patched-linux-x86_64, r-patched-solaris-x86, r-release-linux-x86_64, r-release-macos-arm64, r-release-macos-x86_64, r-release-windows-ix86+x86_64, r-oldrel-macos-x86_64, r-oldrel-windows-ix86+x86_64