CRAN Package Check Results for Package gender

Last updated on 2022-06-28 11:49:44 CEST.

Flavor Version Tinstall Tcheck Ttotal Status Flags
r-devel-linux-x86_64-debian-clang 0.6.0 4.93 59.44 64.37 NOTE
r-devel-linux-x86_64-debian-gcc 0.6.0 3.56 44.09 47.65 NOTE
r-devel-linux-x86_64-fedora-clang 0.6.0 88.18 NOTE
r-devel-linux-x86_64-fedora-gcc 0.6.0 85.48 NOTE
r-devel-windows-x86_64 0.6.0 14.00 86.00 100.00 NOTE
r-patched-linux-x86_64 0.6.0 5.35 56.16 61.51 NOTE
r-release-linux-x86_64 0.6.0 4.42 56.01 60.43 NOTE
r-release-macos-arm64 0.6.0 25.00 NOTE
r-release-macos-x86_64 0.6.0 48.00 NOTE
r-release-windows-x86_64 0.6.0 20.00 84.00 104.00 NOTE
r-oldrel-macos-arm64 0.6.0 28.00 NOTE
r-oldrel-macos-x86_64 0.6.0 34.00 NOTE
r-oldrel-windows-ix86+x86_64 0.6.0 14.00 77.00 91.00 NOTE

Check Details

Version: 0.6.0
Check: package dependencies
Result: NOTE
    Package suggested but not available for checking: 'genderdata'
Flavors: r-devel-linux-x86_64-debian-clang, r-devel-linux-x86_64-debian-gcc, r-devel-linux-x86_64-fedora-clang, r-devel-linux-x86_64-fedora-gcc, r-devel-windows-x86_64, r-patched-linux-x86_64, r-release-linux-x86_64, r-release-macos-arm64, r-release-macos-x86_64, r-release-windows-x86_64, r-oldrel-macos-arm64, r-oldrel-macos-x86_64, r-oldrel-windows-ix86+x86_64