CRAN Package Check Results for Package geneListPie

Last updated on 2015-05-22 17:46:37.

Flavor Version Tinstall Tcheck Ttotal Status Flags
r-devel-linux-x86_64-debian-clang 1.0 0.79 9.38 10.17 NOTE
r-devel-linux-x86_64-debian-gcc 1.0 0.66 9.03 9.68 NOTE
r-devel-linux-x86_64-fedora-clang 1.0 19.22 NOTE
r-devel-linux-x86_64-fedora-gcc 1.0 18.43 NOTE
r-devel-osx-x86_64-clang 1.0 24.37 OK
r-devel-windows-ix86+x86_64 1.0 5.00 18.00 23.00 OK
r-patched-linux-x86_64 1.0 0.65 9.93 10.58 NOTE
r-patched-solaris-sparc 1.0 114.10 OK
r-patched-solaris-x86 1.0 27.70 OK
r-release-linux-x86_64 1.0 0.66 9.37 10.04 NOTE
r-release-osx-x86_64-mavericks 1.0 OK
r-release-osx-x86_64-snowleopard 1.0 OK
r-release-windows-ix86+x86_64 1.0 3.00 16.00 19.00 OK
r-oldrel-windows-ix86+x86_64 1.0 4.00 18.00 22.00 OK

Check Details

Version: 1.0
Check: Rd line widths
Result: NOTE
    Rd file 'geneListPie-package.Rd':
     \examples lines wider than 100 characters:
     glist<-c("ABCB7","ABCF1","ABHD2","ACAD9","ACIN1","AMOTL1","ANLN","ANXA4","APBA2","APBA3","BAI3","BCLAF1","BEST1")
    
    Rd file 'geneListProfile.Rd':
     \examples lines wider than 100 characters:
     glist<-c("ABCB7","ABCF1","ABHD2","ACAD9","ACIN1","AMOTL1","ANLN","ANXA4","APBA2","APBA3","BAI3","BCLAF1","BEST1")
    
    These lines will be truncated in the PDF manual.
Flavors: r-devel-linux-x86_64-debian-clang, r-devel-linux-x86_64-debian-gcc, r-devel-linux-x86_64-fedora-clang, r-devel-linux-x86_64-fedora-gcc, r-patched-linux-x86_64, r-release-linux-x86_64