CRAN Package Check Results for Package geneListPie

Last updated on 2015-04-18 08:48:41.

Flavor Version Tinstall Tcheck Ttotal Status Flags
r-devel-linux-x86_64-debian-clang 1.0 0.70 9.22 9.92 NOTE
r-devel-linux-x86_64-debian-gcc 1.0 0.66 9.63 10.29 NOTE
r-devel-linux-x86_64-fedora-clang 1.0 18.55 NOTE
r-devel-linux-x86_64-fedora-gcc 1.0 17.41 NOTE
r-devel-osx-x86_64-clang 1.0 24.12 OK
r-prerel-windows-ix86+x86_64 1.0 4.00 18.00 22.00 OK
r-prerel-linux-x86_64 1.0 0.70 9.26 9.96 NOTE
r-prerel-solaris-sparc 1.0 114.10 OK
r-prerel-solaris-x86 1.0 26.80 OK
r-release-linux-x86_64 1.0 0.70 10.18 10.88 NOTE
r-release-osx-x86_64-mavericks 1.0 OK
r-release-windows-ix86+x86_64 1.0 4.00 18.00 22.00 OK
r-oldrel-windows-ix86+x86_64 1.0 3.00 18.00 21.00 OK

Check Details

Version: 1.0
Check: Rd line widths
Result: NOTE
    Rd file 'geneListPie-package.Rd':
     \examples lines wider than 100 characters:
     glist<-c("ABCB7","ABCF1","ABHD2","ACAD9","ACIN1","AMOTL1","ANLN","ANXA4","APBA2","APBA3","BAI3","BCLAF1","BEST1")
    
    Rd file 'geneListProfile.Rd':
     \examples lines wider than 100 characters:
     glist<-c("ABCB7","ABCF1","ABHD2","ACAD9","ACIN1","AMOTL1","ANLN","ANXA4","APBA2","APBA3","BAI3","BCLAF1","BEST1")
    
    These lines will be truncated in the PDF manual.
Flavors: r-devel-linux-x86_64-debian-clang, r-devel-linux-x86_64-debian-gcc, r-devel-linux-x86_64-fedora-clang, r-devel-linux-x86_64-fedora-gcc, r-prerel-linux-x86_64, r-release-linux-x86_64