CRAN Package Check Results for Package geneListPie

Last updated on 2017-01-18 03:52:29.

Flavor Version Tinstall Tcheck Ttotal Status Flags
r-devel-linux-x86_64-debian-clang 1.0 0.72 11.50 12.22 NOTE
r-devel-linux-x86_64-debian-gcc 1.0 0.81 11.05 11.87 NOTE
r-devel-linux-x86_64-fedora-clang 1.0 19.40 NOTE --no-stop-on-test-error
r-devel-linux-x86_64-fedora-gcc 1.0 18.47 NOTE --no-stop-on-test-error
r-devel-macos-x86_64-clang 1.0 18.02 NOTE --no-stop-on-test-error
r-devel-windows-ix86+x86_64 1.0 5.00 28.00 33.00 NOTE
r-patched-linux-x86_64 1.0 0.83 9.46 10.29 NOTE
r-patched-solaris-sparc 1.0 111.80 NOTE
r-patched-solaris-x86 1.0 25.40 NOTE
r-release-linux-x86_64 1.0 0.66 9.49 10.15 NOTE
r-release-osx-x86_64-mavericks 1.0 NOTE
r-release-windows-ix86+x86_64 1.0 8.00 32.00 40.00 NOTE
r-oldrel-windows-ix86+x86_64 1.0 9.00 36.00 45.00 OK

Check Details

Version: 1.0
Check: R code for possible problems
Result: NOTE
    load.genelist: no visible global function definition for ‘read.delim’
    Undefined global functions or variables:
     read.delim
    Consider adding
     importFrom("utils", "read.delim")
    to your NAMESPACE file.
Flavors: r-devel-linux-x86_64-debian-clang, r-devel-linux-x86_64-debian-gcc, r-devel-windows-ix86+x86_64, r-patched-linux-x86_64, r-patched-solaris-sparc, r-patched-solaris-x86, r-release-linux-x86_64, r-release-osx-x86_64-mavericks, r-release-windows-ix86+x86_64

Version: 1.0
Check: Rd line widths
Result: NOTE
    Rd file 'geneListPie-package.Rd':
     \examples lines wider than 100 characters:
     glist<-c("ABCB7","ABCF1","ABHD2","ACAD9","ACIN1","AMOTL1","ANLN","ANXA4","APBA2","APBA3","BAI3","BCLAF1","BEST1")
    
    Rd file 'geneListProfile.Rd':
     \examples lines wider than 100 characters:
     glist<-c("ABCB7","ABCF1","ABHD2","ACAD9","ACIN1","AMOTL1","ANLN","ANXA4","APBA2","APBA3","BAI3","BCLAF1","BEST1")
    
    These lines will be truncated in the PDF manual.
Flavors: r-devel-linux-x86_64-debian-clang, r-devel-linux-x86_64-debian-gcc, r-patched-linux-x86_64, r-release-linux-x86_64

Version: 1.0
Flags: --no-stop-on-test-error
Check: R code for possible problems
Result: NOTE
    load.genelist: no visible global function definition for ‘read.delim’
    Undefined global functions or variables:
     read.delim
    Consider adding
     importFrom("utils", "read.delim")
    to your NAMESPACE file.
Flavors: r-devel-linux-x86_64-fedora-clang, r-devel-linux-x86_64-fedora-gcc, r-devel-macos-x86_64-clang

Version: 1.0
Flags: --no-stop-on-test-error
Check: Rd line widths
Result: NOTE
    Rd file 'geneListPie-package.Rd':
     \examples lines wider than 100 characters:
     glist<-c("ABCB7","ABCF1","ABHD2","ACAD9","ACIN1","AMOTL1","ANLN","ANXA4","APBA2","APBA3","BAI3","BCLAF1","BEST1")
    
    Rd file 'geneListProfile.Rd':
     \examples lines wider than 100 characters:
     glist<-c("ABCB7","ABCF1","ABHD2","ACAD9","ACIN1","AMOTL1","ANLN","ANXA4","APBA2","APBA3","BAI3","BCLAF1","BEST1")
    
    These lines will be truncated in the PDF manual.
Flavors: r-devel-linux-x86_64-fedora-clang, r-devel-linux-x86_64-fedora-gcc