CRAN Package Check Results for Package geneListPie

Last updated on 2016-07-28 13:47:26.

Flavor Version Tinstall Tcheck Ttotal Status Flags
r-devel-linux-x86_64-debian-clang 1.0 0.89 11.85 12.74 NOTE
r-devel-linux-x86_64-debian-gcc 1.0 0.81 11.40 12.21 NOTE
r-devel-linux-x86_64-fedora-clang 1.0 16.10 NOTE
r-devel-linux-x86_64-fedora-gcc 1.0 15.00 NOTE
r-devel-osx-x86_64-clang 1.0 15.67 NOTE
r-devel-windows-ix86+x86_64 1.0 3.00 25.00 28.00 NOTE
r-patched-linux-x86_64 1.0 0.99 11.47 12.45 NOTE
r-patched-solaris-sparc 1.0 108.70 NOTE
r-patched-solaris-x86 1.0 25.20 NOTE
r-release-linux-x86_64 1.0 0.82 11.85 12.67 NOTE
r-release-osx-x86_64-mavericks 1.0 NOTE
r-release-windows-ix86+x86_64 1.0 2.00 25.00 27.00 NOTE
r-oldrel-windows-ix86+x86_64 1.0 4.00 31.00 35.00 OK

Check Details

Version: 1.0
Check: R code for possible problems
Result: NOTE
    load.genelist: no visible global function definition for ‘read.delim’
    Undefined global functions or variables:
     read.delim
    Consider adding
     importFrom("utils", "read.delim")
    to your NAMESPACE file.
Flavors: r-devel-linux-x86_64-debian-clang, r-devel-linux-x86_64-debian-gcc, r-devel-linux-x86_64-fedora-clang, r-devel-linux-x86_64-fedora-gcc, r-devel-osx-x86_64-clang, r-devel-windows-ix86+x86_64, r-patched-linux-x86_64, r-patched-solaris-sparc, r-patched-solaris-x86, r-release-linux-x86_64, r-release-osx-x86_64-mavericks, r-release-windows-ix86+x86_64

Version: 1.0
Check: Rd line widths
Result: NOTE
    Rd file 'geneListPie-package.Rd':
     \examples lines wider than 100 characters:
     glist<-c("ABCB7","ABCF1","ABHD2","ACAD9","ACIN1","AMOTL1","ANLN","ANXA4","APBA2","APBA3","BAI3","BCLAF1","BEST1")
    
    Rd file 'geneListProfile.Rd':
     \examples lines wider than 100 characters:
     glist<-c("ABCB7","ABCF1","ABHD2","ACAD9","ACIN1","AMOTL1","ANLN","ANXA4","APBA2","APBA3","BAI3","BCLAF1","BEST1")
    
    These lines will be truncated in the PDF manual.
Flavors: r-devel-linux-x86_64-debian-clang, r-devel-linux-x86_64-debian-gcc, r-devel-linux-x86_64-fedora-clang, r-devel-linux-x86_64-fedora-gcc, r-patched-linux-x86_64, r-release-linux-x86_64