CRAN Package Check Results for Package geneListPie

Last updated on 2014-08-21 03:48:17.

Flavor Version Tinstall Tcheck Ttotal Status Flags
r-devel-linux-x86_64-debian-clang 1.0 0.65 10.08 10.73 OK
r-devel-linux-x86_64-debian-gcc 1.0 0.65 9.16 9.81 OK
r-devel-linux-x86_64-fedora-clang 1.0 20.17 NOTE
r-devel-linux-x86_64-fedora-gcc 1.0 18.68 NOTE
r-devel-osx-x86_64-clang 1.0 22.47 OK
r-devel-windows-ix86+x86_64 1.0 3.00 17.00 20.00 OK
r-patched-linux-x86_64 1.0 0.65 9.38 10.04 OK
r-patched-solaris-sparc 1.0 115.60 OK
r-patched-solaris-x86 1.0 28.80 OK
r-release-linux-ix86 1.0 1.00 15.60 16.60 OK
r-release-linux-x86_64 1.0 0.74 9.38 10.13 OK
r-release-osx-x86_64-mavericks 1.0 OK
r-release-windows-ix86+x86_64 1.0 3.00 27.00 30.00 OK
r-oldrel-windows-ix86+x86_64 1.0 2.00 16.00 18.00 OK

Check Details

Version: 1.0
Check: Rd line widths
Result: NOTE
    Rd file 'geneListPie-package.Rd':
     \examples lines wider than 100 characters:
     glist<-c("ABCB7","ABCF1","ABHD2","ACAD9","ACIN1","AMOTL1","ANLN","ANXA4","APBA2","APBA3","BAI3","BCLAF1","BEST1")
    
    Rd file 'geneListProfile.Rd':
     \examples lines wider than 100 characters:
     glist<-c("ABCB7","ABCF1","ABHD2","ACAD9","ACIN1","AMOTL1","ANLN","ANXA4","APBA2","APBA3","BAI3","BCLAF1","BEST1")
    
    These lines will be truncated in the PDF manual.
Flavors: r-devel-linux-x86_64-fedora-clang, r-devel-linux-x86_64-fedora-gcc