CRAN Package Check Results for Package geneListPie

Last updated on 2016-02-09 10:47:55.

Flavor Version Tinstall Tcheck Ttotal Status Flags
r-devel-linux-x86_64-debian-gcc 1.0 0.76 8.59 9.35 NOTE
r-devel-linux-x86_64-fedora-clang 1.0 15.97 NOTE
r-devel-linux-x86_64-fedora-gcc 1.0 15.00 NOTE
r-devel-osx-x86_64-clang 1.0 19.96 NOTE
r-devel-windows-ix86+x86_64 1.0 4.00 20.00 24.00 NOTE
r-patched-linux-x86_64 1.0 0.71 9.07 9.78 NOTE
r-patched-solaris-sparc 1.0 107.10 OK
r-patched-solaris-x86 1.0 24.30 OK
r-release-linux-x86_64 1.0 0.73 9.35 10.07 NOTE
r-release-osx-x86_64-mavericks 1.0 OK
r-release-windows-ix86+x86_64 1.0 5.00 26.00 31.00 OK
r-oldrel-windows-ix86+x86_64 1.0 5.00 19.00 24.00 OK

Check Details

Version: 1.0
Check: R code for possible problems
Result: NOTE
    load.genelist: no visible global function definition for ‘read.delim’
    Undefined global functions or variables:
     read.delim
    Consider adding
     importFrom("utils", "read.delim")
    to your NAMESPACE file.
Flavors: r-devel-linux-x86_64-debian-gcc, r-devel-linux-x86_64-fedora-clang, r-devel-linux-x86_64-fedora-gcc, r-devel-osx-x86_64-clang, r-devel-windows-ix86+x86_64

Version: 1.0
Check: Rd line widths
Result: NOTE
    Rd file 'geneListPie-package.Rd':
     \examples lines wider than 100 characters:
     glist<-c("ABCB7","ABCF1","ABHD2","ACAD9","ACIN1","AMOTL1","ANLN","ANXA4","APBA2","APBA3","BAI3","BCLAF1","BEST1")
    
    Rd file 'geneListProfile.Rd':
     \examples lines wider than 100 characters:
     glist<-c("ABCB7","ABCF1","ABHD2","ACAD9","ACIN1","AMOTL1","ANLN","ANXA4","APBA2","APBA3","BAI3","BCLAF1","BEST1")
    
    These lines will be truncated in the PDF manual.
Flavors: r-devel-linux-x86_64-debian-gcc, r-devel-linux-x86_64-fedora-clang, r-devel-linux-x86_64-fedora-gcc, r-patched-linux-x86_64, r-release-linux-x86_64