CRAN Package Check Results for Package geneListPie

Last updated on 2015-02-01 10:46:53.

Flavor Version Tinstall Tcheck Ttotal Status Flags
r-devel-linux-x86_64-debian-clang 1.0 0.67 9.65 10.32 NOTE
r-devel-linux-x86_64-debian-gcc 1.0 0.66 9.09 9.75 NOTE
r-devel-linux-x86_64-fedora-clang 1.0 21.25 NOTE
r-devel-linux-x86_64-fedora-gcc 1.0 18.60 NOTE
r-devel-osx-x86_64-clang 1.0 28.36 OK
r-devel-windows-ix86+x86_64 1.0 3.00 18.00 21.00 OK
r-patched-linux-x86_64 1.0 0.75 10.57 11.32 NOTE
r-patched-solaris-sparc 1.0 121.20 OK
r-patched-solaris-x86 1.0 30.30 OK
r-release-linux-ix86 1.0 1.01 16.24 17.25 NOTE
r-release-linux-x86_64 1.0 0.97 9.70 10.67 NOTE
r-release-osx-x86_64-mavericks 1.0 OK
r-release-windows-ix86+x86_64 1.0 3.00 21.00 24.00 OK
r-oldrel-windows-ix86+x86_64 1.0 3.00 18.00 21.00 OK

Check Details

Version: 1.0
Check: Rd line widths
Result: NOTE
    Rd file 'geneListPie-package.Rd':
     \examples lines wider than 100 characters:
     glist<-c("ABCB7","ABCF1","ABHD2","ACAD9","ACIN1","AMOTL1","ANLN","ANXA4","APBA2","APBA3","BAI3","BCLAF1","BEST1")
    
    Rd file 'geneListProfile.Rd':
     \examples lines wider than 100 characters:
     glist<-c("ABCB7","ABCF1","ABHD2","ACAD9","ACIN1","AMOTL1","ANLN","ANXA4","APBA2","APBA3","BAI3","BCLAF1","BEST1")
    
    These lines will be truncated in the PDF manual.
Flavors: r-devel-linux-x86_64-debian-clang, r-devel-linux-x86_64-debian-gcc, r-devel-linux-x86_64-fedora-clang, r-devel-linux-x86_64-fedora-gcc, r-patched-linux-x86_64, r-release-linux-ix86, r-release-linux-x86_64