CRAN Package Check Results for Package geneListPie

Last updated on 2017-07-25 01:51:37.

Flavor Version Tinstall Tcheck Ttotal Status Flags
r-devel-linux-x86_64-debian-clang 1.0 0.78 18.49 19.27 NOTE
r-devel-linux-x86_64-debian-gcc 1.0 0.70 18.28 18.98 NOTE
r-devel-linux-x86_64-fedora-clang 1.0 20.67 NOTE
r-devel-linux-x86_64-fedora-gcc 1.0 18.99 NOTE
r-devel-windows-ix86+x86_64 1.0 4.00 38.00 42.00 NOTE
r-patched-linux-x86_64 1.0 0.73 18.50 19.23 NOTE
r-patched-solaris-x86 1.0 28.60 NOTE
r-release-linux-x86_64 1.0 0.87 18.31 19.17 NOTE
r-release-windows-ix86+x86_64 1.0 2.00 29.00 31.00 NOTE
r-release-osx-x86_64 1.0 NOTE
r-oldrel-windows-ix86+x86_64 1.0 5.00 35.00 40.00 NOTE
r-oldrel-osx-x86_64 1.0 NOTE

Check Details

Version: 1.0
Check: R code for possible problems
Result: NOTE
    load.genelist: no visible global function definition for ‘read.delim’
    Undefined global functions or variables:
     read.delim
    Consider adding
     importFrom("utils", "read.delim")
    to your NAMESPACE file.
Flavors: r-devel-linux-x86_64-debian-clang, r-devel-linux-x86_64-debian-gcc, r-devel-linux-x86_64-fedora-clang, r-devel-linux-x86_64-fedora-gcc, r-devel-windows-ix86+x86_64, r-patched-linux-x86_64, r-patched-solaris-x86, r-release-linux-x86_64, r-release-windows-ix86+x86_64, r-release-osx-x86_64, r-oldrel-windows-ix86+x86_64, r-oldrel-osx-x86_64

Version: 1.0
Check: Rd line widths
Result: NOTE
    Rd file 'geneListPie-package.Rd':
     \examples lines wider than 100 characters:
     glist<-c("ABCB7","ABCF1","ABHD2","ACAD9","ACIN1","AMOTL1","ANLN","ANXA4","APBA2","APBA3","BAI3","BCLAF1","BEST1")
    
    Rd file 'geneListProfile.Rd':
     \examples lines wider than 100 characters:
     glist<-c("ABCB7","ABCF1","ABHD2","ACAD9","ACIN1","AMOTL1","ANLN","ANXA4","APBA2","APBA3","BAI3","BCLAF1","BEST1")
    
    These lines will be truncated in the PDF manual.
Flavors: r-devel-linux-x86_64-debian-clang, r-devel-linux-x86_64-debian-gcc, r-devel-linux-x86_64-fedora-clang, r-devel-linux-x86_64-fedora-gcc, r-patched-linux-x86_64, r-release-linux-x86_64