CRAN Package Check Results for Package geneListPie

Last updated on 2014-09-19 07:49:29.

Flavor Version Tinstall Tcheck Ttotal Status Flags
r-devel-linux-x86_64-debian-clang 1.0 0.66 9.60 10.26 NOTE
r-devel-linux-x86_64-debian-gcc 1.0 0.62 9.36 9.98 NOTE
r-devel-linux-x86_64-fedora-clang 1.0 19.98 NOTE
r-devel-linux-x86_64-fedora-gcc 1.0 19.07 NOTE
r-devel-osx-x86_64-clang 1.0 24.80 OK
r-devel-windows-ix86+x86_64 1.0 2.00 16.00 18.00 OK
r-patched-linux-x86_64 1.0 0.65 9.38 10.03 NOTE
r-patched-solaris-sparc 1.0 115.60 OK
r-patched-solaris-x86 1.0 30.20 OK
r-release-linux-ix86 1.0 0.99 15.80 16.79 OK
r-release-linux-x86_64 1.0 0.66 9.66 10.32 NOTE
r-release-osx-x86_64-mavericks 1.0 OK
r-release-windows-ix86+x86_64 1.0 3.00 27.00 30.00 OK
r-oldrel-windows-ix86+x86_64 1.0 2.00 16.00 18.00 OK

Check Details

Version: 1.0
Check: Rd line widths
Result: NOTE
    Rd file 'geneListPie-package.Rd':
     \examples lines wider than 100 characters:
     glist<-c("ABCB7","ABCF1","ABHD2","ACAD9","ACIN1","AMOTL1","ANLN","ANXA4","APBA2","APBA3","BAI3","BCLAF1","BEST1")
    
    Rd file 'geneListProfile.Rd':
     \examples lines wider than 100 characters:
     glist<-c("ABCB7","ABCF1","ABHD2","ACAD9","ACIN1","AMOTL1","ANLN","ANXA4","APBA2","APBA3","BAI3","BCLAF1","BEST1")
    
    These lines will be truncated in the PDF manual.
Flavors: r-devel-linux-x86_64-debian-clang, r-devel-linux-x86_64-debian-gcc, r-devel-linux-x86_64-fedora-clang, r-devel-linux-x86_64-fedora-gcc, r-patched-linux-x86_64, r-release-linux-x86_64