CRAN Package Check Results for Package geneListPie

Last updated on 2014-04-19 11:48:51.

Flavor Version Tinstall Tcheck Ttotal Status Flags
r-devel-linux-x86_64-debian-clang 1.0 0.70 9.67 10.37 OK
r-devel-linux-x86_64-debian-gcc 1.0 0.71 9.70 10.42 OK
r-devel-linux-x86_64-fedora-clang 1.0 19.94 NOTE
r-devel-linux-x86_64-fedora-gcc 1.0 18.40 NOTE
r-devel-macosx-x86_64-clang 1.0 21.74 OK
r-devel-macosx-x86_64-gcc 1.0 OK
r-devel-windows-ix86+x86_64 1.0 2.00 22.00 24.00 OK
r-patched-linux-x86_64 1.0 0.69 9.64 10.32 OK
r-patched-solaris-sparc 1.0 117.40 OK
r-patched-solaris-x86 1.0 30.00 OK
r-release-linux-ix86 1.0 2.00 22.00 24.00 OK
r-release-linux-x86_64 1.0 0.69 9.50 10.19 OK
r-release-windows-ix86+x86_64 1.0 5.00 22.00 27.00 OK
r-oldrel-windows-ix86+x86_64 1.0 2.00 16.00 18.00 OK

Check Details

Version: 1.0
Check: Rd line widths
Result: NOTE
    Rd file 'geneListPie-package.Rd':
     \examples lines wider than 100 characters:
     glist<-c("ABCB7","ABCF1","ABHD2","ACAD9","ACIN1","AMOTL1","ANLN","ANXA4","APBA2","APBA3","BAI3","BCLAF1","BEST1")
    
    Rd file 'geneListProfile.Rd':
     \examples lines wider than 100 characters:
     glist<-c("ABCB7","ABCF1","ABHD2","ACAD9","ACIN1","AMOTL1","ANLN","ANXA4","APBA2","APBA3","BAI3","BCLAF1","BEST1")
    
    These lines will be truncated in the PDF manual.
Flavors: r-devel-linux-x86_64-fedora-clang, r-devel-linux-x86_64-fedora-gcc