CRAN Package Check Results for Package geneListPie

Last updated on 2014-11-24 12:47:45.

Flavor Version Tinstall Tcheck Ttotal Status Flags
r-devel-linux-x86_64-debian-clang 1.0 0.70 9.95 10.64 NOTE
r-devel-linux-x86_64-debian-gcc 1.0 0.67 9.76 10.42 NOTE
r-devel-linux-x86_64-fedora-clang 1.0 21.52 NOTE
r-devel-linux-x86_64-fedora-gcc 1.0 20.47 NOTE
r-devel-osx-x86_64-clang 1.0 25.50 OK
r-devel-windows-ix86+x86_64 1.0 2.00 18.00 20.00 OK
r-patched-linux-x86_64 1.0 0.70 9.82 10.52 NOTE
r-patched-solaris-sparc 1.0 115.60 OK
r-patched-solaris-x86 1.0 31.00 OK
r-release-linux-ix86 1.0 0.98 15.55 16.53 OK
r-release-linux-x86_64 1.0 0.71 9.61 10.32 NOTE
r-release-osx-x86_64-mavericks 1.0 OK
r-release-windows-ix86+x86_64 1.0 3.00 16.00 19.00 OK
r-oldrel-windows-ix86+x86_64 1.0 3.00 17.00 20.00 OK

Check Details

Version: 1.0
Check: Rd line widths
Result: NOTE
    Rd file 'geneListPie-package.Rd':
     \examples lines wider than 100 characters:
     glist<-c("ABCB7","ABCF1","ABHD2","ACAD9","ACIN1","AMOTL1","ANLN","ANXA4","APBA2","APBA3","BAI3","BCLAF1","BEST1")
    
    Rd file 'geneListProfile.Rd':
     \examples lines wider than 100 characters:
     glist<-c("ABCB7","ABCF1","ABHD2","ACAD9","ACIN1","AMOTL1","ANLN","ANXA4","APBA2","APBA3","BAI3","BCLAF1","BEST1")
    
    These lines will be truncated in the PDF manual.
Flavors: r-devel-linux-x86_64-debian-clang, r-devel-linux-x86_64-debian-gcc, r-devel-linux-x86_64-fedora-clang, r-devel-linux-x86_64-fedora-gcc, r-patched-linux-x86_64, r-release-linux-x86_64