CRAN Package Check Results for Package geneSignatureFinder

Last updated on 2015-05-22 09:47:34.

Flavor Version Tinstall Tcheck Ttotal Status Flags
r-devel-linux-x86_64-debian-clang 2014.02.17 0.79 35.54 36.33 NOTE
r-devel-linux-x86_64-debian-gcc 2014.02.17 0.81 33.44 34.25 NOTE
r-devel-linux-x86_64-fedora-clang 2014.02.17 43.53 NOTE
r-devel-linux-x86_64-fedora-gcc 2014.02.17 39.99 NOTE
r-devel-osx-x86_64-clang 2014.02.17 60.90 NOTE
r-devel-windows-ix86+x86_64 2014.02.17 4.00 48.00 52.00 NOTE
r-patched-linux-x86_64 2014.02.17 0.75 33.69 34.44 NOTE
r-patched-solaris-sparc 2014.02.17 557.20 NOTE
r-patched-solaris-x86 2014.02.17 113.60 NOTE
r-release-linux-x86_64 2014.02.17 0.77 34.78 35.55 NOTE
r-release-osx-x86_64-mavericks 2014.02.17 NOTE
r-release-osx-x86_64-snowleopard 2014.02.17 NOTE
r-release-windows-ix86+x86_64 2014.02.17 3.00 52.00 55.00 NOTE
r-oldrel-windows-ix86+x86_64 2014.02.17 4.00 80.00 84.00 NOTE

Check Details

Version: 2014.02.17
Check: dependencies in R code
Result: NOTE
    Package in Depends field not imported from: ‘parallel’
     These packages need to be imported from (in the NAMESPACE file)
     for when this namespace is loaded but not attached.
Flavors: r-devel-linux-x86_64-debian-clang, r-devel-linux-x86_64-debian-gcc, r-devel-linux-x86_64-fedora-clang, r-devel-linux-x86_64-fedora-gcc, r-devel-osx-x86_64-clang, r-devel-windows-ix86+x86_64, r-patched-linux-x86_64, r-patched-solaris-sparc, r-patched-solaris-x86, r-release-linux-x86_64, r-release-osx-x86_64-mavericks, r-release-osx-x86_64-snowleopard, r-release-windows-ix86+x86_64, r-oldrel-windows-ix86+x86_64

Version: 2014.02.17
Check: R code for possible problems
Result: NOTE
    NCPUS: no visible global function definition for ‘detectCores’
    NCPUS: no visible global function definition for ‘makeCluster’
    importance: no visible global function definition for ‘clusterExport’
    importance: no visible global function definition for ‘clusterEvalQ’
    importance: no visible global function definition for ‘parApply’
    importance: no visible global function definition for ‘stopCluster’
    parallelFindBest: no visible global function definition for ‘parApply’
    parallelSignatureFinder: no visible global function definition for
     ‘parApply’
    puttingAllTogether: no visible global function definition for
     ‘makeCluster’
    puttingAllTogether: no visible global function definition for
     ‘stopCluster’
    seedsFinder: no visible global function definition for ‘clusterExport’
    seedsFinder: no visible global function definition for ‘clusterEvalQ’
    seedsFinder: no visible global function definition for ‘parApply’
    seedsFinder: no visible global function definition for ‘stopCluster’
    signatureFinder: no visible global function definition for
     ‘clusterExport’
    signatureFinder: no visible global function definition for
     ‘clusterEvalQ’
    signatureFinder: no visible global function definition for
     ‘stopCluster’
    testGE: no visible global function definition for ‘clusterExport’
    testGE: no visible global function definition for ‘parApply’
    testGE: no visible global function definition for ‘stopCluster’
Flavors: r-devel-linux-x86_64-debian-clang, r-devel-linux-x86_64-debian-gcc, r-devel-linux-x86_64-fedora-clang, r-devel-linux-x86_64-fedora-gcc, r-devel-osx-x86_64-clang, r-devel-windows-ix86+x86_64, r-patched-linux-x86_64, r-patched-solaris-sparc, r-patched-solaris-x86, r-release-linux-x86_64, r-release-osx-x86_64-mavericks, r-release-osx-x86_64-snowleopard, r-release-windows-ix86+x86_64, r-oldrel-windows-ix86+x86_64