CRAN Package Check Results for Package geneSignatureFinder

Last updated on 2014-09-17 08:49:17.

Flavor Version Tinstall Tcheck Ttotal Status Flags
r-devel-linux-x86_64-debian-clang 2014.02.17 0.87 39.59 40.46 NOTE
r-devel-linux-x86_64-debian-gcc 2014.02.17 0.87 37.64 38.51 NOTE
r-devel-linux-x86_64-fedora-clang 2014.02.17 45.94 NOTE
r-devel-linux-x86_64-fedora-gcc 2014.02.17 43.28 NOTE
r-devel-osx-x86_64-clang 2014.02.17 59.44 NOTE
r-devel-windows-ix86+x86_64 2014.02.17 4.00 49.00 53.00 NOTE
r-patched-linux-x86_64 2014.02.17 0.91 38.61 39.52 NOTE
r-patched-solaris-sparc 2014.02.17 605.10 NOTE
r-patched-solaris-x86 2014.02.17 119.30 NOTE
r-release-linux-ix86 2014.02.17 1.29 44.96 46.25 OK
r-release-linux-x86_64 2014.02.17 0.95 39.36 40.31 OK
r-release-osx-x86_64-mavericks 2014.02.17 OK
r-release-osx-x86_64-snowleopard 2014.02.17 OK
r-release-windows-ix86+x86_64 2014.02.17 4.00 54.00 58.00 OK
r-oldrel-windows-ix86+x86_64 2014.02.17 4.00 53.00 57.00 OK

Check Details

Version: 2014.02.17
Check: dependencies in R code
Result: NOTE
    Package in Depends field not imported from: ‘parallel’
     These packages need to be imported from (in the NAMESPACE file)
     for when this namespace is loaded but not attached.
    See the information on DESCRIPTION files in the chapter ‘Creating R
    packages’ of the ‘Writing R Extensions’ manual.
Flavors: r-devel-linux-x86_64-debian-clang, r-devel-linux-x86_64-debian-gcc, r-devel-linux-x86_64-fedora-clang, r-devel-linux-x86_64-fedora-gcc, r-devel-osx-x86_64-clang, r-devel-windows-ix86+x86_64, r-patched-linux-x86_64, r-patched-solaris-sparc, r-patched-solaris-x86

Version: 2014.02.17
Check: R code for possible problems
Result: NOTE
    NCPUS: no visible global function definition for ‘detectCores’
    NCPUS: no visible global function definition for ‘makeCluster’
    importance: no visible global function definition for ‘clusterExport’
    importance: no visible global function definition for ‘clusterEvalQ’
    importance: no visible global function definition for ‘parApply’
    importance: no visible global function definition for ‘stopCluster’
    parallelFindBest: no visible global function definition for ‘parApply’
    parallelSignatureFinder: no visible global function definition for
     ‘parApply’
    puttingAllTogether: no visible global function definition for
     ‘makeCluster’
    puttingAllTogether: no visible global function definition for
     ‘stopCluster’
    seedsFinder: no visible global function definition for ‘clusterExport’
    seedsFinder: no visible global function definition for ‘clusterEvalQ’
    seedsFinder: no visible global function definition for ‘parApply’
    seedsFinder: no visible global function definition for ‘stopCluster’
    signatureFinder: no visible global function definition for
     ‘clusterExport’
    signatureFinder: no visible global function definition for
     ‘clusterEvalQ’
    signatureFinder: no visible global function definition for
     ‘stopCluster’
    testGE: no visible global function definition for ‘clusterExport’
    testGE: no visible global function definition for ‘parApply’
    testGE: no visible global function definition for ‘stopCluster’
Flavors: r-devel-linux-x86_64-debian-clang, r-devel-linux-x86_64-debian-gcc, r-devel-linux-x86_64-fedora-clang, r-devel-linux-x86_64-fedora-gcc, r-devel-osx-x86_64-clang, r-devel-windows-ix86+x86_64