CRAN Package Check Results for Package geneSignatureFinder

Last updated on 2014-04-24 19:53:58.

Flavor Version Tinstall Tcheck Ttotal Status Flags
r-devel-linux-x86_64-debian-clang 2014.02.17 0.94 31.21 32.15 OK
r-devel-linux-x86_64-debian-gcc 2014.02.17 1.00 30.99 31.99 OK
r-devel-linux-x86_64-fedora-clang 2014.02.17 47.73 OK
r-devel-linux-x86_64-fedora-gcc 2014.02.17 45.15 OK
r-devel-osx-x86_64-clang 2014.02.17 57.63 OK
r-devel-osx-x86_64-gcc 2014.02.17 OK
r-devel-windows-ix86+x86_64 2014.02.17 3.00 49.00 52.00 OK
r-patched-linux-x86_64 2014.02.17 0.98 31.17 32.15 OK
r-patched-solaris-sparc 2014.02.17 577.00 OK
r-patched-solaris-x86 2014.02.17 120.30 OK
r-release-linux-ix86 2014.02.17 1.00 59.00 60.00 OK
r-release-linux-x86_64 2014.02.17 1.04 31.22 32.26 OK
r-release-osx-x86_64-mavericks 2014.02.17 WARN
r-release-osx-x86_64-snowleopard 2014.02.17 OK
r-release-windows-ix86+x86_64 2014.02.17 4.00 51.00 55.00 OK
r-oldrel-windows-ix86+x86_64 2014.02.17 4.00 50.00 54.00 OK

Check Details

Version: 2014.02.17
Check: PDF version of manual
Result: WARNING
    LaTeX errors when creating PDF version.
    This typically indicates Rd problems.
    LaTeX errors found:
    ! LaTeX Error: File `upquote.sty' not found.
    
    Type X to quit or <RETURN> to proceed,
    or enter new name. (Default extension: sty)
    
    e04388b/Rd2.tex:8: ==> Fatal error occurred, no output PDF file produced!
Flavor: r-release-osx-x86_64-mavericks