CRAN Package Check Results for Package geneSignatureFinder

Last updated on 2015-04-18 11:25:32.

Flavor Version Tinstall Tcheck Ttotal Status Flags
r-devel-linux-x86_64-debian-clang 2014.02.17 1.03 34.35 35.38 NOTE
r-devel-linux-x86_64-debian-gcc 2014.02.17 0.76 34.18 34.94 NOTE
r-devel-linux-x86_64-fedora-clang 2014.02.17 42.98 NOTE
r-devel-linux-x86_64-fedora-gcc 2014.02.17 39.87 NOTE
r-devel-osx-x86_64-clang 2014.02.17 60.03 NOTE
r-patched-linux-x86_64 2014.02.17 0.77 33.04 33.82 NOTE
r-patched-solaris-sparc 2014.02.17 557.20 NOTE
r-patched-solaris-x86 2014.02.17 113.20 NOTE
r-release-linux-x86_64 2014.02.17 0.92 33.48 34.39 NOTE
r-release-osx-x86_64-mavericks 2014.02.17 NOTE
r-release-osx-x86_64-snowleopard 2014.02.17 OK
r-release-windows-ix86+x86_64 2014.02.17 4.00 62.00 66.00 NOTE
r-oldrel-windows-ix86+x86_64 2014.02.17 4.00 69.00 73.00 OK

Check Details

Version: 2014.02.17
Check: dependencies in R code
Result: NOTE
    Package in Depends field not imported from: ‘parallel’
     These packages need to be imported from (in the NAMESPACE file)
     for when this namespace is loaded but not attached.
Flavors: r-devel-linux-x86_64-debian-clang, r-devel-linux-x86_64-debian-gcc, r-devel-linux-x86_64-fedora-clang, r-devel-linux-x86_64-fedora-gcc, r-devel-osx-x86_64-clang, r-patched-linux-x86_64, r-patched-solaris-sparc, r-patched-solaris-x86, r-release-linux-x86_64, r-release-windows-ix86+x86_64

Version: 2014.02.17
Check: R code for possible problems
Result: NOTE
    NCPUS: no visible global function definition for ‘detectCores’
    NCPUS: no visible global function definition for ‘makeCluster’
    importance: no visible global function definition for ‘clusterExport’
    importance: no visible global function definition for ‘clusterEvalQ’
    importance: no visible global function definition for ‘parApply’
    importance: no visible global function definition for ‘stopCluster’
    parallelFindBest: no visible global function definition for ‘parApply’
    parallelSignatureFinder: no visible global function definition for
     ‘parApply’
    puttingAllTogether: no visible global function definition for
     ‘makeCluster’
    puttingAllTogether: no visible global function definition for
     ‘stopCluster’
    seedsFinder: no visible global function definition for ‘clusterExport’
    seedsFinder: no visible global function definition for ‘clusterEvalQ’
    seedsFinder: no visible global function definition for ‘parApply’
    seedsFinder: no visible global function definition for ‘stopCluster’
    signatureFinder: no visible global function definition for
     ‘clusterExport’
    signatureFinder: no visible global function definition for
     ‘clusterEvalQ’
    signatureFinder: no visible global function definition for
     ‘stopCluster’
    testGE: no visible global function definition for ‘clusterExport’
    testGE: no visible global function definition for ‘parApply’
    testGE: no visible global function definition for ‘stopCluster’
Flavors: r-devel-linux-x86_64-debian-clang, r-devel-linux-x86_64-debian-gcc, r-devel-linux-x86_64-fedora-clang, r-devel-linux-x86_64-fedora-gcc, r-devel-osx-x86_64-clang, r-patched-linux-x86_64, r-patched-solaris-sparc, r-patched-solaris-x86, r-release-linux-x86_64, r-release-osx-x86_64-mavericks, r-release-windows-ix86+x86_64

Version: 2014.02.17
Check: dependencies in R code
Result: NOTE
    Package in Depends field not imported from: ‘parallel’
     These packages need to be imported from (in the NAMESPACE file)
     for when this namespace is loaded but not attached.
    See the information on DESCRIPTION files in the chapter ‘Creating R
    packages’ of the ‘Writing R Extensions’ manual.
Flavor: r-release-osx-x86_64-mavericks