CRAN Package Check Results for Package geneSignatureFinder

Last updated on 2014-12-22 07:48:02.

Flavor Version Tinstall Tcheck Ttotal Status Flags
r-devel-linux-x86_64-debian-clang 2014.02.17 0.91 36.85 37.76 NOTE
r-devel-linux-x86_64-debian-gcc 2014.02.17 0.94 35.32 36.26 NOTE
r-devel-linux-x86_64-fedora-clang 2014.02.17 48.78 NOTE
r-devel-linux-x86_64-fedora-gcc 2014.02.17 46.29 NOTE
r-devel-osx-x86_64-clang 2014.02.17 64.36 NOTE
r-devel-windows-ix86+x86_64 2014.02.17 5.00 52.00 57.00 NOTE
r-patched-linux-x86_64 2014.02.17 0.95 36.36 37.31 NOTE
r-patched-solaris-sparc 2014.02.17 581.40 NOTE
r-patched-solaris-x86 2014.02.17 121.40 NOTE
r-release-linux-ix86 2014.02.17 1.24 42.72 43.96 NOTE
r-release-linux-x86_64 2014.02.17 0.92 36.78 37.70 NOTE
r-release-osx-x86_64-mavericks 2014.02.17 OK
r-release-osx-x86_64-snowleopard 2014.02.17 OK
r-release-windows-ix86+x86_64 2014.02.17 4.00 55.00 59.00 NOTE
r-oldrel-windows-ix86+x86_64 2014.02.17 4.00 54.00 58.00 OK

Check Details

Version: 2014.02.17
Check: dependencies in R code
Result: NOTE
    Package in Depends field not imported from: ‘parallel’
     These packages need to be imported from (in the NAMESPACE file)
     for when this namespace is loaded but not attached.
    See the information on DESCRIPTION files in the chapter ‘Creating R
    packages’ of the ‘Writing R Extensions’ manual.
Flavors: r-devel-linux-x86_64-debian-clang, r-devel-linux-x86_64-debian-gcc, r-devel-linux-x86_64-fedora-clang, r-devel-linux-x86_64-fedora-gcc, r-devel-osx-x86_64-clang, r-devel-windows-ix86+x86_64, r-patched-linux-x86_64, r-patched-solaris-sparc, r-patched-solaris-x86, r-release-linux-ix86, r-release-linux-x86_64, r-release-windows-ix86+x86_64

Version: 2014.02.17
Check: R code for possible problems
Result: NOTE
    NCPUS: no visible global function definition for ‘detectCores’
    NCPUS: no visible global function definition for ‘makeCluster’
    importance: no visible global function definition for ‘clusterExport’
    importance: no visible global function definition for ‘clusterEvalQ’
    importance: no visible global function definition for ‘parApply’
    importance: no visible global function definition for ‘stopCluster’
    parallelFindBest: no visible global function definition for ‘parApply’
    parallelSignatureFinder: no visible global function definition for
     ‘parApply’
    puttingAllTogether: no visible global function definition for
     ‘makeCluster’
    puttingAllTogether: no visible global function definition for
     ‘stopCluster’
    seedsFinder: no visible global function definition for ‘clusterExport’
    seedsFinder: no visible global function definition for ‘clusterEvalQ’
    seedsFinder: no visible global function definition for ‘parApply’
    seedsFinder: no visible global function definition for ‘stopCluster’
    signatureFinder: no visible global function definition for
     ‘clusterExport’
    signatureFinder: no visible global function definition for
     ‘clusterEvalQ’
    signatureFinder: no visible global function definition for
     ‘stopCluster’
    testGE: no visible global function definition for ‘clusterExport’
    testGE: no visible global function definition for ‘parApply’
    testGE: no visible global function definition for ‘stopCluster’
Flavors: r-devel-linux-x86_64-debian-clang, r-devel-linux-x86_64-debian-gcc, r-devel-linux-x86_64-fedora-clang, r-devel-linux-x86_64-fedora-gcc, r-devel-osx-x86_64-clang, r-devel-windows-ix86+x86_64, r-patched-linux-x86_64, r-patched-solaris-sparc, r-patched-solaris-x86, r-release-linux-ix86, r-release-linux-x86_64, r-release-windows-ix86+x86_64