Last updated on 2023-12-10 13:49:28 CET.
Flavor | Version | Tinstall | Tcheck | Ttotal | Status | Flags |
---|---|---|---|---|---|---|
r-devel-linux-x86_64-debian-clang | 1.0.5 | 77.05 | 31.46 | 108.51 | NOTE | |
r-devel-linux-x86_64-debian-gcc | 1.0.5 | 52.59 | 26.53 | 79.12 | NOTE | |
r-devel-linux-x86_64-fedora-clang | 1.0.5 | 184.89 | NOTE | |||
r-devel-linux-x86_64-fedora-gcc | 1.0.5 | 156.06 | NOTE | |||
r-devel-windows-x86_64 | 1.0.5 | 56.00 | 79.00 | 135.00 | NOTE | |
r-patched-linux-x86_64 | 1.0.5 | 65.83 | 30.76 | 96.59 | NOTE | |
r-release-linux-x86_64 | 1.0.5 | 63.72 | 31.06 | 94.78 | NOTE | |
r-release-macos-arm64 | 1.0.5 | 44.00 | NOTE | |||
r-release-macos-x86_64 | 1.0.5 | 67.00 | NOTE | |||
r-release-windows-x86_64 | 1.0.5 | 56.00 | 77.00 | 133.00 | NOTE | |
r-oldrel-macos-arm64 | 1.0.5 | 48.00 | OK | |||
r-oldrel-macos-x86_64 | 1.0.5 | 51.00 | OK | |||
r-oldrel-windows-x86_64 | 1.0.5 | 72.00 | 81.00 | 153.00 | OK |
Version: 1.0.5
Check: C++ specification
Result: NOTE
Specified C++11: please drop specification unless essential
Flavors: r-devel-linux-x86_64-debian-clang, r-devel-linux-x86_64-debian-gcc, r-devel-linux-x86_64-fedora-clang, r-devel-linux-x86_64-fedora-gcc, r-devel-windows-x86_64, r-patched-linux-x86_64, r-release-linux-x86_64, r-release-macos-arm64, r-release-macos-x86_64, r-release-windows-x86_64