CRAN Package Check Results for Package genio

Last updated on 2019-10-24 03:58:31 CEST.

Flavor Version Tinstall Tcheck Ttotal Status Flags
r-devel-linux-x86_64-debian-clang 1.0.10 23.01 42.21 65.22 OK
r-devel-linux-x86_64-debian-gcc 1.0.10 14.67 34.20 48.87 OK
r-devel-linux-x86_64-fedora-clang 1.0.10 88.28 OK
r-devel-linux-x86_64-fedora-gcc 1.0.10 80.81 OK
r-devel-windows-ix86+x86_64 1.0.10 45.00 105.00 150.00 OK
r-patched-linux-x86_64 1.0.10 17.13 42.05 59.18 OK
r-patched-solaris-x86 1.0.10 102.60 OK
r-release-linux-x86_64 1.0.10 16.82 42.72 59.54 OK
r-release-windows-ix86+x86_64 1.0.10 61.00 75.00 136.00 OK
r-release-osx-x86_64 1.0.10 NOTE
r-oldrel-windows-ix86+x86_64 1.0.10 59.00 110.00 169.00 OK
r-oldrel-osx-x86_64 1.0.10 OK

Check Details

Version: 1.0.10
Check: package dependencies
Result: NOTE
    Packages suggested but not available for checking: 'lfa', 'snpStats'
Flavor: r-release-osx-x86_64