CRAN Package Check Results for Package genio

Last updated on 2019-07-20 09:48:14 CEST.

Flavor Version Tinstall Tcheck Ttotal Status Flags
r-devel-linux-x86_64-debian-clang 1.0.10 19.82 44.05 63.87 OK
r-devel-linux-x86_64-debian-gcc 1.0.10 15.26 35.82 51.08 OK
r-devel-linux-x86_64-fedora-clang 1.0.10 86.77 OK
r-devel-linux-x86_64-fedora-gcc 1.0.10 83.17 OK
r-devel-windows-ix86+x86_64 1.0.10 49.00 118.00 167.00 OK
r-patched-linux-x86_64 1.0.10 17.94 42.88 60.82 OK
r-patched-solaris-x86 1.0.10 107.30 OK
r-release-linux-x86_64 1.0.10 17.62 43.19 60.81 OK
r-release-windows-ix86+x86_64 1.0.10 40.00 76.00 116.00 OK
r-release-osx-x86_64 1.0.10 NOTE
r-oldrel-windows-ix86+x86_64 1.0.10 39.00 109.00 148.00 OK
r-oldrel-osx-x86_64 1.0.10 OK

Check Details

Version: 1.0.10
Check: package dependencies
Result: NOTE
    Packages suggested but not available for checking: 'lfa', 'snpStats'
Flavor: r-release-osx-x86_64