CRAN Package Check Results for Package genlasso

Last updated on 2015-05-23 02:46:47.

Flavor Version Tinstall Tcheck Ttotal Status Flags
r-devel-linux-x86_64-debian-clang 1.3 6.14 76.52 82.66 OK
r-devel-linux-x86_64-debian-gcc 1.3 5.48 74.02 79.50 OK
r-devel-linux-x86_64-fedora-clang 1.3 165.16 OK
r-devel-linux-x86_64-fedora-gcc 1.3 160.16 OK
r-devel-osx-x86_64-clang 1.3 154.60 OK
r-devel-windows-ix86+x86_64 1.3 15.00 140.00 155.00 OK
r-patched-linux-x86_64 1.3 5.54 77.08 82.63 OK
r-patched-solaris-sparc 1.3 984.20 OK
r-patched-solaris-x86 1.3 199.80 OK
r-release-linux-x86_64 1.3 5.48 76.71 82.19 OK
r-release-osx-x86_64-mavericks 1.3 OK
r-release-osx-x86_64-snowleopard 1.3 ERROR
r-release-windows-ix86+x86_64 1.3 17.00 136.00 153.00 OK
r-oldrel-windows-ix86+x86_64 1.3 19.00 157.00 176.00 OK

Check Details

Version: 1.3
Check: package dependencies
Result: ERROR
    Package required but not available: ‘igraph’
    
    See section ‘The DESCRIPTION file’ in the ‘Writing R Extensions’
    manual.
Flavor: r-release-osx-x86_64-snowleopard