CRAN Package Check Results for Package genlasso

Last updated on 2014-07-29 07:48:55.

Flavor Version Tinstall Tcheck Ttotal Status Flags
r-devel-linux-x86_64-debian-clang 1.2 7.44 94.67 102.11 OK
r-devel-linux-x86_64-debian-gcc 1.2 7.32 93.06 100.38 OK
r-devel-linux-x86_64-fedora-clang 1.2 237.07 OK
r-devel-linux-x86_64-fedora-gcc 1.2 224.23 OK
r-devel-osx-x86_64-clang 1.2 174.98 OK
r-devel-windows-ix86+x86_64 1.2 18.00 158.00 176.00 OK
r-patched-linux-x86_64 1.2 7.02 102.98 110.00 OK
r-patched-solaris-sparc 1.2 1313.10 OK
r-patched-solaris-x86 1.2 281.40 OK
r-release-linux-ix86 1.2 8.80 120.99 129.80 OK
r-release-linux-x86_64 1.2 7.20 105.33 112.52 OK
r-release-osx-x86_64-mavericks 1.2 NOTE
r-release-osx-x86_64-snowleopard 1.2 OK
r-release-windows-ix86+x86_64 1.2 16.00 175.00 191.00 OK
r-oldrel-windows-ix86+x86_64 1.2 19.00 165.00 184.00 OK

Check Details

Version: 1.2
Check: re-building of vignette outputs
Result: NOTE
    Error in re-building vignettes:
     ...
    Loading required package: MASS
    Loading required package: Matrix
    Loading required package: igraph
    Error in texi2dvi(file = file, pdf = TRUE, clean = clean, quiet = quiet, :
     Running 'texi2dvi' on 'article.tex' failed.
    LaTeX errors:
    ! LaTeX Error: File `utf8x.def' not found.
    
    Type X to quit or <RETURN> to proceed,
    or enter new name. (Default extension: def)
    Calls: buildVignettes -> texi2pdf -> texi2dvi
    Execution halted
Flavor: r-release-osx-x86_64-mavericks