CRAN Package Check Results for Package genlasso

Last updated on 2014-12-22 17:51:24.

Flavor Version Tinstall Tcheck Ttotal Status Flags
r-devel-linux-x86_64-debian-clang 1.3 6.46 98.33 104.78 OK
r-devel-linux-x86_64-debian-gcc 1.3 6.00 95.14 101.15 OK
r-devel-linux-x86_64-fedora-clang 1.3 231.54 OK
r-devel-linux-x86_64-fedora-gcc 1.3 216.79 OK
r-devel-osx-x86_64-clang 1.3 199.25 OK
r-devel-windows-ix86+x86_64 1.3 16.00 170.00 186.00 OK
r-patched-linux-x86_64 1.3 6.95 96.35 103.30 OK
r-patched-solaris-sparc 1.3 1306.20 OK
r-patched-solaris-x86 1.3 272.40 OK
r-release-linux-ix86 1.3 7.91 116.93 124.84 OK
r-release-linux-x86_64 1.3 6.74 102.74 109.48 OK
r-release-osx-x86_64-mavericks 1.3 NOTE
r-release-osx-x86_64-snowleopard 1.3 OK
r-release-windows-ix86+x86_64 1.3 20.00 168.00 188.00 OK
r-oldrel-windows-ix86+x86_64 1.3 17.00 168.00 185.00 OK

Check Details

Version: 1.3
Check: re-building of vignette outputs
Result: NOTE
    Error in re-building vignettes:
     ...
    Loading required package: MASS
    Loading required package: Matrix
    Loading required package: igraph
    Error in texi2dvi(file = file, pdf = TRUE, clean = clean, quiet = quiet, :
     Running 'texi2dvi' on 'article.tex' failed.
    LaTeX errors:
    ! LaTeX Error: File `utf8x.def' not found.
    
    Type X to quit or <RETURN> to proceed,
    or enter new name. (Default extension: def)
    Calls: buildVignettes -> texi2pdf -> texi2dvi
    Execution halted
Flavor: r-release-osx-x86_64-mavericks