CRAN Package Check Results for Package genlasso

Last updated on 2015-06-30 04:46:34.

Flavor Version Tinstall Tcheck Ttotal Status Flags
r-devel-linux-x86_64-debian-clang 1.3 5.74 79.46 85.19 NOTE
r-devel-linux-x86_64-debian-gcc 1.3 5.67 77.67 83.34 NOTE
r-devel-linux-x86_64-fedora-clang 1.3 171.62 OK
r-devel-linux-x86_64-fedora-gcc 1.3 160.17 OK
r-devel-osx-x86_64-clang 1.3 158.89 OK
r-devel-windows-ix86+x86_64 1.3 22.00 131.00 153.00 NOTE
r-patched-linux-x86_64 1.3 5.45 78.11 83.56 OK
r-patched-solaris-sparc 1.3 984.20 OK
r-patched-solaris-x86 1.3 203.60 OK
r-release-linux-x86_64 1.3 5.47 79.40 84.88 OK
r-release-osx-x86_64-mavericks 1.3 OK
r-release-windows-ix86+x86_64 1.3 22.00 139.00 161.00 OK
r-oldrel-windows-ix86+x86_64 1.3 18.00 194.00 212.00 OK

Check Details

Version: 1.3
Check: R code for possible problems
Result: NOTE
    checkrows: no visible global function definition for ‘rnorm’
    cv.trendfilter: no visible binding for global variable ‘sd’
    plot.cv.trendfilter: no visible global function definition for ‘plot’
    plot.cv.trendfilter: no visible global function definition for ‘lines’
    plot.cv.trendfilter: no visible global function definition for ‘points’
    plot.cv.trendfilter: no visible global function definition for ‘legend’
    plot.gcv.genlasso: no visible global function definition for ‘plot’
    plot.gcv.genlasso: no visible global function definition for ‘points’
    plot.genlasso: no visible global function definition for ‘par’
    plot.genlasso: no visible global function definition for ‘rainbow’
    plot.genlasso: no visible global function definition for ‘plot’
    plot.genlasso: no visible global function definition for ‘matplot’
    plot.genlasso: no visible global function definition for ‘abline’
    plot.genlasso: no visible global function definition for ‘text’
    plot.genlasso: no visible global function definition for ‘lines’
    plot.trendfilter: no visible global function definition for ‘plot’
    plot.trendfilter: no visible global function definition for ‘matplot’
    predict.genlasso: no visible global function definition for ‘coef’
    softthresh: no visible global function definition for ‘coef’
Flavors: r-devel-linux-x86_64-debian-clang, r-devel-linux-x86_64-debian-gcc, r-devel-windows-ix86+x86_64