CRAN Package Check Results for Package genlasso

Last updated on 2014-11-27 01:47:51.

Flavor Version Tinstall Tcheck Ttotal Status Flags
r-devel-linux-x86_64-debian-clang 1.3 8.44 103.78 112.23 OK
r-devel-linux-x86_64-debian-gcc 1.3 6.19 88.27 94.46 OK
r-devel-linux-x86_64-fedora-clang 1.3 223.91 OK
r-devel-linux-x86_64-fedora-gcc 1.3 251.37 OK
r-devel-osx-x86_64-clang 1.3 179.18 OK
r-devel-windows-ix86+x86_64 1.3 15.00 177.00 192.00 OK
r-patched-linux-x86_64 1.3 6.78 104.94 111.72 OK
r-patched-solaris-sparc 1.3 1201.60 OK
r-patched-solaris-x86 1.3 271.20 OK
r-release-linux-ix86 1.3 7.80 117.61 125.41 OK
r-release-linux-x86_64 1.3 7.21 104.48 111.69 OK
r-release-osx-x86_64-mavericks 1.3 NOTE
r-release-osx-x86_64-snowleopard 1.3 OK
r-release-windows-ix86+x86_64 1.3 16.00 178.00 194.00 OK
r-oldrel-windows-ix86+x86_64 1.3 16.00 165.00 181.00 OK

Check Details

Version: 1.3
Check: re-building of vignette outputs
Result: NOTE
    Error in re-building vignettes:
     ...
    Loading required package: MASS
    Loading required package: Matrix
    Loading required package: igraph
    Error in texi2dvi(file = file, pdf = TRUE, clean = clean, quiet = quiet, :
     Running 'texi2dvi' on 'article.tex' failed.
    LaTeX errors:
    ! LaTeX Error: File `utf8x.def' not found.
    
    Type X to quit or <RETURN> to proceed,
    or enter new name. (Default extension: def)
    Calls: buildVignettes -> texi2pdf -> texi2dvi
    Execution halted
Flavor: r-release-osx-x86_64-mavericks