CRAN Package Check Results for Package genlasso

Last updated on 2014-08-27 22:47:12.

Flavor Version Tinstall Tcheck Ttotal Status Flags
r-devel-linux-x86_64-debian-clang 1.2 6.70 94.70 101.40 OK
r-devel-linux-x86_64-debian-gcc 1.2 6.54 91.06 97.60 OK
r-devel-linux-x86_64-fedora-clang 1.2 229.75 OK
r-devel-linux-x86_64-fedora-gcc 1.2 211.99 OK
r-devel-osx-x86_64-clang 1.2 170.29 OK
r-devel-windows-ix86+x86_64 1.2 18.00 157.00 175.00 OK
r-patched-linux-x86_64 1.2 7.10 103.00 110.09 OK
r-patched-solaris-sparc 1.2 1320.00 OK
r-patched-solaris-x86 1.2 282.10 OK
r-release-linux-ix86 1.2 8.45 121.30 129.75 OK
r-release-linux-x86_64 1.2 7.24 103.26 110.50 OK
r-release-osx-x86_64-mavericks 1.2 NOTE
r-release-osx-x86_64-snowleopard 1.2 OK
r-release-windows-ix86+x86_64 1.2 17.00 182.00 199.00 OK
r-oldrel-windows-ix86+x86_64 1.2 18.00 162.00 180.00 OK

Check Details

Version: 1.2
Check: re-building of vignette outputs
Result: NOTE
    Error in re-building vignettes:
     ...
    Loading required package: MASS
    Loading required package: Matrix
    Loading required package: igraph
    Error in texi2dvi(file = file, pdf = TRUE, clean = clean, quiet = quiet, :
     Running 'texi2dvi' on 'article.tex' failed.
    LaTeX errors:
    ! LaTeX Error: File `utf8x.def' not found.
    
    Type X to quit or <RETURN> to proceed,
    or enter new name. (Default extension: def)
    Calls: buildVignettes -> texi2pdf -> texi2dvi
    Execution halted
Flavor: r-release-osx-x86_64-mavericks