CRAN Package Check Results for Package genlasso

Last updated on 2014-09-02 05:46:33.

Flavor Version Tinstall Tcheck Ttotal Status Flags
r-devel-linux-x86_64-debian-clang 1.2 6.93 91.51 98.44 OK
r-devel-linux-x86_64-debian-gcc 1.2 6.49 90.32 96.82 OK
r-devel-linux-x86_64-fedora-clang 1.2 231.93 OK
r-devel-linux-x86_64-fedora-gcc 1.2 216.65 OK
r-devel-osx-x86_64-clang 1.2 170.31 OK
r-devel-windows-ix86+x86_64 1.2 16.00 167.00 183.00 OK
r-patched-linux-x86_64 1.2 7.04 106.52 113.56 OK
r-patched-solaris-sparc 1.2 1320.00 OK
r-patched-solaris-x86 1.2 283.10 OK
r-release-linux-ix86 1.2 8.48 122.46 130.95 OK
r-release-linux-x86_64 1.2 7.13 105.27 112.40 OK
r-release-osx-x86_64-mavericks 1.2 NOTE
r-release-osx-x86_64-snowleopard 1.2 OK
r-release-windows-ix86+x86_64 1.2 17.00 181.00 198.00 OK
r-oldrel-windows-ix86+x86_64 1.2 19.00 159.00 178.00 OK

Check Details

Version: 1.2
Check: re-building of vignette outputs
Result: NOTE
    Error in re-building vignettes:
     ...
    Loading required package: MASS
    Loading required package: Matrix
    Loading required package: igraph
    Error in texi2dvi(file = file, pdf = TRUE, clean = clean, quiet = quiet, :
     Running 'texi2dvi' on 'article.tex' failed.
    LaTeX errors:
    ! LaTeX Error: File `utf8x.def' not found.
    
    Type X to quit or <RETURN> to proceed,
    or enter new name. (Default extension: def)
    Calls: buildVignettes -> texi2pdf -> texi2dvi
    Execution halted
Flavor: r-release-osx-x86_64-mavericks