CRAN Package Check Results for Package genlasso

Last updated on 2014-04-18 17:48:02.

Flavor Version Tinstall Tcheck Ttotal Status Flags
r-devel-linux-x86_64-debian-clang 1.2 7.65 106.88 114.53 OK
r-devel-linux-x86_64-debian-gcc OK
r-devel-linux-x86_64-fedora-clang 1.2 257.16 OK
r-devel-linux-x86_64-fedora-gcc 1.2 240.13 OK
r-devel-macosx-x86_64-clang 1.2 191.61 OK
r-devel-macosx-x86_64-gcc 1.2 ERROR
r-devel-windows-ix86+x86_64 1.2 16.00 173.00 189.00 OK
r-patched-linux-x86_64 1.2 7.50 105.96 113.46 OK
r-patched-solaris-sparc 1.2 1313.10 OK
r-patched-solaris-x86 1.2 281.10 OK
r-release-linux-ix86 1.2 13.00 154.00 167.00 OK
r-release-linux-x86_64 1.2 7.56 106.62 114.18 OK
r-release-macosx-x86_64 1.2 OK
r-release-windows-ix86+x86_64 1.2 18.00 172.00 190.00 OK
r-oldrel-windows-ix86+x86_64 1.2 17.00 168.00 185.00 OK

Check Details

Version: 1.2
Check: package dependencies
Result: ERROR
    Package required but not available: ‘igraph’
    
    See the information on DESCRIPTION files in the chapter ‘Creating R
    packages’ of the ‘Writing R Extensions’ manual.
Flavor: r-devel-macosx-x86_64-gcc