CRAN Package Check Results for Package genoPlotR

Last updated on 2016-09-29 09:48:22.

Flavor Version Tinstall Tcheck Ttotal Status Flags
r-devel-linux-x86_64-debian-clang 0.8.4 1.08 57.05 58.12 WARN
r-devel-linux-x86_64-debian-gcc 0.8.4 1.19 54.79 55.98 WARN
r-devel-linux-x86_64-fedora-clang 0.8.4 112.28 WARN
r-devel-linux-x86_64-fedora-gcc 0.8.4 106.81 WARN
r-devel-macos-x86_64-clang 0.8.4 83.20 WARN
r-devel-windows-ix86+x86_64 0.8.4 5.00 122.00 127.00 WARN
r-patched-linux-x86_64 0.8.4 1.06 53.66 54.72 OK
r-patched-solaris-sparc 0.8.4 632.30 OK
r-patched-solaris-x86 0.8.4 112.70 OK
r-release-linux-x86_64 0.8.4 1.10 54.92 56.02 OK
r-release-osx-x86_64-mavericks 0.8.4 OK
r-release-windows-ix86+x86_64 0.8.4 7.00 95.00 102.00 OK
r-oldrel-windows-ix86+x86_64 0.8.4 8.00 146.00 154.00 OK

Check Details

Version: 0.8.4
Check: files in ‘vignettes’
Result: WARN
    Files in the 'vignettes' directory newer than same file in 'inst/doc':
     ‘Bioinformatics-2010-Guy-2334-5.pdf’, ‘genoPlotR.Rnw’
Flavors: r-devel-linux-x86_64-debian-clang, r-devel-linux-x86_64-debian-gcc, r-devel-linux-x86_64-fedora-clang, r-devel-linux-x86_64-fedora-gcc, r-devel-macos-x86_64-clang, r-devel-windows-ix86+x86_64