CRAN Package Check Results for Package genoPlotR

Last updated on 2017-01-20 01:47:31.

Flavor Version Tinstall Tcheck Ttotal Status Flags
r-devel-linux-x86_64-debian-clang 0.8.4 1.14 57.94 59.08 WARN
r-devel-linux-x86_64-debian-gcc 0.8.4 1.32 57.00 58.32 WARN
r-devel-linux-x86_64-fedora-clang 0.8.4 114.05 WARN --no-stop-on-test-error
r-devel-linux-x86_64-fedora-gcc 0.8.4 110.86 WARN --no-stop-on-test-error
r-devel-macos-x86_64-clang 0.8.4 88.47 WARN --no-stop-on-test-error
r-devel-windows-ix86+x86_64 0.8.4 8.00 101.00 109.00 WARN
r-patched-linux-x86_64 0.8.4 1.09 54.66 55.75 OK
r-patched-solaris-sparc 0.8.4 641.50 OK
r-patched-solaris-x86 0.8.4 113.10 OK
r-release-linux-x86_64 0.8.4 1.25 56.08 57.34 OK
r-release-osx-x86_64-mavericks 0.8.4 OK
r-release-windows-ix86+x86_64 0.8.4 4.00 133.00 137.00 OK
r-oldrel-windows-ix86+x86_64 0.8.4 5.00 162.00 167.00 OK

Check Details

Version: 0.8.4
Check: files in ‘vignettes’
Result: WARN
    Files in the 'vignettes' directory newer than same file in 'inst/doc':
     ‘Bioinformatics-2010-Guy-2334-5.pdf’, ‘genoPlotR.Rnw’
Flavors: r-devel-linux-x86_64-debian-clang, r-devel-linux-x86_64-debian-gcc, r-devel-windows-ix86+x86_64

Version: 0.8.4
Flags: --no-stop-on-test-error
Check: files in ‘vignettes’
Result: WARN
    Files in the 'vignettes' directory newer than same file in 'inst/doc':
     ‘Bioinformatics-2010-Guy-2334-5.pdf’, ‘genoPlotR.Rnw’
Flavors: r-devel-linux-x86_64-fedora-clang, r-devel-linux-x86_64-fedora-gcc, r-devel-macos-x86_64-clang