CRAN Package Check Results for Package genoPlotR

Last updated on 2014-04-17 10:47:49.

Flavor Version Tinstall Tcheck Ttotal Status Flags
r-devel-linux-x86_64-debian-clang 0.8.2 1.15 79.58 80.74 NOTE
r-devel-linux-x86_64-debian-gcc 0.8.2 1.28 82.68 83.96 NOTE
r-devel-linux-x86_64-fedora-clang 0.8.2 178.13 NOTE
r-devel-linux-x86_64-fedora-gcc 0.8.2 174.35 NOTE
r-devel-macosx-x86_64-clang 0.8.2 136.73 NOTE
r-devel-macosx-x86_64-gcc 0.8.2 NOTE
r-devel-windows-ix86+x86_64 0.8.2 4.00 114.00 118.00 NOTE
r-patched-linux-x86_64 0.8.2 1.11 79.92 81.04 NOTE
r-patched-solaris-sparc 0.8.2 891.40 NOTE
r-patched-solaris-x86 0.8.2 174.80 NOTE
r-release-linux-ix86 0.8.2 3.00 118.00 121.00 NOTE
r-release-linux-x86_64 0.8.2 1.12 78.42 79.53 NOTE
r-release-macosx-x86_64 0.8.2 OK
r-release-windows-ix86+x86_64 0.8.2 4.00 120.00 124.00 NOTE
r-oldrel-windows-ix86+x86_64 0.8.2 4.00 88.00 92.00 NOTE

Check Details

Version: 0.8.2
Check: dependencies in R code
Result: NOTE
    Packages in Depends field not imported from:
     ‘ade4’ ‘methods’
     These packages need to be imported from (in the NAMESPACE file)
     for when this namespace is loaded but not attached.
    See the information on DESCRIPTION files in the chapter ‘Creating R
    packages’ of the ‘Writing R Extensions’ manual.
Flavors: r-devel-linux-x86_64-debian-clang, r-devel-linux-x86_64-debian-gcc, r-devel-linux-x86_64-fedora-clang, r-devel-linux-x86_64-fedora-gcc, r-devel-macosx-x86_64-clang, r-devel-macosx-x86_64-gcc, r-devel-windows-ix86+x86_64, r-patched-linux-x86_64, r-patched-solaris-sparc, r-patched-solaris-x86, r-release-linux-ix86, r-release-linux-x86_64, r-release-windows-ix86+x86_64, r-oldrel-windows-ix86+x86_64