CRAN Package Check Results for Package genoPlotR

Last updated on 2017-03-29 06:48:09.

Flavor Version Tinstall Tcheck Ttotal Status Flags
r-devel-linux-x86_64-debian-clang 0.8.4 1.21 59.75 60.96 WARN
r-devel-linux-x86_64-debian-gcc 0.8.4 1.12 56.31 57.42 WARN
r-devel-linux-x86_64-fedora-clang 0.8.4 115.35 WARN --no-stop-on-test-error
r-devel-linux-x86_64-fedora-gcc 0.8.4 113.56 WARN --no-stop-on-test-error
r-devel-macos-x86_64-clang 0.8.4 88.74 WARN --no-stop-on-test-error
r-devel-windows-ix86+x86_64 0.8.4 5.00 94.00 99.00 WARN
r-patched-linux-x86_64 0.8.4 1.23 56.00 57.23 WARN
r-patched-solaris-sparc 0.8.4 696.70 WARN
r-patched-solaris-x86 0.8.4 120.00 WARN
r-release-linux-x86_64 0.8.4 1.13 54.16 55.29 OK
r-release-osx-x86_64-mavericks 0.8.4 OK
r-release-windows-ix86+x86_64 0.8.4 6.00 166.00 172.00 OK
r-oldrel-windows-ix86+x86_64 0.8.4 6.00 122.00 128.00 OK

Check Details

Version: 0.8.4
Check: files in ‘vignettes’
Result: WARN
    Files in the 'vignettes' directory newer than same file in 'inst/doc':
     ‘Bioinformatics-2010-Guy-2334-5.pdf’, ‘genoPlotR.Rnw’
Flavors: r-devel-linux-x86_64-debian-clang, r-devel-linux-x86_64-debian-gcc, r-devel-windows-ix86+x86_64, r-patched-linux-x86_64, r-patched-solaris-sparc, r-patched-solaris-x86

Version: 0.8.4
Flags: --no-stop-on-test-error
Check: files in ‘vignettes’
Result: WARN
    Files in the 'vignettes' directory newer than same file in 'inst/doc':
     ‘Bioinformatics-2010-Guy-2334-5.pdf’, ‘genoPlotR.Rnw’
Flavors: r-devel-linux-x86_64-fedora-clang, r-devel-linux-x86_64-fedora-gcc, r-devel-macos-x86_64-clang