CRAN Package Check Results for Package genoPlotR

Last updated on 2016-12-02 18:47:34.

Flavor Version Tinstall Tcheck Ttotal Status Flags
r-devel-linux-x86_64-debian-clang 0.8.4 1.27 62.30 63.57 WARN
r-devel-linux-x86_64-debian-gcc 0.8.4 1.17 60.78 61.95 WARN
r-devel-linux-x86_64-fedora-clang 0.8.4 121.06 WARN
r-devel-linux-x86_64-fedora-gcc 0.8.4 119.08 WARN
r-devel-macos-x86_64-clang 0.8.4 93.73 WARN
r-devel-windows-ix86+x86_64 0.8.4 4.00 137.00 141.00 WARN
r-patched-linux-x86_64 0.8.4 1.20 54.67 55.86 OK
r-patched-solaris-sparc 0.8.4 632.30 OK
r-patched-solaris-x86 0.8.4 112.50 OK
r-release-linux-x86_64 0.8.4 1.21 53.41 54.62 OK
r-release-osx-x86_64-mavericks 0.8.4 OK
r-release-windows-ix86+x86_64 0.8.4 6.00 135.00 141.00 OK
r-oldrel-windows-ix86+x86_64 0.8.4 10.00 156.00 166.00 OK

Check Details

Version: 0.8.4
Check: files in ‘vignettes’
Result: WARN
    Files in the 'vignettes' directory newer than same file in 'inst/doc':
     ‘Bioinformatics-2010-Guy-2334-5.pdf’, ‘genoPlotR.Rnw’
Flavors: r-devel-linux-x86_64-debian-clang, r-devel-linux-x86_64-debian-gcc, r-devel-linux-x86_64-fedora-clang, r-devel-linux-x86_64-fedora-gcc, r-devel-macos-x86_64-clang, r-devel-windows-ix86+x86_64