CRAN Package Check Results for Package genridge

Last updated on 2014-04-19 03:49:20.

Flavor Version Tinstall Tcheck Ttotal Status Flags
r-devel-linux-x86_64-debian-clang 0.6-3 1.02 20.53 21.56 NOTE
r-devel-linux-x86_64-debian-gcc 0.6-3 0.89 20.43 21.32 NOTE
r-devel-linux-x86_64-fedora-clang 0.6-3 41.98 NOTE
r-devel-linux-x86_64-fedora-gcc 0.6-3 40.37 NOTE
r-devel-macosx-x86_64-clang 0.6-3 35.72 NOTE
r-devel-macosx-x86_64-gcc 0.6-3 ERROR
r-devel-windows-ix86+x86_64 0.6-3 3.00 36.00 39.00 NOTE
r-patched-linux-x86_64 0.6-3 0.88 20.27 21.15 NOTE
r-patched-solaris-sparc 0.6-3 207.40 NOTE
r-patched-solaris-x86 0.6-3 50.00 NOTE
r-release-linux-ix86 0.6-3 2.00 42.00 44.00 NOTE
r-release-linux-x86_64 0.6-3 0.90 20.96 21.87 NOTE
r-release-macosx-x86_64 0.6-3 NOTE
r-release-windows-ix86+x86_64 0.6-3 3.00 35.00 38.00 NOTE
r-oldrel-windows-ix86+x86_64 0.6-3 4.00 47.00 51.00 NOTE

Check Details

Version: 0.6-3
Check: for hidden files and directories
Result: NOTE
    Found the following hidden files and directories:
     .project
    These were most likely included in error. See section ‘Package
    structure’ in the ‘Writing R Extensions’ manual.
Flavors: r-devel-linux-x86_64-debian-clang, r-devel-linux-x86_64-debian-gcc, r-devel-linux-x86_64-fedora-clang, r-devel-linux-x86_64-fedora-gcc, r-devel-macosx-x86_64-clang, r-devel-windows-ix86+x86_64, r-patched-linux-x86_64, r-patched-solaris-sparc, r-patched-solaris-x86, r-release-linux-ix86, r-release-linux-x86_64, r-release-macosx-x86_64, r-release-windows-ix86+x86_64, r-oldrel-windows-ix86+x86_64

Version: 0.6-3
Check: dependencies in R code
Result: NOTE
    'library' or 'require' call to ‘car’ which was already attached by Depends.
     Please remove these calls from your code.
    See the information on DESCRIPTION files in the chapter ‘Creating R
    packages’ of the ‘Writing R Extensions’ manual.
Flavors: r-devel-linux-x86_64-debian-clang, r-devel-linux-x86_64-debian-gcc, r-devel-linux-x86_64-fedora-clang, r-devel-linux-x86_64-fedora-gcc, r-devel-macosx-x86_64-clang, r-devel-windows-ix86+x86_64, r-patched-linux-x86_64, r-patched-solaris-sparc, r-patched-solaris-x86, r-release-linux-ix86, r-release-linux-x86_64, r-release-macosx-x86_64, r-release-windows-ix86+x86_64, r-oldrel-windows-ix86+x86_64

Version: 0.6-3
Check: Rd line widths
Result: NOTE
    Rd file 'pairs.ridge.Rd':
     \usage lines wider than 90 characters:
     col = c("black", "red", "darkgreen", "blue", "darkcyan", "magenta", "brown", "darkgray"),
    
    Rd file 'plot.ridge.Rd':
     \usage lines wider than 90 characters:
     col = c("black", "red", "darkgreen", "blue", "darkcyan", "magenta", "brown", "darkgray"),
     center.pch = 16, center.cex = 1.5, fill = FALSE, fill.alpha = 0.3, ref=TRUE, ref.col=gray(.70), ...)
     \examples lines wider than 100 characters:
     text(lridge$coef[1,1], lridge$coef[1,i], expression(~widehat(beta)^OLS), cex=1.5, pos=4, offset=.1)
    
    Rd file 'plot3d.ridge.Rd':
     \usage lines wider than 90 characters:
     col = c("black", "red", "darkgreen", "blue", "darkcyan", "magenta", "brown", "darkgray"),
     \examples lines wider than 100 characters:
     lmod <- lm(Employed ~ GNP + Unemployed + Armed.Forces + Population + Year + GNP.deflator, data=longley)
    
    Rd file 'traceplot.Rd':
     \usage lines wider than 90 characters:
     col = c("black", "red", "darkgreen", "blue", "darkcyan", "magenta", "brown", "darkgray"),
    
    Rd file 'vif.ridge.Rd':
     \examples lines wider than 100 characters:
     lmod <- lm(Employed ~ GNP + Unemployed + Armed.Forces + Population + Year + GNP.deflator, data=longley)
    
    These lines will be truncated in the PDF manual.
Flavors: r-devel-linux-x86_64-fedora-clang, r-devel-linux-x86_64-fedora-gcc

Version: 0.6-3
Check: package dependencies
Result: ERROR
    Package required but not available: ‘car’
    
    See the information on DESCRIPTION files in the chapter ‘Creating R
    packages’ of the ‘Writing R Extensions’ manual.
Flavor: r-devel-macosx-x86_64-gcc