CRAN Package Check Results for Package genridge

Last updated on 2014-09-03 01:47:48.

Flavor Version Tinstall Tcheck Ttotal Status Flags
r-devel-linux-x86_64-debian-clang 0.6-3 0.92 20.94 21.85 NOTE
r-devel-linux-x86_64-debian-gcc 0.6-3 0.79 18.70 19.49 NOTE
r-devel-linux-x86_64-fedora-clang 0.6-3 40.90 NOTE
r-devel-linux-x86_64-fedora-gcc 0.6-3 38.61 NOTE
r-devel-osx-x86_64-clang 0.6-3 36.11 NOTE
r-devel-windows-ix86+x86_64 0.6-3 4.00 35.00 39.00 NOTE
r-patched-linux-x86_64 0.6-3 0.84 19.52 20.36 NOTE
r-patched-solaris-sparc 0.6-3 215.50 NOTE
r-patched-solaris-x86 0.6-3 50.40 NOTE
r-release-linux-ix86 0.6-3 1.17 31.32 32.50 NOTE
r-release-linux-x86_64 0.6-3 0.86 20.50 21.36 NOTE
r-release-osx-x86_64-mavericks 0.6-3 NOTE
r-release-osx-x86_64-snowleopard 0.6-3 NOTE
r-release-windows-ix86+x86_64 0.6-3 4.00 34.00 38.00 NOTE
r-oldrel-windows-ix86+x86_64 0.6-3 3.00 47.00 50.00 NOTE

Check Details

Version: 0.6-3
Check: for hidden files and directories
Result: NOTE
    Found the following hidden files and directories:
     .project
    These were most likely included in error. See section ‘Package
    structure’ in the ‘Writing R Extensions’ manual.
Flavors: r-devel-linux-x86_64-debian-clang, r-devel-linux-x86_64-debian-gcc, r-devel-linux-x86_64-fedora-clang, r-devel-linux-x86_64-fedora-gcc, r-devel-osx-x86_64-clang, r-devel-windows-ix86+x86_64, r-patched-linux-x86_64, r-patched-solaris-sparc, r-patched-solaris-x86, r-release-linux-ix86, r-release-linux-x86_64, r-release-osx-x86_64-mavericks, r-release-osx-x86_64-snowleopard, r-release-windows-ix86+x86_64, r-oldrel-windows-ix86+x86_64

Version: 0.6-3
Check: dependencies in R code
Result: NOTE
    'library' or 'require' call to ‘car’ which was already attached by Depends.
     Please remove these calls from your code.
    See the information on DESCRIPTION files in the chapter ‘Creating R
    packages’ of the ‘Writing R Extensions’ manual.
Flavors: r-devel-linux-x86_64-debian-clang, r-devel-linux-x86_64-debian-gcc, r-devel-linux-x86_64-fedora-clang, r-devel-linux-x86_64-fedora-gcc, r-devel-osx-x86_64-clang, r-devel-windows-ix86+x86_64, r-patched-linux-x86_64, r-patched-solaris-sparc, r-patched-solaris-x86, r-release-linux-ix86, r-release-linux-x86_64, r-release-osx-x86_64-mavericks, r-release-osx-x86_64-snowleopard, r-release-windows-ix86+x86_64, r-oldrel-windows-ix86+x86_64

Version: 0.6-3
Check: R code for possible problems
Result: NOTE
    plot3d.ridge : ellipsoid: no visible global function definition for
     ‘asEuclidean’
    plot3d.ridge : ellipsoid: no visible global function definition for
     ‘qmesh3d’
    plot3d.ridge : ellipsoid: no visible global function definition for
     ‘shade3d’
    plot3d.ridge : ellipsoid: no visible global function definition for
     ‘wire3d’
    plot3d.ridge : ellipsoid: no visible global function definition for
     ‘texts3d’
    plot3d.ridge : ellipsoid: no visible global function definition for
     ‘par3d’
    plot3d.ridge: no visible global function definition for ‘open3d’
    plot3d.ridge: no visible global function definition for ‘lines3d’
    plot3d.ridge: no visible global function definition for ‘points3d’
    plot3d.ridge: no visible global function definition for ‘aspect3d’
    plot3d.ridge: no visible global function definition for ‘par3d’
    plot3d.ridge: no visible global function definition for ‘decorate3d’
    plot3d.ridge: no visible global function definition for ‘axis3d’
    plot3d.ridge: no visible global function definition for ‘mtext3d’
    plot3d.ridge: no visible global function definition for ‘box3d’
Flavors: r-devel-linux-x86_64-debian-clang, r-devel-linux-x86_64-debian-gcc, r-devel-linux-x86_64-fedora-clang, r-devel-linux-x86_64-fedora-gcc, r-devel-osx-x86_64-clang, r-devel-windows-ix86+x86_64

Version: 0.6-3
Check: Rd line widths
Result: NOTE
    Rd file 'pairs.ridge.Rd':
     \usage lines wider than 90 characters:
     col = c("black", "red", "darkgreen", "blue", "darkcyan", "magenta", "brown", "darkgray"),
    
    Rd file 'plot.ridge.Rd':
     \usage lines wider than 90 characters:
     col = c("black", "red", "darkgreen", "blue", "darkcyan", "magenta", "brown", "darkgray"),
     center.pch = 16, center.cex = 1.5, fill = FALSE, fill.alpha = 0.3, ref=TRUE, ref.col=gray(.70), ...)
     \examples lines wider than 100 characters:
     text(lridge$coef[1,1], lridge$coef[1,i], expression(~widehat(beta)^OLS), cex=1.5, pos=4, offset=.1)
    
    Rd file 'plot3d.ridge.Rd':
     \usage lines wider than 90 characters:
     col = c("black", "red", "darkgreen", "blue", "darkcyan", "magenta", "brown", "darkgray"),
     \examples lines wider than 100 characters:
     lmod <- lm(Employed ~ GNP + Unemployed + Armed.Forces + Population + Year + GNP.deflator, data=longley)
    
    Rd file 'traceplot.Rd':
     \usage lines wider than 90 characters:
     col = c("black", "red", "darkgreen", "blue", "darkcyan", "magenta", "brown", "darkgray"),
    
    Rd file 'vif.ridge.Rd':
     \examples lines wider than 100 characters:
     lmod <- lm(Employed ~ GNP + Unemployed + Armed.Forces + Population + Year + GNP.deflator, data=longley)
    
    These lines will be truncated in the PDF manual.
Flavors: r-devel-linux-x86_64-fedora-clang, r-devel-linux-x86_64-fedora-gcc