CRAN Package Check Results for Package genridge

Last updated on 2015-05-04 00:46:56.

Flavor Version Tinstall Tcheck Ttotal Status Flags
r-devel-linux-x86_64-debian-clang 0.6-5 3.98 46.65 50.62 NOTE
r-devel-linux-x86_64-debian-gcc 0.6-5 3.65 45.18 48.84 NOTE
r-devel-linux-x86_64-fedora-clang 0.6-5 105.56 NOTE
r-devel-linux-x86_64-fedora-gcc 0.6-5 98.97 NOTE
r-devel-osx-x86_64-clang 0.6-5 83.51 NOTE
r-devel-windows-ix86+x86_64 0.6-5 10.00 68.00 78.00 NOTE
r-patched-linux-x86_64 0.6-5 4.33 46.04 50.37 NOTE
r-patched-solaris-sparc 0.6-5 573.50 NOTE
r-patched-solaris-x86 0.6-5 129.10 NOTE
r-release-linux-x86_64 0.6-5 3.65 47.22 50.87 NOTE
r-release-osx-x86_64-mavericks 0.6-5 NOTE
r-release-osx-x86_64-snowleopard 0.6-5 ERROR
r-release-windows-ix86+x86_64 0.6-5 12.00 71.00 83.00 NOTE
r-oldrel-windows-ix86+x86_64 0.6-5 15.00 113.00 128.00 NOTE

Check Details

Version: 0.6-5
Check: dependencies in R code
Result: NOTE
    'library' or 'require' call to ‘rgl’ in package code.
     Please use :: or requireNamespace() instead.
     See section 'Suggested packages' in the 'Writing R Extensions' manual.
Flavors: r-devel-linux-x86_64-debian-clang, r-devel-linux-x86_64-debian-gcc, r-devel-linux-x86_64-fedora-clang, r-devel-linux-x86_64-fedora-gcc, r-devel-osx-x86_64-clang, r-devel-windows-ix86+x86_64, r-patched-linux-x86_64, r-patched-solaris-sparc, r-patched-solaris-x86, r-release-linux-x86_64, r-release-osx-x86_64-mavericks, r-release-windows-ix86+x86_64, r-oldrel-windows-ix86+x86_64

Version: 0.6-5
Check: package dependencies
Result: ERROR
    Package required but not available: ‘car’
    
    See section ‘The DESCRIPTION file’ in the ‘Writing R Extensions’
    manual.
Flavor: r-release-osx-x86_64-snowleopard