CRAN Package Check Results for Package genridge

Last updated on 2015-07-05 14:46:32.

Flavor Version Tinstall Tcheck Ttotal Status Flags
r-devel-linux-x86_64-debian-clang 0.6-5 4.40 46.00 50.40 NOTE
r-devel-linux-x86_64-debian-gcc 0.6-5 3.66 46.13 49.80 NOTE
r-devel-linux-x86_64-fedora-clang 0.6-5 101.91 NOTE
r-devel-linux-x86_64-fedora-gcc 0.6-5 97.41 NOTE
r-devel-osx-x86_64-clang 0.6-5 81.03 NOTE
r-devel-windows-ix86+x86_64 0.6-5 11.00 108.00 119.00 NOTE
r-patched-linux-x86_64 0.6-5 3.74 45.36 49.11 NOTE
r-patched-solaris-sparc 0.6-5 595.00 NOTE
r-patched-solaris-x86 0.6-5 130.70 NOTE
r-release-linux-x86_64 0.6-5 3.84 45.02 48.86 NOTE
r-release-osx-x86_64-mavericks 0.6-5 NOTE
r-release-windows-ix86+x86_64 0.6-5 14.00 73.00 87.00 NOTE
r-oldrel-windows-ix86+x86_64 0.6-5 22.00 102.00 124.00 NOTE

Check Details

Version: 0.6-5
Check: dependencies in R code
Result: NOTE
    'library' or 'require' call to ‘rgl’ in package code.
     Please use :: or requireNamespace() instead.
     See section 'Suggested packages' in the 'Writing R Extensions' manual.
Flavors: r-devel-linux-x86_64-debian-clang, r-devel-linux-x86_64-debian-gcc, r-devel-linux-x86_64-fedora-clang, r-devel-linux-x86_64-fedora-gcc, r-devel-osx-x86_64-clang, r-devel-windows-ix86+x86_64, r-patched-linux-x86_64, r-patched-solaris-sparc, r-patched-solaris-x86, r-release-linux-x86_64, r-release-osx-x86_64-mavericks, r-release-windows-ix86+x86_64, r-oldrel-windows-ix86+x86_64

Version: 0.6-5
Check: R code for possible problems
Result: NOTE
    biplot.pcaridge : Arrows: no visible global function definition for
     ‘arrows’
    biplot.pcaridge: no visible global function definition for ‘plot’
    biplot.pcaridge: no visible global function definition for ‘par’
    biplot.ridge: no visible global function definition for ‘coef’
    contourf: no visible global function definition for ‘par’
    contourf: no visible global function definition for ‘colorRampPalette’
    contourf: no visible global function definition for ‘contour’
    contourf: no visible global function definition for ‘contourLines’
    contourf: no visible global function definition for ‘polygon’
    pairs.ridge : panel.label: no visible global function definition for
     ‘par’
    pairs.ridge : panel.label: no visible global function definition for
     ‘plot’
    pairs.ridge : panel.label: no visible global function definition for
     ‘text’
    pairs.ridge : panel.label: no visible global function definition for
     ‘box’
    pairs.ridge : panel.barplot: no visible global function definition for
     ‘barplot’
    pairs.ridge : panel.barplot: no visible global function definition for
     ‘box’
    pairs.ridge: no visible global function definition for ‘par’
    pairs.ridge: no visible global function definition for ‘box’
    plot.pcaridge: no visible global function definition for ‘coef’
    plot.ridge: no visible global function definition for ‘gray’
    plot.ridge: no visible global function definition for ‘plot’
    plot.ridge: no visible global function definition for ‘abline’
    plot.ridge: no visible global function definition for ‘polygon’
    plot.ridge: no visible global function definition for ‘text’
    plot3d.pcaridge: no visible global function definition for ‘coef’
    plot3d.ridge: no visible global function definition for ‘gray’
    precision.lm: no visible global function definition for ‘vcov’
    precision.lm: no visible global function definition for ‘coefficients’
    precision.ridge: no visible global function definition for ‘coef’
    print.ridge: no visible global function definition for ‘coef’
    ridge.default: no visible global function definition for ‘lm.fit’
    ridge.default : <anonymous>: no visible global function definition for
     ‘uniroot’
    ridge.formula: no visible global function definition for
     ‘model.response’
    ridge.formula: no visible global function definition for ‘model.matrix’
    ridge.formula: no visible binding for global variable ‘contrasts’
    ridge.formula: no visible global function definition for ‘model.offset’
    traceplot: no visible global function definition for ‘matplot’
    traceplot: no visible global function definition for ‘abline’
    traceplot: no visible global function definition for ‘text’
    trans.colors: no visible global function definition for ‘col2rgb’
    trans.colors: no visible global function definition for ‘rgb’
    vif.ridge : Vif: no visible global function definition for ‘cov2cor’
    vif.ridge: no visible global function definition for ‘vcov’
    vif.ridge: no visible global function definition for ‘coef’
    Undefined global functions or variables:
     abline arrows barplot box coef coefficients col2rgb colorRampPalette
     contour contourLines contrasts cov2cor gray lm.fit matplot
     model.matrix model.offset model.response par plot polygon rgb text
     uniroot vcov
Flavors: r-devel-linux-x86_64-debian-clang, r-devel-linux-x86_64-debian-gcc, r-devel-linux-x86_64-fedora-clang, r-devel-linux-x86_64-fedora-gcc, r-devel-windows-ix86+x86_64