CRAN Package Check Results for Package gensemble

Last updated on 2014-04-17 06:46:50.

Flavor Version Tinstall Tcheck Ttotal Status Flags
r-devel-linux-x86_64-debian-clang 1.0 0.65 11.04 11.70 NOTE
r-devel-linux-x86_64-debian-gcc 1.0 0.69 11.28 11.97 NOTE
r-devel-linux-x86_64-fedora-clang 1.0 22.98 NOTE
r-devel-linux-x86_64-fedora-gcc 1.0 21.56 NOTE
r-devel-macosx-x86_64-clang 1.0 25.56 NOTE
r-devel-macosx-x86_64-gcc 1.0 NOTE
r-devel-windows-ix86+x86_64 1.0 2.00 23.00 25.00 NOTE
r-patched-linux-x86_64 1.0 0.66 10.85 11.51 NOTE
r-patched-solaris-sparc 1.0 131.90 NOTE
r-patched-solaris-x86 1.0 34.00 NOTE
r-release-linux-ix86 1.0 1.00 24.00 25.00 NOTE
r-release-linux-x86_64 1.0 0.64 11.01 11.65 NOTE
r-release-windows-ix86+x86_64 1.0 4.00 24.00 28.00 NOTE
r-oldrel-windows-ix86+x86_64 1.0 2.00 17.00 19.00 NOTE

Check Details

Version: 1.0
Check: dependencies in R code
Result: NOTE
    Package in Depends field not imported from: ‘methods’
     These packages need to be imported from (in the NAMESPACE file)
     for when this namespace is loaded but not attached.
    See the information on DESCRIPTION files in the chapter ‘Creating R
    packages’ of the ‘Writing R Extensions’ manual.
Flavors: r-devel-linux-x86_64-debian-clang, r-devel-linux-x86_64-debian-gcc, r-devel-linux-x86_64-fedora-clang, r-devel-linux-x86_64-fedora-gcc, r-devel-macosx-x86_64-clang, r-devel-macosx-x86_64-gcc, r-devel-windows-ix86+x86_64, r-patched-linux-x86_64, r-patched-solaris-sparc, r-patched-solaris-x86, r-release-linux-ix86, r-release-linux-x86_64, r-release-windows-ix86+x86_64, r-oldrel-windows-ix86+x86_64

Version: 1.0
Check: Rd line widths
Result: NOTE
    Rd file 'AbstractModel-class.Rd':
     \examples lines wider than 100 characters:
     abm <- ab.create(model.call="ksvm", model.args=ksvm_model_args, predict.args=list(type="probabilities"), xtrans=as.matrix)
     abm <- ab.create(model.call="rpart", model.args=list(control=rpart.control(minsplit=0)), predict.args=list(type='prob'))
     abm <- ab.create(model.call="nnet", model.args=list(size=3, linout=TRUE, maxit=400, rang=0.001, decay=0.0001), xtrans=as.matrix)
     abm <- ab.create(model.call="rpart", model.args=list(method='anova', control=rpart.control(minsplit=2, cp=1e-03)))
    
    Rd file 'predict.gensemble.Rd':
     \usage lines wider than 90 characters:
     predict(object, X, type = c("prob", "class"), method = c("prob", "vote"), return.all = F, ...)
    
    These lines will be truncated in the PDF manual.
Flavors: r-devel-linux-x86_64-fedora-clang, r-devel-linux-x86_64-fedora-gcc