CRAN Package Check Results for Package gensemble

Last updated on 2014-10-23 10:48:04.

Flavor Version Tinstall Tcheck Ttotal Status Flags
r-devel-linux-x86_64-debian-clang 1.0 0.62 11.22 11.84 NOTE
r-devel-linux-x86_64-debian-gcc 1.0 0.68 10.84 11.52 NOTE
r-devel-linux-x86_64-fedora-clang 1.0 23.11 NOTE
r-devel-linux-x86_64-fedora-gcc 1.0 22.95 NOTE
r-devel-osx-x86_64-clang 1.0 27.43 NOTE
r-devel-windows-ix86+x86_64 1.0 2.00 17.00 19.00 NOTE
r-patched-linux-x86_64 1.0 0.63 11.25 11.88 NOTE
r-patched-solaris-sparc 1.0 131.10 NOTE
r-patched-solaris-x86 1.0 33.90 NOTE
r-release-linux-ix86 1.0 0.92 16.89 17.81 NOTE
r-release-linux-x86_64 1.0 0.62 10.79 11.42 NOTE
r-release-osx-x86_64-mavericks 1.0 NOTE
r-release-windows-ix86+x86_64 1.0 3.00 25.00 28.00 NOTE
r-oldrel-windows-ix86+x86_64 1.0 2.00 17.00 19.00 NOTE

Check Details

Version: 1.0
Check: dependencies in R code
Result: NOTE
    Package in Depends field not imported from: ‘methods’
     These packages need to be imported from (in the NAMESPACE file)
     for when this namespace is loaded but not attached.
    See the information on DESCRIPTION files in the chapter ‘Creating R
    packages’ of the ‘Writing R Extensions’ manual.
Flavors: r-devel-linux-x86_64-debian-clang, r-devel-linux-x86_64-debian-gcc, r-devel-linux-x86_64-fedora-clang, r-devel-linux-x86_64-fedora-gcc, r-devel-osx-x86_64-clang, r-devel-windows-ix86+x86_64, r-patched-linux-x86_64, r-patched-solaris-sparc, r-patched-solaris-x86, r-release-linux-ix86, r-release-linux-x86_64, r-release-osx-x86_64-mavericks, r-release-windows-ix86+x86_64, r-oldrel-windows-ix86+x86_64

Version: 1.0
Check: Rd line widths
Result: NOTE
    Rd file 'AbstractModel-class.Rd':
     \examples lines wider than 100 characters:
     abm <- ab.create(model.call="ksvm", model.args=ksvm_model_args, predict.args=list(type="probabilities"), xtrans=as.matrix)
     abm <- ab.create(model.call="rpart", model.args=list(control=rpart.control(minsplit=0)), predict.args=list(type='prob'))
     abm <- ab.create(model.call="nnet", model.args=list(size=3, linout=TRUE, maxit=400, rang=0.001, decay=0.0001), xtrans=as.matrix)
     abm <- ab.create(model.call="rpart", model.args=list(method='anova', control=rpart.control(minsplit=2, cp=1e-03)))
    
    Rd file 'predict.gensemble.Rd':
     \usage lines wider than 90 characters:
     predict(object, X, type = c("prob", "class"), method = c("prob", "vote"), return.all = F, ...)
    
    These lines will be truncated in the PDF manual.
Flavors: r-devel-linux-x86_64-debian-clang, r-devel-linux-x86_64-debian-gcc, r-devel-linux-x86_64-fedora-clang, r-devel-linux-x86_64-fedora-gcc, r-patched-linux-x86_64, r-release-linux-x86_64