CRAN Package Check Results for Package gensemble

Last updated on 2015-08-31 23:49:33.

Flavor Version Tinstall Tcheck Ttotal Status Flags
r-devel-linux-x86_64-debian-clang 1.0 0.57 10.58 11.15 NOTE
r-devel-linux-x86_64-debian-gcc 1.0 0.52 9.98 10.50 NOTE
r-devel-linux-x86_64-fedora-clang 1.0 20.61 NOTE
r-devel-linux-x86_64-fedora-gcc 1.0 19.39 NOTE
r-devel-osx-x86_64-clang 1.0 21.03 NOTE
r-devel-windows-ix86+x86_64 1.0 3.00 33.00 36.00 NOTE
r-patched-linux-x86_64 1.0 0.61 10.48 11.09 NOTE
r-patched-solaris-sparc 1.0 140.50 NOTE
r-patched-solaris-x86 1.0 31.90 NOTE
r-release-linux-x86_64 1.0 0.59 10.73 11.32 NOTE
r-release-osx-x86_64-mavericks 1.0 NOTE
r-release-windows-ix86+x86_64 1.0 3.00 20.00 23.00 NOTE
r-oldrel-windows-ix86+x86_64 1.0 4.00 19.00 23.00 NOTE

Check Details

Version: 1.0
Check: dependencies in R code
Result: NOTE
    Package in Depends field not imported from: ‘methods’
     These packages need to be imported from (in the NAMESPACE file)
     for when this namespace is loaded but not attached.
Flavors: r-devel-linux-x86_64-debian-clang, r-devel-linux-x86_64-debian-gcc, r-devel-linux-x86_64-fedora-clang, r-devel-linux-x86_64-fedora-gcc, r-devel-osx-x86_64-clang, r-devel-windows-ix86+x86_64, r-patched-linux-x86_64, r-patched-solaris-sparc, r-patched-solaris-x86, r-release-linux-x86_64, r-release-osx-x86_64-mavericks, r-release-windows-ix86+x86_64, r-oldrel-windows-ix86+x86_64

Version: 1.0
Check: S3 generic/method consistency
Result: NOTE
    Found the following apparent S3 methods exported but not registered:
     predict.gensemble print.gensemble
    See section ‘Registering S3 methods’ in the ‘Writing R Extensions’
    manual.
Flavors: r-devel-linux-x86_64-debian-clang, r-devel-linux-x86_64-debian-gcc, r-devel-linux-x86_64-fedora-clang, r-devel-linux-x86_64-fedora-gcc, r-devel-osx-x86_64-clang, r-patched-linux-x86_64, r-patched-solaris-sparc, r-patched-solaris-x86, r-release-linux-x86_64

Version: 1.0
Check: R code for possible problems
Result: NOTE
    ab.create: no visible global function definition for ‘new’
    ab.predict: no visible binding for global variable ‘predict’
    gensemble: no visible global function definition for ‘new’
    perturb: no visible global function definition for ‘rnorm’
    pred_error: no visible global function definition for ‘na.omit’
    reg_iter_summary: no visible global function definition for ‘var’
    reg_iter_summary: no visible global function definition for ‘cor’
    Undefined global functions or variables:
     cor na.omit new predict rnorm var
    Consider adding
     importFrom("methods", "new")
     importFrom("stats", "cor", "na.omit", "predict", "rnorm", "var")
    to your NAMESPACE (and ensure that your DESCRIPTION Imports field
    contains 'methods').
Flavors: r-devel-linux-x86_64-debian-clang, r-devel-linux-x86_64-debian-gcc, r-devel-linux-x86_64-fedora-clang, r-devel-linux-x86_64-fedora-gcc, r-devel-windows-ix86+x86_64

Version: 1.0
Check: Rd line widths
Result: NOTE
    Rd file 'AbstractModel-class.Rd':
     \examples lines wider than 100 characters:
     abm <- ab.create(model.call="ksvm", model.args=ksvm_model_args, predict.args=list(type="probabilities"), xtrans=as.matrix)
     abm <- ab.create(model.call="rpart", model.args=list(control=rpart.control(minsplit=0)), predict.args=list(type='prob'))
     abm <- ab.create(model.call="nnet", model.args=list(size=3, linout=TRUE, maxit=400, rang=0.001, decay=0.0001), xtrans=as.matrix)
     abm <- ab.create(model.call="rpart", model.args=list(method='anova', control=rpart.control(minsplit=2, cp=1e-03)))
    
    Rd file 'predict.gensemble.Rd':
     \usage lines wider than 90 characters:
     predict(object, X, type = c("prob", "class"), method = c("prob", "vote"), return.all = F, ...)
    
    These lines will be truncated in the PDF manual.
Flavors: r-devel-linux-x86_64-debian-clang, r-devel-linux-x86_64-debian-gcc, r-devel-linux-x86_64-fedora-clang, r-devel-linux-x86_64-fedora-gcc, r-patched-linux-x86_64, r-release-linux-x86_64