CRAN Package Check Results for Package geoR

Last updated on 2020-12-03 14:46:47 CET.

Flavor Version Tinstall Tcheck Ttotal Status Flags
r-devel-linux-x86_64-debian-clang 1.8-1 34.41 162.28 196.69 OK
r-devel-linux-x86_64-debian-gcc 1.8-1 25.68 125.70 151.38 OK
r-devel-linux-x86_64-fedora-clang 1.8-1 244.59 NOTE
r-devel-linux-x86_64-fedora-gcc 1.8-1 235.69 OK
r-devel-windows-ix86+x86_64 1.8-1 45.00 197.00 242.00 OK
r-patched-linux-x86_64 1.8-1 35.20 149.40 184.60 OK
r-patched-solaris-x86 1.8-1 280.70 OK
r-release-linux-x86_64 1.8-1 32.22 152.77 184.99 OK
r-release-macos-x86_64 1.8-1 OK
r-release-windows-ix86+x86_64 1.8-1 36.00 206.00 242.00 OK
r-oldrel-macos-x86_64 1.8-1 WARN
r-oldrel-windows-ix86+x86_64 1.8-1 31.00 191.00 222.00 OK

Check Details

Version: 1.8-1
Check: Rd cross-references
Result: NOTE
    Undeclared package ‘car’ in Rd xrefs
Flavor: r-devel-linux-x86_64-fedora-clang

Version: 1.8-1
Check: dependencies in R code
Result: NOTE
    No protocol specified
    No protocol specified
Flavor: r-oldrel-macos-x86_64

Version: 1.8-1
Check: S3 generic/method consistency
Result: WARN
    No protocol specified
    No protocol specified
    See section ‘Generic functions and methods’ in the ‘Writing R
    Extensions’ manual.
Flavor: r-oldrel-macos-x86_64

Version: 1.8-1
Check: replacement functions
Result: WARN
    No protocol specified
    No protocol specified
    The argument of a replacement function which corresponds to the right
    hand side must be named ‘value’.
Flavor: r-oldrel-macos-x86_64

Version: 1.8-1
Check: foreign function calls
Result: NOTE
    No protocol specified
    No protocol specified
    See chapter ‘System and foreign language interfaces’ in the ‘Writing R
    Extensions’ manual.
Flavor: r-oldrel-macos-x86_64

Version: 1.8-1
Check: R code for possible problems
Result: NOTE
    No protocol specified
    No protocol specified
Flavor: r-oldrel-macos-x86_64

Version: 1.8-1
Check: for missing documentation entries
Result: WARN
    No protocol specified
    No protocol specified
    All user-level objects in a package should have documentation entries.
    See chapter ‘Writing R documentation files’ in the ‘Writing R
    Extensions’ manual.
Flavor: r-oldrel-macos-x86_64

Version: 1.8-1
Check: for code/documentation mismatches
Result: WARN
    No protocol specified
    No protocol specified
    No protocol specified
    No protocol specified
    No protocol specified
    No protocol specified
Flavor: r-oldrel-macos-x86_64

Version: 1.8-1
Check: Rd \usage sections
Result: NOTE
    No protocol specified
    No protocol specified
    The \usage entries for S3 methods should use the \method markup and not
    their full name.
    See chapter ‘Writing R documentation files’ in the ‘Writing R
    Extensions’ manual.
Flavor: r-oldrel-macos-x86_64