CRAN Package Check Results for Package geoR

Last updated on 2015-07-05 08:47:17.

Flavor Version Tinstall Tcheck Ttotal Status Flags
r-devel-linux-x86_64-debian-clang 1.7-5.1 3.39 70.93 74.32 NOTE
r-devel-linux-x86_64-debian-gcc 1.7-5.1 3.70 71.46 75.16 NOTE
r-devel-linux-x86_64-fedora-clang 1.7-5.1 136.59 NOTE
r-devel-linux-x86_64-fedora-gcc 1.7-5.1 129.62 NOTE
r-devel-osx-x86_64-clang 1.7-5.1 127.51 NOTE
r-devel-windows-ix86+x86_64 1.7-5.1 13.00 182.00 195.00 NOTE
r-patched-linux-x86_64 1.7-5.1 3.70 69.90 73.61 NOTE
r-patched-solaris-sparc 1.7-5.1 877.60 OK
r-patched-solaris-x86 1.7-5.1 182.60 OK
r-release-linux-x86_64 1.7-5.1 3.69 70.27 73.96 NOTE
r-release-osx-x86_64-mavericks 1.7-5.1 OK
r-release-windows-ix86+x86_64 1.7-5.1 18.00 123.00 141.00 OK
r-oldrel-windows-ix86+x86_64 1.7-5.1 19.00 135.00 154.00 OK

Memtest notes: valgrind

Check Details

Version: 1.7-5.1
Check: R code for possible problems
Result: NOTE
    .ldots.set: no visible global function definition for ‘getS3method’
    grf: no visible global function definition for ‘chull’
    image.grf: no visible global function definition for ‘heat.colors’
    image.krige.bayes: no visible global function definition for
     ‘heat.colors’
    legend.krige: no visible global function definition for ‘heat.colors’
    points.geodata: no visible global function definition for
     ‘terrain.colors’
    points.geodata: no visible global function definition for ‘gray’
    read.geodata: no visible global function definition for ‘read.table’
    Undefined global functions or variables:
     chull getS3method gray heat.colors read.table terrain.colors
    
    Found the following assignments to the global environment:
    File ‘geoR/R/auxiliar.R’:
     assign(".objfuncQQ", objfunc, pos = 1)
     assign(".bounds.list", .bounds.list, pos = 1)
     assign("madtonormalQQ", madtonormalQQ, pos = 1)
    File ‘geoR/R/likGRF.R’:
     assign(".likGRF.dists.vec", lapply(split(as.data.frame(coords),
     realisations), vecdist), pos = 1)
     assign(".likGRF.dists.vec", lapply(split(as.data.frame(coords),
     realisations), vecdist), pos = 1)
     assign(".likGRF.dists.vec", lapply(split(as.data.frame(coords.c),
     temp.list$realisations), vecdist), pos = 1)
     assign(".temp.lower.lambda", -2, pos = 1)
     assign(".temp.upper.lambda", 2, pos = 1)
    File ‘geoR/R/profiles.R’:
     assign(".temp.list", list(n = n, z = data, beta.size = dim(trend)[2],
     kappa = obj.likfit$kappa, xmat = trend, method.lik = obj.likfit$method.lik,
     dists.lowertri = dists.vec, cov.model = obj.likfit$cov.model,
     fix.lambda = obj.likfit$transform.info$fix.lambda, lambda = obj.likfit$lambda,
     lower.phi = lower.phi, upper.phi = upper.phi, lower.sigmasq = lower.sigmasq,
     phi.est = phi, tausq.rel.est = tausq.rel, tausq.est = tausq,
     sigmasq.est = sigmasq), pos = 1)
     assign(".temp.temp.list", get(".temp.list", pos = 1), pos = 1)
     assign(".temp.list", .temp.temp.list, pos = 1)
     assign(".temp.lambda", lambda, pos = 1)
     assign(".temp.lambda", lambda, pos = 1)
    File ‘geoR/R/simul.R’:
     assign("setRF", geoR2RF(cov.model = cov.model, cov.pars = cov.pars,
     nugget = nugget, kappa = kappa, aniso.pars = aniso.pars),
     pos = 1)
    File ‘geoR/R/variofit.R’:
     assign(".temp.theta", NULL, pos = 1)
     assign(".temp.theta", theta, pos = 1)
     assign(".IND.geoR.variog.model.env", TRUE, pos = 1)
    File ‘geoR/R/variogram.R’:
     assign(".variog4.nomessage", TRUE, pos = 1)
    
    Found the following calls to attach():
    File ‘geoR/R/auxiliar.R’:
     attach(geodata, pos = 2, warn.conflicts = FALSE)
     attach(geodata$covariate, pos = 3, warn.conflicts = FALSE)
    File ‘geoR/R/geobayes.R’:
     attach(x, pos = 2, warn.conflicts = FALSE)
     attach(x, pos = 2, warn.conflicts = FALSE)
     attach(x, pos = 2, warn.conflicts = FALSE)
    File ‘geoR/R/geodata.R’:
     attach(x, pos = 2, warn.conflicts = FALSE)
     attach(x, pos = 2, warn.conflicts = FALSE)
    File ‘geoR/R/kriging.R’:
     attach(x, pos = 2, warn.conflicts = FALSE)
     attach(x, pos = 2, warn.conflicts = FALSE)
     attach(x, pos = 2, warn.conflicts = FALSE)
    See section ‘Good practice’ in ‘?attach’.
Flavors: r-devel-linux-x86_64-debian-clang, r-devel-linux-x86_64-debian-gcc

Version: 1.7-5.1
Check: R code for possible problems
Result: NOTE
    .ldots.set: no visible global function definition for ‘getS3method’
    grf: no visible global function definition for ‘chull’
    image.grf: no visible global function definition for ‘heat.colors’
    image.krige.bayes: no visible global function definition for
     ‘heat.colors’
    legend.krige: no visible global function definition for ‘heat.colors’
    points.geodata: no visible global function definition for
     ‘terrain.colors’
    points.geodata: no visible global function definition for ‘gray’
    read.geodata: no visible global function definition for ‘read.table’
    Undefined global functions or variables:
     chull getS3method gray heat.colors read.table terrain.colors
    
    Found the following assignments to the global environment:
    File ‘geoR/R/auxiliar.R’:
     assign(".objfuncQQ", objfunc, pos = 1)
     assign(".bounds.list", .bounds.list, pos = 1)
     assign("madtonormalQQ", madtonormalQQ, pos = 1)
    File ‘geoR/R/likGRF.R’:
     assign(".likGRF.dists.vec", lapply(split(as.data.frame(coords),
     realisations), vecdist), pos = 1)
     assign(".likGRF.dists.vec", lapply(split(as.data.frame(coords),
     realisations), vecdist), pos = 1)
     assign(".likGRF.dists.vec", lapply(split(as.data.frame(coords.c),
     temp.list$realisations), vecdist), pos = 1)
     assign(".temp.lower.lambda", -2, pos = 1)
     assign(".temp.upper.lambda", 2, pos = 1)
    File ‘geoR/R/profiles.R’:
     assign(".temp.list", list(n = n, z = data, beta.size = dim(trend)[2],
     kappa = obj.likfit$kappa, xmat = trend, method.lik = obj.likfit$method.lik,
     dists.lowertri = dists.vec, cov.model = obj.likfit$cov.model,
     fix.lambda = obj.likfit$transform.info$fix.lambda, lambda = obj.likfit$lambda,
     lower.phi = lower.phi, upper.phi = upper.phi, lower.sigmasq = lower.sigmasq,
     phi.est = phi, tausq.rel.est = tausq.rel, tausq.est = tausq,
     sigmasq.est = sigmasq), pos = 1)
     assign(".temp.temp.list", get(".temp.list", pos = 1), pos = 1)
     assign(".temp.list", .temp.temp.list, pos = 1)
     assign(".temp.lambda", lambda, pos = 1)
     assign(".temp.lambda", lambda, pos = 1)
    File ‘geoR/R/simul.R’:
     assign("setRF", geoR2RF(cov.model = cov.model, cov.pars = cov.pars,
     nugget = nugget, kappa = kappa, aniso.pars = aniso.pars),
     pos = 1)
    File ‘geoR/R/variofit.R’:
     assign(".temp.theta", NULL, pos = 1)
     assign(".temp.theta", theta, pos = 1)
     assign(".IND.geoR.variog.model.env", TRUE, pos = 1)
    File ‘geoR/R/variogram.R’:
     assign(".variog4.nomessage", TRUE, pos = 1)
Flavor: r-devel-linux-x86_64-fedora-clang

Version: 1.7-5.1
Check: R code for possible problems
Result: NOTE
    .ldots.set: no visible global function definition for ‘getS3method’
    grf: no visible global function definition for ‘chull’
    image.grf: no visible global function definition for ‘heat.colors’
    image.krige.bayes: no visible global function definition for
     ‘heat.colors’
    legend.krige: no visible global function definition for ‘heat.colors’
    points.geodata: no visible global function definition for
     ‘terrain.colors’
    points.geodata: no visible global function definition for ‘gray’
    read.geodata: no visible global function definition for ‘read.table’
    Undefined global functions or variables:
     chull getS3method gray heat.colors read.table terrain.colors
Flavors: r-devel-linux-x86_64-fedora-gcc, r-devel-windows-ix86+x86_64

Version: 1.7-5.1
Check: R code for possible problems
Result: NOTE
    Found the following assignments to the global environment:
    File ‘geoR/R/auxiliar.R’:
     assign(".objfuncQQ", objfunc, pos = 1)
     assign(".bounds.list", .bounds.list, pos = 1)
     assign("madtonormalQQ", madtonormalQQ, pos = 1)
    File ‘geoR/R/likGRF.R’:
     assign(".likGRF.dists.vec", lapply(split(as.data.frame(coords),
     realisations), vecdist), pos = 1)
     assign(".likGRF.dists.vec", lapply(split(as.data.frame(coords),
     realisations), vecdist), pos = 1)
     assign(".likGRF.dists.vec", lapply(split(as.data.frame(coords.c),
     temp.list$realisations), vecdist), pos = 1)
     assign(".temp.lower.lambda", -2, pos = 1)
     assign(".temp.upper.lambda", 2, pos = 1)
    File ‘geoR/R/profiles.R’:
     assign(".temp.list", list(n = n, z = data, beta.size = dim(trend)[2],
     kappa = obj.likfit$kappa, xmat = trend, method.lik = obj.likfit$method.lik,
     dists.lowertri = dists.vec, cov.model = obj.likfit$cov.model,
     fix.lambda = obj.likfit$transform.info$fix.lambda, lambda = obj.likfit$lambda,
     lower.phi = lower.phi, upper.phi = upper.phi, lower.sigmasq = lower.sigmasq,
     phi.est = phi, tausq.rel.est = tausq.rel, tausq.est = tausq,
     sigmasq.est = sigmasq), pos = 1)
     assign(".temp.temp.list", get(".temp.list", pos = 1), pos = 1)
     assign(".temp.list", .temp.temp.list, pos = 1)
     assign(".temp.lambda", lambda, pos = 1)
     assign(".temp.lambda", lambda, pos = 1)
    File ‘geoR/R/simul.R’:
     assign("setRF", geoR2RF(cov.model = cov.model, cov.pars = cov.pars,
     nugget = nugget, kappa = kappa, aniso.pars = aniso.pars),
     pos = 1)
    File ‘geoR/R/variofit.R’:
     assign(".temp.theta", NULL, pos = 1)
     assign(".temp.theta", theta, pos = 1)
     assign(".IND.geoR.variog.model.env", TRUE, pos = 1)
    File ‘geoR/R/variogram.R’:
     assign(".variog4.nomessage", TRUE, pos = 1)
Flavor: r-devel-osx-x86_64-clang

Version: 1.7-5.1
Check: R code for possible problems
Result: NOTE
    Found the following assignments to the global environment:
    File ‘geoR/R/auxiliar.R’:
     assign(".objfuncQQ", objfunc, pos = 1)
     assign(".bounds.list", .bounds.list, pos = 1)
     assign("madtonormalQQ", madtonormalQQ, pos = 1)
    File ‘geoR/R/likGRF.R’:
     assign(".likGRF.dists.vec", lapply(split(as.data.frame(coords),
     realisations), vecdist), pos = 1)
     assign(".likGRF.dists.vec", lapply(split(as.data.frame(coords),
     realisations), vecdist), pos = 1)
     assign(".likGRF.dists.vec", lapply(split(as.data.frame(coords.c),
     temp.list$realisations), vecdist), pos = 1)
     assign(".temp.lower.lambda", -2, pos = 1)
     assign(".temp.upper.lambda", 2, pos = 1)
    File ‘geoR/R/profiles.R’:
     assign(".temp.list", list(n = n, z = data, beta.size = dim(trend)[2],
     kappa = obj.likfit$kappa, xmat = trend, method.lik = obj.likfit$method.lik,
     dists.lowertri = dists.vec, cov.model = obj.likfit$cov.model,
     fix.lambda = obj.likfit$transform.info$fix.lambda, lambda = obj.likfit$lambda,
     lower.phi = lower.phi, upper.phi = upper.phi, lower.sigmasq = lower.sigmasq,
     phi.est = phi, tausq.rel.est = tausq.rel, tausq.est = tausq,
     sigmasq.est = sigmasq), pos = 1)
     assign(".temp.temp.list", get(".temp.list", pos = 1), pos = 1)
     assign(".temp.list", .temp.temp.list, pos = 1)
     assign(".temp.lambda", lambda, pos = 1)
     assign(".temp.lambda", lambda, pos = 1)
    File ‘geoR/R/simul.R’:
     assign("setRF", geoR2RF(cov.model = cov.model, cov.pars = cov.pars,
     nugget = nugget, kappa = kappa, aniso.pars = aniso.pars),
     pos = 1)
    File ‘geoR/R/variofit.R’:
     assign(".temp.theta", NULL, pos = 1)
     assign(".temp.theta", theta, pos = 1)
     assign(".IND.geoR.variog.model.env", TRUE, pos = 1)
    File ‘geoR/R/variogram.R’:
     assign(".variog4.nomessage", TRUE, pos = 1)
    
    Found the following calls to attach():
    File ‘geoR/R/auxiliar.R’:
     attach(geodata, pos = 2, warn.conflicts = FALSE)
     attach(geodata$covariate, pos = 3, warn.conflicts = FALSE)
    File ‘geoR/R/geobayes.R’:
     attach(x, pos = 2, warn.conflicts = FALSE)
     attach(x, pos = 2, warn.conflicts = FALSE)
     attach(x, pos = 2, warn.conflicts = FALSE)
    File ‘geoR/R/geodata.R’:
     attach(x, pos = 2, warn.conflicts = FALSE)
     attach(x, pos = 2, warn.conflicts = FALSE)
    File ‘geoR/R/kriging.R’:
     attach(x, pos = 2, warn.conflicts = FALSE)
     attach(x, pos = 2, warn.conflicts = FALSE)
     attach(x, pos = 2, warn.conflicts = FALSE)
    See section ‘Good practice’ in ‘?attach’.
Flavors: r-patched-linux-x86_64, r-release-linux-x86_64