CRAN Package Check Results for Package geoR

Last updated on 2015-05-28 00:47:00.

Flavor Version Tinstall Tcheck Ttotal Status Flags
r-devel-linux-x86_64-debian-clang 1.7-5.1 3.50 71.37 74.86 NOTE
r-devel-linux-x86_64-debian-gcc 1.7-5.1 3.61 73.54 77.14 NOTE
r-devel-linux-x86_64-fedora-clang 1.7-5.1 141.47 NOTE
r-devel-linux-x86_64-fedora-gcc 1.7-5.1 134.08 OK
r-devel-osx-x86_64-clang 1.7-5.1 130.47 NOTE
r-devel-windows-ix86+x86_64 1.7-5.1 13.00 119.00 132.00 OK
r-patched-linux-x86_64 1.7-5.1 3.61 71.54 75.14 NOTE
r-patched-solaris-sparc 1.7-5.1 877.60 OK
r-patched-solaris-x86 1.7-5.1 185.60 OK
r-release-linux-x86_64 1.7-5.1 3.58 70.32 73.89 NOTE
r-release-osx-x86_64-mavericks 1.7-5.1 OK
r-release-osx-x86_64-snowleopard 1.7-5.1 NOTE
r-release-windows-ix86+x86_64 1.7-5.1 16.00 118.00 134.00 OK
r-oldrel-windows-ix86+x86_64 1.7-5.1 15.00 121.00 136.00 OK

Memtest notes: valgrind

Check Details

Version: 1.7-5.1
Check: R code for possible problems
Result: NOTE
    Found the following assignments to the global environment:
    File ‘geoR/R/auxiliar.R’:
     assign(".objfuncQQ", objfunc, pos = 1)
     assign(".bounds.list", .bounds.list, pos = 1)
     assign("madtonormalQQ", madtonormalQQ, pos = 1)
    File ‘geoR/R/likGRF.R’:
     assign(".likGRF.dists.vec", lapply(split(as.data.frame(coords),
     realisations), vecdist), pos = 1)
     assign(".likGRF.dists.vec", lapply(split(as.data.frame(coords),
     realisations), vecdist), pos = 1)
     assign(".likGRF.dists.vec", lapply(split(as.data.frame(coords.c),
     temp.list$realisations), vecdist), pos = 1)
     assign(".temp.lower.lambda", -2, pos = 1)
     assign(".temp.upper.lambda", 2, pos = 1)
    File ‘geoR/R/profiles.R’:
     assign(".temp.list", list(n = n, z = data, beta.size = dim(trend)[2],
     kappa = obj.likfit$kappa, xmat = trend, method.lik = obj.likfit$method.lik,
     dists.lowertri = dists.vec, cov.model = obj.likfit$cov.model,
     fix.lambda = obj.likfit$transform.info$fix.lambda, lambda = obj.likfit$lambda,
     lower.phi = lower.phi, upper.phi = upper.phi, lower.sigmasq = lower.sigmasq,
     phi.est = phi, tausq.rel.est = tausq.rel, tausq.est = tausq,
     sigmasq.est = sigmasq), pos = 1)
     assign(".temp.temp.list", get(".temp.list", pos = 1), pos = 1)
     assign(".temp.list", .temp.temp.list, pos = 1)
     assign(".temp.lambda", lambda, pos = 1)
     assign(".temp.lambda", lambda, pos = 1)
    File ‘geoR/R/simul.R’:
     assign("setRF", geoR2RF(cov.model = cov.model, cov.pars = cov.pars,
     nugget = nugget, kappa = kappa, aniso.pars = aniso.pars),
     pos = 1)
    File ‘geoR/R/variofit.R’:
     assign(".temp.theta", NULL, pos = 1)
     assign(".temp.theta", theta, pos = 1)
     assign(".IND.geoR.variog.model.env", TRUE, pos = 1)
    File ‘geoR/R/variogram.R’:
     assign(".variog4.nomessage", TRUE, pos = 1)
    
    Found the following calls to attach():
    File ‘geoR/R/auxiliar.R’:
     attach(geodata, pos = 2, warn.conflicts = FALSE)
     attach(geodata$covariate, pos = 3, warn.conflicts = FALSE)
    File ‘geoR/R/geobayes.R’:
     attach(x, pos = 2, warn.conflicts = FALSE)
     attach(x, pos = 2, warn.conflicts = FALSE)
     attach(x, pos = 2, warn.conflicts = FALSE)
    File ‘geoR/R/geodata.R’:
     attach(x, pos = 2, warn.conflicts = FALSE)
     attach(x, pos = 2, warn.conflicts = FALSE)
    File ‘geoR/R/kriging.R’:
     attach(x, pos = 2, warn.conflicts = FALSE)
     attach(x, pos = 2, warn.conflicts = FALSE)
     attach(x, pos = 2, warn.conflicts = FALSE)
    See section ‘Good practice’ in ‘?attach’.
Flavors: r-devel-linux-x86_64-debian-clang, r-devel-linux-x86_64-debian-gcc, r-patched-linux-x86_64, r-release-linux-x86_64

Version: 1.7-5.1
Check: R code for possible problems
Result: NOTE
    Found the following assignments to the global environment:
    File ‘geoR/R/auxiliar.R’:
     assign(".objfuncQQ", objfunc, pos = 1)
     assign(".bounds.list", .bounds.list, pos = 1)
     assign("madtonormalQQ", madtonormalQQ, pos = 1)
    File ‘geoR/R/likGRF.R’:
     assign(".likGRF.dists.vec", lapply(split(as.data.frame(coords),
     realisations), vecdist), pos = 1)
     assign(".likGRF.dists.vec", lapply(split(as.data.frame(coords),
     realisations), vecdist), pos = 1)
     assign(".likGRF.dists.vec", lapply(split(as.data.frame(coords.c),
     temp.list$realisations), vecdist), pos = 1)
     assign(".temp.lower.lambda", -2, pos = 1)
     assign(".temp.upper.lambda", 2, pos = 1)
    File ‘geoR/R/profiles.R’:
     assign(".temp.list", list(n = n, z = data, beta.size = dim(trend)[2],
     kappa = obj.likfit$kappa, xmat = trend, method.lik = obj.likfit$method.lik,
     dists.lowertri = dists.vec, cov.model = obj.likfit$cov.model,
     fix.lambda = obj.likfit$transform.info$fix.lambda, lambda = obj.likfit$lambda,
     lower.phi = lower.phi, upper.phi = upper.phi, lower.sigmasq = lower.sigmasq,
     phi.est = phi, tausq.rel.est = tausq.rel, tausq.est = tausq,
     sigmasq.est = sigmasq), pos = 1)
     assign(".temp.temp.list", get(".temp.list", pos = 1), pos = 1)
     assign(".temp.list", .temp.temp.list, pos = 1)
     assign(".temp.lambda", lambda, pos = 1)
     assign(".temp.lambda", lambda, pos = 1)
    File ‘geoR/R/simul.R’:
     assign("setRF", geoR2RF(cov.model = cov.model, cov.pars = cov.pars,
     nugget = nugget, kappa = kappa, aniso.pars = aniso.pars),
     pos = 1)
    File ‘geoR/R/variofit.R’:
     assign(".temp.theta", NULL, pos = 1)
     assign(".temp.theta", theta, pos = 1)
     assign(".IND.geoR.variog.model.env", TRUE, pos = 1)
    File ‘geoR/R/variogram.R’:
     assign(".variog4.nomessage", TRUE, pos = 1)
Flavors: r-devel-linux-x86_64-fedora-clang, r-devel-osx-x86_64-clang

Version: 1.7-5.1
Check: Rd cross-references
Result: NOTE
    Package unavailable to check Rd xrefs: ‘car’
Flavor: r-release-osx-x86_64-snowleopard