CRAN Package Check Results for Package geoRglm

Last updated on 2018-09-23 19:49:02 CEST.

Flavor Version Tinstall Tcheck Ttotal Status Flags
r-devel-linux-x86_64-debian-clang 0.9-11 13.01 91.40 104.41 OK
r-devel-linux-x86_64-debian-gcc 0.9-11 8.58 70.56 79.14 OK
r-devel-linux-x86_64-fedora-clang 0.9-11 124.79 OK
r-devel-linux-x86_64-fedora-gcc 0.9-11 124.86 OK
r-devel-windows-ix86+x86_64 0.9-11 27.00 157.00 184.00 OK
r-patched-linux-x86_64 0.9-11 12.02 90.56 102.58 OK
r-patched-solaris-x86 0.9-11 189.10 OK
r-release-linux-x86_64 0.9-11 10.11 89.95 100.06 OK
r-release-windows-ix86+x86_64 0.9-11 17.00 168.00 185.00 OK
r-release-osx-x86_64 0.9-11 OK
r-oldrel-windows-ix86+x86_64 0.9-11 15.00 172.00 187.00 OK
r-oldrel-osx-x86_64 0.9-11 NOTE

Check Details

Version: 0.9-11
Check: re-building of vignette outputs
Result: NOTE
    Error in re-building vignettes:
     ...
    A Package for Generalised Linear Spatial Models
    
    
    geoRglm version 0.9-11 (2017-10-17) is now loaded
    
    -----------------------------------------------------------
    
    
    
    Error in texi2dvi(file = file, pdf = TRUE, clean = clean, quiet = quiet, :
     Running 'texi2dvi' on 'geoRglmintro.tex' failed.
    LaTeX errors:
    ! LaTeX Error: File `texnames.sty' not found.
    
    Type X to quit or <RETURN> to proceed,
    or enter new name. (Default extension: sty)
    
    ! Emergency stop.
    <read *>
    
    l.31 ^^M
    
    ! ==> Fatal error occurred, no output PDF file produced!
    Calls: buildVignettes -> texi2pdf -> texi2dvi
    Execution halted
Flavor: r-oldrel-osx-x86_64