CRAN Package Check Results for Package geoRglm

Last updated on 2016-02-12 12:47:19.

Flavor Version Tinstall Tcheck Ttotal Status Flags
r-devel-linux-x86_64-debian-gcc 0.9-8 4.14 60.14 64.28 NOTE
r-devel-linux-x86_64-fedora-clang 0.9-8 108.98 NOTE
r-devel-linux-x86_64-fedora-gcc 0.9-8 106.73 NOTE
r-devel-osx-x86_64-clang 0.9-8 113.23 NOTE
r-devel-windows-ix86+x86_64 0.9-8 16.00 124.00 140.00 NOTE
r-patched-linux-x86_64 0.9-8 4.53 83.05 87.58 OK
r-patched-solaris-sparc 0.9-8 1175.60 OK
r-patched-solaris-x86 0.9-8 186.10 OK
r-release-linux-x86_64 0.9-8 4.25 82.71 86.96 OK
r-release-osx-x86_64-mavericks 0.9-8 OK
r-release-windows-ix86+x86_64 0.9-8 19.00 126.00 145.00 OK
r-oldrel-windows-ix86+x86_64 0.9-8 21.00 138.00 159.00 OK

Check Details

Version: 0.9-8
Check: R code for possible problems
Result: NOTE
    image.glm.krige.bayes: no visible global function definition for
     ‘heat.colors’
    Undefined global functions or variables:
     heat.colors
    Consider adding
     importFrom("grDevices", "heat.colors")
    to your NAMESPACE file.
Flavors: r-devel-linux-x86_64-debian-gcc, r-devel-linux-x86_64-fedora-clang, r-devel-linux-x86_64-fedora-gcc, r-devel-osx-x86_64-clang, r-devel-windows-ix86+x86_64