CRAN Package Check Results for Package geoRglm

Last updated on 2016-04-29 15:46:51.

Flavor Version Tinstall Tcheck Ttotal Status Flags
r-devel-linux-x86_64-debian-gcc 0.9-8 3.86 62.76 66.61 NOTE
r-devel-linux-x86_64-fedora-clang 0.9-8 110.27 NOTE
r-devel-linux-x86_64-fedora-gcc 0.9-8 108.63 NOTE
r-devel-osx-x86_64-clang 0.9-8 115.65 NOTE
r-devel-windows-ix86+x86_64 0.9-8 13.00 110.00 123.00 NOTE
r-patched-linux-x86_64 0.9-8 4.06 61.97 66.03 NOTE
r-patched-solaris-sparc 0.9-8 814.10 NOTE
r-patched-solaris-x86 0.9-8 148.10 NOTE
r-release-linux-x86_64 0.9-8 4.34 85.14 89.48 OK
r-release-osx-x86_64-mavericks 0.9-8 OK
r-release-windows-ix86+x86_64 0.9-8 13.00 137.00 150.00 OK
r-oldrel-windows-ix86+x86_64 0.9-8 23.00 191.00 214.00 OK

Check Details

Version: 0.9-8
Check: R code for possible problems
Result: NOTE
    image.glm.krige.bayes: no visible global function definition for
     ‘heat.colors’
    Undefined global functions or variables:
     heat.colors
    Consider adding
     importFrom("grDevices", "heat.colors")
    to your NAMESPACE file.
Flavors: r-devel-linux-x86_64-debian-gcc, r-devel-linux-x86_64-fedora-clang, r-devel-linux-x86_64-fedora-gcc, r-devel-osx-x86_64-clang, r-devel-windows-ix86+x86_64, r-patched-linux-x86_64, r-patched-solaris-sparc, r-patched-solaris-x86