CRAN Package Check Results for Package geoRglm

Last updated on 2015-08-04 16:48:28.

Flavor Version Tinstall Tcheck Ttotal Status Flags
r-devel-linux-x86_64-debian-clang 0.9-8 3.33 77.51 80.84 NOTE
r-devel-linux-x86_64-debian-gcc 0.9-8 3.87 77.97 81.84 NOTE
r-devel-linux-x86_64-fedora-clang 0.9-8 148.05 NOTE
r-devel-linux-x86_64-fedora-gcc 0.9-8 146.55 NOTE
r-devel-osx-x86_64-clang 0.9-8 117.95 OK
r-devel-windows-ix86+x86_64 0.9-8 19.00 138.00 157.00 NOTE
r-patched-linux-x86_64 0.9-8 3.82 76.42 80.24 OK
r-patched-solaris-sparc 0.9-8 1203.40 OK
r-patched-solaris-x86 0.9-8 192.70 OK
r-release-linux-x86_64 0.9-8 3.91 78.75 82.66 OK
r-release-osx-x86_64-mavericks 0.9-8 OK
r-release-windows-ix86+x86_64 0.9-8 18.00 138.00 156.00 OK
r-oldrel-windows-ix86+x86_64 0.9-8 15.00 163.00 178.00 OK

Check Details

Version: 0.9-8
Check: R code for possible problems
Result: NOTE
    image.glm.krige.bayes: no visible global function definition for
     ‘heat.colors’
    Undefined global functions or variables:
     heat.colors
    Consider adding
     importFrom("grDevices", "heat.colors")
    to your NAMESPACE.
Flavors: r-devel-linux-x86_64-debian-clang, r-devel-linux-x86_64-debian-gcc, r-devel-linux-x86_64-fedora-clang, r-devel-linux-x86_64-fedora-gcc, r-devel-windows-ix86+x86_64