CRAN Package Check Results for Package geoRglm

Last updated on 2017-10-19 17:48:24.

Flavor Version Tinstall Tcheck Ttotal Status Flags
r-devel-linux-x86_64-debian-clang 0.9-11 4.70 69.55 74.25 OK
r-devel-linux-x86_64-debian-gcc 0.9-11 5.29 62.69 67.98 OK
r-devel-linux-x86_64-fedora-clang 0.9-11 70.50 OK
r-devel-linux-x86_64-fedora-gcc 0.9-11 73.99 OK
r-devel-windows-ix86+x86_64 0.9-11 20.00 175.00 195.00 OK
r-patched-linux-x86_64 0.9-11 4.50 70.29 74.79 OK
r-patched-solaris-x86 0.9-11 143.50 OK
r-release-linux-x86_64 0.9-8 4.48 70.76 75.23 NOTE
r-release-windows-ix86+x86_64 0.9-8 18.00 127.00 145.00 NOTE
r-release-osx-x86_64 0.9-11 NOTE
r-oldrel-windows-ix86+x86_64 0.9-11 14.00 114.00 128.00 OK
r-oldrel-osx-x86_64 0.9-8 WARN

Check Details

Version: 0.9-8
Check: R code for possible problems
Result: NOTE
    image.glm.krige.bayes: no visible global function definition for
     ‘heat.colors’
    Undefined global functions or variables:
     heat.colors
    Consider adding
     importFrom("grDevices", "heat.colors")
    to your NAMESPACE file.
Flavors: r-release-linux-x86_64, r-release-windows-ix86+x86_64

Version: 0.9-8
Check: compiled code
Result: NOTE
    File ‘geoRglm/libs/geoRglm.so’:
     Found no calls to: ‘R_registerRoutines’, ‘R_useDynamicSymbols’
    
    It is good practice to register native routines and to disable symbol
    search.
    
    See ‘Writing portable packages’ in the ‘Writing R Extensions’ manual.
Flavor: r-release-linux-x86_64

Version: 0.9-11
Check: re-building of vignette outputs
Result: NOTE
    Error in re-building vignettes:
     ...
    A Package for Generalised Linear Spatial Models
    
    
    geoRglm version 0.9-11 (2017-10-17) is now loaded
    
    -----------------------------------------------------------
    
    
    
    Error in texi2dvi(file = file, pdf = TRUE, clean = clean, quiet = quiet, :
     Running 'texi2dvi' on 'geoRglmintro.tex' failed.
    LaTeX errors:
    ! LaTeX Error: File `texnames.sty' not found.
    
    Type X to quit or <RETURN> to proceed,
    or enter new name. (Default extension: sty)
    
    ! Emergency stop.
    <read *>
    
    l.31 ^^M
    
    ! ==> Fatal error occurred, no output PDF file produced!
    Calls: buildVignettes -> texi2pdf -> texi2dvi
    Execution halted
Flavor: r-release-osx-x86_64

Version: 0.9-8
Check: dependencies in R code
Result: NOTE
    Invalid MIT-MAGIC-COOKIE-1 key
Flavor: r-oldrel-osx-x86_64

Version: 0.9-8
Check: S3 generic/method consistency
Result: WARN
    Invalid MIT-MAGIC-COOKIE-1 key
    See section ‘Generic functions and methods’ in the ‘Writing R
    Extensions’ manual.
Flavor: r-oldrel-osx-x86_64

Version: 0.9-8
Check: replacement functions
Result: WARN
    Invalid MIT-MAGIC-COOKIE-1 key
    The argument of a replacement function which corresponds to the right
    hand side must be named ‘value’.
Flavor: r-oldrel-osx-x86_64

Version: 0.9-8
Check: foreign function calls
Result: NOTE
    Invalid MIT-MAGIC-COOKIE-1 key
    See chapter ‘System and foreign language interfaces’ in the ‘Writing R
    Extensions’ manual.
Flavor: r-oldrel-osx-x86_64

Version: 0.9-8
Check: R code for possible problems
Result: NOTE
    Invalid MIT-MAGIC-COOKIE-1 keyimage.glm.krige.bayes: no visible global function definition for
     ‘heat.colors’
    Undefined global functions or variables:
     heat.colors
    Consider adding
     importFrom("grDevices", "heat.colors")
    to your NAMESPACE file.
Flavor: r-oldrel-osx-x86_64

Version: 0.9-8
Check: for missing documentation entries
Result: WARN
    Invalid MIT-MAGIC-COOKIE-1 key
    All user-level objects in a package should have documentation entries.
    See chapter ‘Writing R documentation files’ in the ‘Writing R
    Extensions’ manual.
Flavor: r-oldrel-osx-x86_64

Version: 0.9-8
Check: for code/documentation mismatches
Result: WARN
    Invalid MIT-MAGIC-COOKIE-1 key
    Invalid MIT-MAGIC-COOKIE-1 key
    Invalid MIT-MAGIC-COOKIE-1 key
Flavor: r-oldrel-osx-x86_64

Version: 0.9-8
Check: Rd \usage sections
Result: NOTE
    Invalid MIT-MAGIC-COOKIE-1 key
    The \usage entries for S3 methods should use the \method markup and not
    their full name.
    See chapter ‘Writing R documentation files’ in the ‘Writing R
    Extensions’ manual.
Flavor: r-oldrel-osx-x86_64