CRAN Package Check Results for Package geoRglm

Last updated on 2017-12-12 22:47:12 CET.

Flavor Version Tinstall Tcheck Ttotal Status Flags
r-devel-linux-x86_64-debian-clang 0.9-11 5.96 99.95 105.91 OK
r-devel-linux-x86_64-debian-gcc 0.9-11 4.57 74.76 79.33 OK
r-devel-linux-x86_64-fedora-clang 0.9-11 120.19 OK
r-devel-windows-ix86+x86_64 0.9-11 20.00 138.00 158.00 OK
r-patched-linux-x86_64 0.9-11 6.49 102.83 109.32 OK
r-patched-solaris-x86 0.9-11 166.40 OK
r-release-linux-x86_64 0.9-11 5.80 103.18 108.98 OK
r-release-windows-ix86+x86_64 0.9-11 14.00 135.00 149.00 OK
r-release-osx-x86_64 0.9-11 NOTE
r-oldrel-windows-ix86+x86_64 0.9-11 13.00 137.00 150.00 OK
r-oldrel-osx-x86_64 0.9-11 OK

Check Details

Version: 0.9-11
Check: re-building of vignette outputs
Result: NOTE
    Error in re-building vignettes:
     ...
    A Package for Generalised Linear Spatial Models
    
    
    geoRglm version 0.9-11 (2017-10-17) is now loaded
    
    -----------------------------------------------------------
    
    
    
    Error in texi2dvi(file = file, pdf = TRUE, clean = clean, quiet = quiet, :
     Running 'texi2dvi' on 'geoRglmintro.tex' failed.
    LaTeX errors:
    ! LaTeX Error: File `texnames.sty' not found.
    
    Type X to quit or <RETURN> to proceed,
    or enter new name. (Default extension: sty)
    
    ! Emergency stop.
    <read *>
    
    l.31 ^^M
    
    ! ==> Fatal error occurred, no output PDF file produced!
    Calls: buildVignettes -> texi2pdf -> texi2dvi
    Execution halted
Flavor: r-release-osx-x86_64