CRAN Package Check Results for Package geoRglm

Last updated on 2015-07-04 03:48:10.

Flavor Version Tinstall Tcheck Ttotal Status Flags
r-devel-linux-x86_64-debian-clang 0.9-8 3.24 77.37 80.61 NOTE
r-devel-linux-x86_64-debian-gcc 0.9-8 3.94 77.84 81.78 NOTE
r-devel-linux-x86_64-fedora-clang 0.9-8 147.94 NOTE
r-devel-linux-x86_64-fedora-gcc 0.9-8 145.01 NOTE
r-devel-osx-x86_64-clang 0.9-8 126.75 OK
r-devel-windows-ix86+x86_64 0.9-8 20.00 146.00 166.00 NOTE
r-patched-linux-x86_64 0.9-8 3.64 77.94 81.57 OK
r-patched-solaris-sparc 0.9-8 1222.20 OK
r-patched-solaris-x86 0.9-8 192.10 OK
r-release-linux-x86_64 0.9-8 3.86 77.52 81.38 OK
r-release-osx-x86_64-mavericks 0.9-8 OK
r-release-windows-ix86+x86_64 0.9-8 17.00 119.00 136.00 OK
r-oldrel-windows-ix86+x86_64 0.9-8 12.00 133.00 145.00 OK

Check Details

Version: 0.9-8
Check: R code for possible problems
Result: NOTE
    image.glm.krige.bayes: no visible global function definition for
     ‘heat.colors’
    Undefined global functions or variables:
     heat.colors
Flavors: r-devel-linux-x86_64-debian-clang, r-devel-linux-x86_64-debian-gcc, r-devel-linux-x86_64-fedora-clang, r-devel-linux-x86_64-fedora-gcc, r-devel-windows-ix86+x86_64