CRAN Package Check Results for Package geoRglm

Last updated on 2017-03-23 23:50:44.

Flavor Version Tinstall Tcheck Ttotal Status Flags
r-devel-linux-x86_64-debian-clang 0.9-8 4.98 70.64 75.62 NOTE
r-devel-linux-x86_64-debian-gcc 0.9-8 4.67 69.43 74.10 NOTE
r-devel-linux-x86_64-fedora-clang 0.9-8 134.32 NOTE --no-stop-on-test-error
r-devel-linux-x86_64-fedora-gcc 0.9-8 132.35 NOTE --no-stop-on-test-error
r-devel-macos-x86_64-clang 0.9-8 97.09 NOTE --no-stop-on-test-error
r-devel-windows-ix86+x86_64 0.9-8 14.00 121.00 135.00 NOTE
r-patched-linux-x86_64 0.9-8 3.91 60.67 64.58 NOTE
r-patched-solaris-sparc 0.9-8 15.40 ERROR
r-patched-solaris-x86 0.9-8 3.00 ERROR
r-release-linux-x86_64 0.9-8 3.99 60.73 64.72 NOTE
r-release-osx-x86_64-mavericks 0.9-8 WARN
r-release-windows-ix86+x86_64 0.9-8 22.00 103.00 125.00 NOTE
r-oldrel-windows-ix86+x86_64 0.9-8 19.00 176.00 195.00 OK

Check Details

Version: 0.9-8
Check: R code for possible problems
Result: NOTE
    image.glm.krige.bayes: no visible global function definition for
     ‘heat.colors’
    Undefined global functions or variables:
     heat.colors
    Consider adding
     importFrom("grDevices", "heat.colors")
    to your NAMESPACE file.
Flavors: r-devel-linux-x86_64-debian-clang, r-devel-linux-x86_64-debian-gcc, r-devel-windows-ix86+x86_64, r-patched-linux-x86_64, r-release-linux-x86_64, r-release-windows-ix86+x86_64

Version: 0.9-8
Check: compiled code
Result: NOTE
    File ‘geoRglm/libs/geoRglm.so’:
     Found no calls to: ‘R_registerRoutines’, ‘R_useDynamicSymbols’
    
    It is good practice to register native routines and to disable symbol
    search.
    
    See ‘Writing portable packages’ in the ‘Writing R Extensions’ manual.
Flavors: r-devel-linux-x86_64-debian-clang, r-devel-linux-x86_64-debian-gcc

Version: 0.9-8
Flags: --no-stop-on-test-error
Check: R code for possible problems
Result: NOTE
    image.glm.krige.bayes: no visible global function definition for
     ‘heat.colors’
    Undefined global functions or variables:
     heat.colors
    Consider adding
     importFrom("grDevices", "heat.colors")
    to your NAMESPACE file.
Flavors: r-devel-linux-x86_64-fedora-clang, r-devel-linux-x86_64-fedora-gcc, r-devel-macos-x86_64-clang

Version: 0.9-8
Flags: --no-stop-on-test-error
Check: compiled code
Result: NOTE
    File ‘geoRglm/libs/geoRglm.so’:
     Found no calls to: ‘R_registerRoutines’, ‘R_useDynamicSymbols’
    
    It is good practice to register native routines and to disable symbol
    search.
    
    See ‘Writing portable packages’ in the ‘Writing R Extensions’ manual.
Flavors: r-devel-linux-x86_64-fedora-clang, r-devel-linux-x86_64-fedora-gcc, r-devel-macos-x86_64-clang

Version: 0.9-8
Check: package dependencies
Result: ERROR
    Package required but not available: ‘geoR’
    
    See section ‘The DESCRIPTION file’ in the ‘Writing R Extensions’
    manual.
Flavors: r-patched-solaris-sparc, r-patched-solaris-x86

Version: 0.9-8
Check: dependencies in R code
Result: NOTE
    Invalid MIT-MAGIC-COOKIE-1 key
Flavor: r-release-osx-x86_64-mavericks

Version: 0.9-8
Check: S3 generic/method consistency
Result: WARN
    Invalid MIT-MAGIC-COOKIE-1 key
    See section ‘Generic functions and methods’ in the ‘Writing R
    Extensions’ manual.
Flavor: r-release-osx-x86_64-mavericks

Version: 0.9-8
Check: replacement functions
Result: WARN
    Invalid MIT-MAGIC-COOKIE-1 key
    The argument of a replacement function which corresponds to the right
    hand side must be named ‘value’.
Flavor: r-release-osx-x86_64-mavericks

Version: 0.9-8
Check: foreign function calls
Result: NOTE
    Invalid MIT-MAGIC-COOKIE-1 key
    See chapter ‘System and foreign language interfaces’ in the ‘Writing R
    Extensions’ manual.
Flavor: r-release-osx-x86_64-mavericks

Version: 0.9-8
Check: R code for possible problems
Result: NOTE
    Invalid MIT-MAGIC-COOKIE-1 keyimage.glm.krige.bayes: no visible global function definition for
     ‘heat.colors’
    Undefined global functions or variables:
     heat.colors
    Consider adding
     importFrom("grDevices", "heat.colors")
    to your NAMESPACE file.
Flavor: r-release-osx-x86_64-mavericks

Version: 0.9-8
Check: for missing documentation entries
Result: WARN
    Invalid MIT-MAGIC-COOKIE-1 key
    All user-level objects in a package should have documentation entries.
    See chapter ‘Writing R documentation files’ in the ‘Writing R
    Extensions’ manual.
Flavor: r-release-osx-x86_64-mavericks

Version: 0.9-8
Check: for code/documentation mismatches
Result: WARN
    Invalid MIT-MAGIC-COOKIE-1 key
    Invalid MIT-MAGIC-COOKIE-1 key
    Invalid MIT-MAGIC-COOKIE-1 key
Flavor: r-release-osx-x86_64-mavericks

Version: 0.9-8
Check: Rd \usage sections
Result: NOTE
    Invalid MIT-MAGIC-COOKIE-1 key
    The \usage entries for S3 methods should use the \method markup and not
    their full name.
    See chapter ‘Writing R documentation files’ in the ‘Writing R
    Extensions’ manual.
Flavor: r-release-osx-x86_64-mavericks