CRAN Package Check Results for Package geoRglm

Last updated on 2015-09-05 11:47:15.

Flavor Version Tinstall Tcheck Ttotal Status Flags
r-devel-linux-x86_64-debian-clang 0.9-8 3.45 75.96 79.41 NOTE
r-devel-linux-x86_64-debian-gcc 0.9-8 3.82 77.55 81.37 NOTE
r-devel-linux-x86_64-fedora-clang 0.9-8 145.39 NOTE
r-devel-linux-x86_64-fedora-gcc 0.9-8 147.54 NOTE
r-devel-osx-x86_64-clang 0.9-8 115.55 OK
r-devel-windows-ix86+x86_64 0.9-8 20.00 142.00 162.00 NOTE
r-patched-linux-x86_64 0.9-8 3.86 79.47 83.33 OK
r-patched-solaris-sparc 0.9-8 1203.40 OK
r-patched-solaris-x86 0.9-8 193.90 OK
r-release-linux-x86_64 0.9-8 3.96 79.06 83.03 OK
r-release-osx-x86_64-mavericks 0.9-8 OK
r-release-windows-ix86+x86_64 0.9-8 21.00 174.00 195.00 OK
r-oldrel-windows-ix86+x86_64 0.9-8 15.00 169.00 184.00 OK

Check Details

Version: 0.9-8
Check: R code for possible problems
Result: NOTE
    image.glm.krige.bayes: no visible global function definition for
     ‘heat.colors’
    Undefined global functions or variables:
     heat.colors
    Consider adding
     importFrom("grDevices", "heat.colors")
    to your NAMESPACE.
Flavors: r-devel-linux-x86_64-debian-clang, r-devel-linux-x86_64-debian-gcc, r-devel-linux-x86_64-fedora-clang, r-devel-linux-x86_64-fedora-gcc, r-devel-windows-ix86+x86_64