CRAN Package Check Results for Package geoRglm

Last updated on 2018-06-21 15:49:10 CEST.

Flavor Version Tinstall Tcheck Ttotal Status Flags
r-devel-linux-x86_64-debian-clang 0.9-11 11.94 82.59 94.53 OK
r-devel-linux-x86_64-debian-gcc 0.9-11 9.98 67.67 77.65 OK
r-devel-linux-x86_64-fedora-clang 0.9-11 124.32 OK
r-devel-linux-x86_64-fedora-gcc 0.9-11 121.23 OK
r-devel-windows-ix86+x86_64 0.9-11 26.00 151.00 177.00 OK
r-patched-linux-x86_64 0.9-11 10.98 89.05 100.03 OK
r-patched-solaris-x86 0.9-11 189.90 OK
r-release-linux-x86_64 0.9-11 13.53 88.86 102.39 OK
r-release-windows-ix86+x86_64 0.9-11 19.00 122.00 141.00 OK
r-release-osx-x86_64 0.9-11 OK
r-oldrel-windows-ix86+x86_64 0.9-11 24.00 129.00 153.00 OK
r-oldrel-osx-x86_64 0.9-11 NOTE

Check Details

Version: 0.9-11
Check: re-building of vignette outputs
Result: NOTE
    Error in re-building vignettes:
     ...
    A Package for Generalised Linear Spatial Models
    
    
    geoRglm version 0.9-11 (2017-10-17) is now loaded
    
    -----------------------------------------------------------
    
    
    
    Error in texi2dvi(file = file, pdf = TRUE, clean = clean, quiet = quiet, :
     Running 'texi2dvi' on 'geoRglmintro.tex' failed.
    LaTeX errors:
    ! LaTeX Error: File `texnames.sty' not found.
    
    Type X to quit or <RETURN> to proceed,
    or enter new name. (Default extension: sty)
    
    ! Emergency stop.
    <read *>
    
    l.31 ^^M
    
    ! ==> Fatal error occurred, no output PDF file produced!
    Calls: buildVignettes -> texi2pdf -> texi2dvi
    Execution halted
Flavor: r-oldrel-osx-x86_64