CRAN Package Check Results for Package geoTS

Last updated on 2020-12-05 23:47:45 CET.

Flavor Version Tinstall Tcheck Ttotal Status Flags
r-devel-linux-x86_64-debian-clang 0.1.3 10.87 76.71 87.58 OK
r-devel-linux-x86_64-debian-gcc 0.1.3 7.79 61.85 69.64 OK
r-devel-linux-x86_64-fedora-clang 0.1.3 109.23 NOTE
r-devel-linux-x86_64-fedora-gcc 0.1.3 99.12 NOTE
r-devel-windows-ix86+x86_64 0.1.3 19.00 88.00 107.00 OK
r-patched-linux-x86_64 0.1.3 9.36 74.60 83.96 OK
r-patched-solaris-x86 0.1.3 141.00 NOTE
r-release-linux-x86_64 0.1.3 8.52 72.03 80.55 OK
r-release-macos-x86_64 0.1.3 NOTE
r-release-windows-ix86+x86_64 0.1.3 17.00 93.00 110.00 OK
r-oldrel-macos-x86_64 0.1.3 NOTE
r-oldrel-windows-ix86+x86_64 0.1.3 17.00 88.00 105.00 OK

Check Details

Version: 0.1.3
Check: dependencies in R code
Result: NOTE
    Namespaces in Imports field not imported from:
     ‘iterators’ ‘methods’
     All declared Imports should be used.
Flavors: r-devel-linux-x86_64-fedora-clang, r-devel-linux-x86_64-fedora-gcc, r-patched-solaris-x86, r-release-macos-x86_64, r-oldrel-macos-x86_64