Last updated on 2023-01-31 10:52:11 CET.
Flavor | Version | Tinstall | Tcheck | Ttotal | Status | Flags |
---|---|---|---|---|---|---|
r-devel-linux-x86_64-debian-clang | 1.7.0 | 5.91 | 84.75 | 90.66 | OK | |
r-devel-linux-x86_64-debian-gcc | 1.7.0 | 4.62 | 63.36 | 67.98 | OK | |
r-devel-linux-x86_64-fedora-clang | 1.7.0 | 109.84 | NOTE | |||
r-devel-linux-x86_64-fedora-gcc | 1.7.0 | 116.33 | NOTE | |||
r-devel-windows-x86_64 | 1.7.0 | 35.00 | 159.00 | 194.00 | OK | |
r-patched-linux-x86_64 | 1.7.0 | 5.17 | 81.03 | 86.20 | OK | |
r-release-linux-x86_64 | 1.7.0 | 5.61 | 80.54 | 86.15 | OK | |
r-release-macos-arm64 | 1.7.0 | 82.00 | NOTE | |||
r-release-macos-x86_64 | 1.7.0 | 82.00 | NOTE | |||
r-release-windows-x86_64 | 1.7.0 | 39.00 | 154.00 | 193.00 | OK | |
r-oldrel-macos-arm64 | 1.7.0 | 86.00 | NOTE | |||
r-oldrel-macos-x86_64 | 1.7.0 | 82.00 | NOTE | |||
r-oldrel-windows-ix86+x86_64 | 1.7.0 | 18.00 | 128.00 | 146.00 | OK |
Version: 1.7.0
Check: data for non-ASCII characters
Result: NOTE
Note: found 58 marked UTF-8 strings
Flavors: r-devel-linux-x86_64-fedora-clang, r-devel-linux-x86_64-fedora-gcc, r-release-macos-arm64, r-release-macos-x86_64, r-oldrel-macos-arm64, r-oldrel-macos-x86_64