Last updated on 2023-05-29 11:03:10 CEST.
Flavor | Version | Tinstall | Tcheck | Ttotal | Status | Flags |
---|---|---|---|---|---|---|
r-devel-linux-x86_64-debian-clang | 1.7.0 | 6.04 | 87.20 | 93.24 | OK | |
r-devel-linux-x86_64-debian-gcc | 1.7.0 | 4.73 | 65.70 | 70.43 | OK | |
r-devel-linux-x86_64-fedora-clang | 1.7.0 | 112.42 | NOTE | |||
r-devel-linux-x86_64-fedora-gcc | 1.7.0 | 118.06 | NOTE | |||
r-devel-windows-x86_64 | 1.7.0 | 9.00 | 127.00 | 136.00 | OK | |
r-patched-linux-x86_64 | 1.7.0 | 6.21 | 81.97 | 88.18 | OK | |
r-release-linux-x86_64 | 1.7.0 | 3.87 | 83.97 | 87.84 | OK | |
r-release-macos-arm64 | 1.7.0 | 78.00 | OK | |||
r-release-macos-x86_64 | 1.7.0 | 87.00 | OK | |||
r-release-windows-x86_64 | 1.7.0 | 11.00 | 142.00 | 153.00 | OK | |
r-oldrel-macos-arm64 | 1.7.0 | 82.00 | NOTE | |||
r-oldrel-macos-x86_64 | 1.7.0 | 82.00 | NOTE | |||
r-oldrel-windows-x86_64 | 1.7.0 | 11.00 | 144.00 | 155.00 | OK |
Version: 1.7.0
Check: data for non-ASCII characters
Result: NOTE
Note: found 58 marked UTF-8 strings
Flavors: r-devel-linux-x86_64-fedora-clang, r-devel-linux-x86_64-fedora-gcc, r-oldrel-macos-arm64, r-oldrel-macos-x86_64