CRAN Package Check Results for Package geodimension

Last updated on 2021-04-15 02:47:39 CEST.

Flavor Version Tinstall Tcheck Ttotal Status Flags
r-devel-linux-x86_64-debian-clang 1.0.0 5.64 160.90 166.54 OK
r-devel-linux-x86_64-debian-gcc 1.0.0 5.24 119.47 124.71 OK
r-devel-linux-x86_64-fedora-clang 1.0.0 208.66 NOTE
r-devel-linux-x86_64-fedora-gcc 1.0.0 195.49 NOTE
r-devel-windows-ix86+x86_64 1.0.0 14.00 213.00 227.00 OK
r-devel-windows-x86_64-gcc10-UCRT 1.0.0 NOTE
r-patched-linux-x86_64 1.0.0 6.08 154.98 161.06 OK
r-patched-solaris-x86 1.0.0 277.50 NOTE
r-release-linux-x86_64 1.0.0 5.39 153.39 158.78 OK
r-release-macos-x86_64 1.0.0 NOTE
r-release-windows-ix86+x86_64 1.0.0 12.00 215.00 227.00 OK
r-oldrel-macos-x86_64 1.0.0 NOTE
r-oldrel-windows-ix86+x86_64 1.0.0 8.00 152.00 160.00 OK

Check Details

Version: 1.0.0
Check: dependencies in R code
Result: NOTE
    Namespaces in Imports field not imported from:
     ‘pander’ ‘readr’ ‘tidyr’
     All declared Imports should be used.
Flavors: r-devel-linux-x86_64-fedora-clang, r-devel-linux-x86_64-fedora-gcc, r-devel-windows-x86_64-gcc10-UCRT, r-patched-solaris-x86, r-release-macos-x86_64, r-oldrel-macos-x86_64

Version: 1.0.0
Check: data for non-ASCII characters
Result: NOTE
     Note: found 80 marked UTF-8 strings
Flavors: r-devel-linux-x86_64-fedora-clang, r-devel-linux-x86_64-fedora-gcc, r-devel-windows-x86_64-gcc10-UCRT, r-patched-solaris-x86, r-release-macos-x86_64, r-oldrel-macos-x86_64