CRAN Package Check Results for Package geodimension

Last updated on 2022-08-17 01:52:09 CEST.

Flavor Version Tinstall Tcheck Ttotal Status Flags
r-devel-linux-x86_64-debian-clang 1.0.0 7.55 275.89 283.44 OK
r-devel-linux-x86_64-debian-gcc 1.0.0 5.73 200.85 206.58 OK
r-devel-linux-x86_64-fedora-clang 1.0.0 310.96 NOTE
r-devel-linux-x86_64-fedora-gcc 1.0.0 312.07 NOTE
r-devel-windows-x86_64 1.0.0 66.00 336.00 402.00 OK
r-patched-linux-x86_64 1.0.0 5.87 257.82 263.69 OK
r-release-linux-x86_64 1.0.0 5.95 258.80 264.75 OK
r-release-macos-arm64 1.0.0 79.00 NOTE
r-release-macos-x86_64 1.0.0 182.00 NOTE
r-release-windows-x86_64 1.0.0 35.00 360.00 395.00 OK
r-oldrel-macos-arm64 1.0.0 78.00 NOTE
r-oldrel-macos-x86_64 1.0.0 92.00 NOTE
r-oldrel-windows-ix86+x86_64 1.0.0 14.00 355.00 369.00 OK

Check Details

Version: 1.0.0
Check: dependencies in R code
Result: NOTE
    Namespaces in Imports field not imported from:
     ‘pander’ ‘readr’ ‘tidyr’
     All declared Imports should be used.
Flavors: r-devel-linux-x86_64-fedora-clang, r-devel-linux-x86_64-fedora-gcc, r-release-macos-arm64, r-release-macos-x86_64, r-oldrel-macos-arm64, r-oldrel-macos-x86_64

Version: 1.0.0
Check: data for non-ASCII characters
Result: NOTE
     Note: found 80 marked UTF-8 strings
Flavors: r-devel-linux-x86_64-fedora-clang, r-devel-linux-x86_64-fedora-gcc, r-release-macos-arm64, r-release-macos-x86_64, r-oldrel-macos-arm64, r-oldrel-macos-x86_64