CRAN Package Check Results for Package geofacet

Last updated on 2020-02-28 16:48:16 CET.

Flavor Version Tinstall Tcheck Ttotal Status Flags
r-devel-linux-x86_64-debian-clang 0.1.10 7.59 93.36 100.95 OK
r-devel-linux-x86_64-debian-gcc 0.1.10 6.17 71.74 77.91 OK
r-devel-linux-x86_64-fedora-clang 0.1.10 124.82 NOTE
r-devel-linux-x86_64-fedora-gcc 0.1.10 121.19 NOTE
r-devel-windows-ix86+x86_64 0.1.10 20.00 109.00 129.00 OK
r-devel-windows-ix86+x86_64-gcc8 0.1.10 24.00 113.00 137.00 OK
r-patched-linux-x86_64 0.1.10 5.64 82.23 87.87 OK
r-patched-solaris-x86 0.1.10 172.00 NOTE
r-release-linux-x86_64 0.1.10 7.22 82.84 90.06 OK
r-release-windows-ix86+x86_64 0.1.10 17.00 162.00 179.00 OK
r-release-osx-x86_64 0.1.10 NOTE
r-oldrel-windows-ix86+x86_64 0.1.10 10.00 95.00 105.00 OK
r-oldrel-osx-x86_64 0.1.10 NOTE

Check Details

Version: 0.1.10
Check: data for non-ASCII characters
Result: NOTE
     Note: found 217 marked UTF-8 strings
Flavors: r-devel-linux-x86_64-fedora-clang, r-devel-linux-x86_64-fedora-gcc, r-patched-solaris-x86, r-release-osx-x86_64, r-oldrel-osx-x86_64