Last updated on 2022-06-30 18:49:49 CEST.
Flavor | Version | Tinstall | Tcheck | Ttotal | Status | Flags |
---|---|---|---|---|---|---|
r-devel-linux-x86_64-debian-clang | 0.1.1 | 32.51 | 95.56 | 128.07 | NOTE | |
r-devel-linux-x86_64-debian-gcc | 0.1.1 | 25.48 | 72.17 | 97.65 | NOTE | |
r-devel-linux-x86_64-fedora-clang | 0.1.1 | 170.73 | NOTE | |||
r-devel-linux-x86_64-fedora-gcc | 0.1.1 | 163.35 | NOTE | |||
r-devel-windows-x86_64 | 0.1.1 | 46.00 | 132.00 | 178.00 | NOTE | |
r-patched-linux-x86_64 | 0.1.1 | 26.30 | 93.01 | 119.31 | NOTE | |
r-release-linux-x86_64 | 0.1.1 | 28.11 | 93.90 | 122.01 | NOTE | |
r-release-macos-arm64 | 0.1.1 | 44.00 | NOTE | |||
r-release-macos-x86_64 | 0.1.1 | 66.00 | NOTE | |||
r-release-windows-x86_64 | 0.1.1 | 39.00 | 133.00 | 172.00 | NOTE | |
r-oldrel-macos-arm64 | 0.1.1 | 54.00 | NOTE | |||
r-oldrel-macos-x86_64 | 0.1.1 | 86.00 | NOTE | |||
r-oldrel-windows-ix86+x86_64 | 0.1.1 | 86.00 | 178.00 | 264.00 | NOTE |
Version: 0.1.1
Check: LazyData
Result: NOTE
'LazyData' is specified without a 'data' directory
Flavors: r-devel-linux-x86_64-debian-clang, r-devel-linux-x86_64-debian-gcc, r-devel-linux-x86_64-fedora-clang, r-devel-linux-x86_64-fedora-gcc, r-devel-windows-x86_64, r-patched-linux-x86_64, r-release-linux-x86_64, r-release-macos-arm64, r-release-macos-x86_64, r-release-windows-x86_64, r-oldrel-macos-arm64, r-oldrel-macos-x86_64, r-oldrel-windows-ix86+x86_64
Version: 0.1.1
Check: installed package size
Result: NOTE
installed size is 5.2Mb
sub-directories of 1Mb or more:
extdata 3.1Mb
libs 2.0Mb
Flavor: r-oldrel-windows-ix86+x86_64