CRAN Package Check Results for Package geojsonR

Last updated on 2020-01-27 00:48:03 CET.

Flavor Version Tinstall Tcheck Ttotal Status Flags
r-devel-linux-x86_64-debian-clang 1.0.7 51.29 30.13 81.42 OK
r-devel-linux-x86_64-debian-gcc 1.0.7 42.14 24.23 66.37 OK
r-devel-linux-x86_64-fedora-clang 1.0.7 115.69 NOTE
r-devel-linux-x86_64-fedora-gcc 1.0.7 115.77 OK
r-devel-windows-ix86+x86_64 1.0.7 146.00 84.00 230.00 OK
r-devel-windows-ix86+x86_64-gcc8 1.0.7 144.00 67.00 211.00 OK
r-patched-linux-x86_64 1.0.7 46.54 27.99 74.53 OK
r-patched-solaris-x86 1.0.7 109.90 OK
r-release-linux-x86_64 1.0.7 47.60 27.86 75.46 OK
r-release-windows-ix86+x86_64 1.0.7 97.00 63.00 160.00 OK
r-release-osx-x86_64 1.0.7 NOTE
r-oldrel-windows-ix86+x86_64 1.0.7 87.00 58.00 145.00 ERROR
r-oldrel-osx-x86_64 1.0.7 NOTE

Check Details

Version: 1.0.7
Check: installed package size
Result: NOTE
     installed size is 5.2Mb
     sub-directories of 1Mb or more:
     doc 1.3Mb
     libs 3.8Mb
Flavors: r-devel-linux-x86_64-fedora-clang, r-release-osx-x86_64, r-oldrel-osx-x86_64

Version: 1.0.7
Check: whether package can be installed
Result: ERROR
    Installation failed.
Flavor: r-oldrel-windows-ix86+x86_64