CRAN Package Check Results for Package geojsonR

Last updated on 2019-08-26 11:48:45 CEST.

Flavor Version Tinstall Tcheck Ttotal Status Flags
r-devel-linux-x86_64-debian-clang 1.0.7 45.32 27.24 72.56 OK
r-devel-linux-x86_64-debian-gcc 1.0.7 41.10 22.21 63.31 OK
r-devel-linux-x86_64-fedora-clang 1.0.7 112.60 NOTE
r-devel-linux-x86_64-fedora-gcc 1.0.7 111.12 OK
r-devel-windows-ix86+x86_64 1.0.7 129.00 61.00 190.00 OK
r-patched-linux-x86_64 1.0.7 45.88 27.30 73.18 OK
r-patched-solaris-x86 1.0.7 109.00 OK
r-release-linux-x86_64 1.0.7 48.13 27.14 75.27 OK
r-release-windows-ix86+x86_64 1.0.7 140.00 83.00 223.00 OK
r-release-osx-x86_64 1.0.7 NOTE
r-oldrel-windows-ix86+x86_64 1.0.7 131.00 86.00 217.00 OK
r-oldrel-osx-x86_64 1.0.7 NOTE

Check Details

Version: 1.0.7
Check: installed package size
Result: NOTE
     installed size is 5.2Mb
     sub-directories of 1Mb or more:
     doc 1.3Mb
     libs 3.8Mb
Flavors: r-devel-linux-x86_64-fedora-clang, r-release-osx-x86_64, r-oldrel-osx-x86_64