CRAN Package Check Results for Package geomapdata

Last updated on 2015-02-28 07:50:02.

Flavor Version Tinstall Tcheck Ttotal Status Flags
r-devel-linux-x86_64-debian-clang 1.0-4 1.70 10.23 11.93 NOTE
r-devel-linux-x86_64-debian-gcc 1.0-4 1.61 10.67 12.28 NOTE
r-devel-linux-x86_64-fedora-clang 1.0-4 20.21 NOTE
r-devel-linux-x86_64-fedora-gcc 1.0-4 19.80 NOTE
r-devel-osx-x86_64-clang 1.0-4 26.04 NOTE
r-devel-windows-ix86+x86_64 1.0-4 7.00 18.00 25.00 NOTE
r-patched-linux-x86_64 1.0-4 1.88 10.00 11.88 NOTE
r-patched-solaris-sparc 1.0-4 143.50 NOTE
r-patched-solaris-x86 1.0-4 36.10 NOTE
r-release-linux-ix86 1.0-4 2.62 15.07 17.68 NOTE
r-release-linux-x86_64 1.0-4 2.38 10.13 12.51 NOTE
r-release-osx-x86_64-mavericks 1.0-4 NOTE
r-release-windows-ix86+x86_64 1.0-4 5.00 19.00 24.00 NOTE
r-oldrel-windows-ix86+x86_64 1.0-4 5.00 29.00 34.00 NOTE

Check Details

Version: 1.0-4
Check: installed package size
Result: NOTE
     installed size is 26.1Mb
     sub-directories of 1Mb or more:
     data 26.0Mb
Flavors: r-devel-linux-x86_64-debian-clang, r-devel-linux-x86_64-debian-gcc, r-devel-linux-x86_64-fedora-clang, r-devel-linux-x86_64-fedora-gcc, r-devel-osx-x86_64-clang, r-devel-windows-ix86+x86_64, r-patched-linux-x86_64, r-patched-solaris-sparc, r-patched-solaris-x86, r-release-linux-ix86, r-release-linux-x86_64, r-release-osx-x86_64-mavericks, r-release-windows-ix86+x86_64, r-oldrel-windows-ix86+x86_64

Version: 1.0-4
Check: DESCRIPTION meta-information
Result: NOTE
    Malformed Description field: should contain one or more complete sentences.
Flavors: r-devel-linux-x86_64-debian-clang, r-devel-linux-x86_64-debian-gcc, r-devel-linux-x86_64-fedora-clang, r-devel-linux-x86_64-fedora-gcc, r-devel-osx-x86_64-clang, r-devel-windows-ix86+x86_64

Version: 1.0-4
Check: Rd line widths
Result: NOTE
    Rd file 'fujitopo.Rd':
     \examples lines wider than 100 characters:
     PLOC=list(LON=range(fujitopo$lon), x=range(fujitopo$lon), LAT=range(fujitopo$lat), y=range(fujitopo$lat))
    
    These lines will be truncated in the PDF manual.
Flavors: r-devel-linux-x86_64-debian-clang, r-devel-linux-x86_64-debian-gcc, r-devel-linux-x86_64-fedora-clang, r-devel-linux-x86_64-fedora-gcc, r-patched-linux-x86_64, r-release-linux-ix86, r-release-linux-x86_64