CRAN Package Check Results for Package geomapdata

Last updated on 2014-11-28 08:48:27.

Flavor Version Tinstall Tcheck Ttotal Status Flags
r-devel-linux-x86_64-debian-clang 1.0-4 1.84 9.86 11.69 NOTE
r-devel-linux-x86_64-debian-gcc 1.0-4 1.66 10.78 12.44 NOTE
r-devel-linux-x86_64-fedora-clang 1.0-4 23.04 NOTE
r-devel-linux-x86_64-fedora-gcc 1.0-4 24.55 NOTE
r-devel-osx-x86_64-clang 1.0-4 26.67 NOTE
r-devel-windows-ix86+x86_64 1.0-4 4.00 16.00 20.00 NOTE
r-patched-linux-x86_64 1.0-4 1.76 10.83 12.58 NOTE
r-patched-solaris-sparc 1.0-4 141.80 NOTE
r-patched-solaris-x86 1.0-4 36.70 NOTE
r-release-linux-ix86 1.0-4 2.70 14.94 17.64 NOTE
r-release-linux-x86_64 1.0-4 3.27 10.72 13.99 NOTE
r-release-osx-x86_64-mavericks 1.0-4 NOTE
r-release-windows-ix86+x86_64 1.0-4 5.00 16.00 21.00 NOTE
r-oldrel-windows-ix86+x86_64 1.0-4 5.00 18.00 23.00 NOTE

Check Details

Version: 1.0-4
Check: installed package size
Result: NOTE
     installed size is 26.1Mb
     sub-directories of 1Mb or more:
     data 26.0Mb
Flavors: r-devel-linux-x86_64-debian-clang, r-devel-linux-x86_64-debian-gcc, r-devel-linux-x86_64-fedora-clang, r-devel-linux-x86_64-fedora-gcc, r-devel-osx-x86_64-clang, r-devel-windows-ix86+x86_64, r-patched-linux-x86_64, r-patched-solaris-sparc, r-patched-solaris-x86, r-release-linux-ix86, r-release-linux-x86_64, r-release-osx-x86_64-mavericks, r-release-windows-ix86+x86_64, r-oldrel-windows-ix86+x86_64

Version: 1.0-4
Check: Rd line widths
Result: NOTE
    Rd file 'fujitopo.Rd':
     \examples lines wider than 100 characters:
     PLOC=list(LON=range(fujitopo$lon), x=range(fujitopo$lon), LAT=range(fujitopo$lat), y=range(fujitopo$lat))
    
    These lines will be truncated in the PDF manual.
Flavors: r-devel-linux-x86_64-debian-clang, r-devel-linux-x86_64-debian-gcc, r-devel-linux-x86_64-fedora-clang, r-devel-linux-x86_64-fedora-gcc, r-patched-linux-x86_64, r-release-linux-x86_64

Version: 1.0-4
Check: package dependencies
Result: NOTE
    Package suggested but not available for checking: ‘GEOmap’
Flavor: r-release-osx-x86_64-mavericks