CRAN Package Check Results for Package geomapdata

Last updated on 2016-09-26 11:51:34.

Flavor Version Tinstall Tcheck Ttotal Status Flags
r-devel-linux-x86_64-debian-clang 1.0-4 2.04 11.50 13.54 NOTE
r-devel-linux-x86_64-debian-gcc 1.0-4 1.78 10.98 12.76 NOTE
r-devel-linux-x86_64-fedora-clang 1.0-4 18.34 NOTE
r-devel-linux-x86_64-fedora-gcc 1.0-4 18.44 NOTE
r-devel-macos-x86_64-clang 1.0-4 18.58 NOTE
r-devel-windows-ix86+x86_64 1.0-4 7.00 35.00 42.00 NOTE
r-patched-linux-x86_64 1.0-4 1.95 10.51 12.46 NOTE
r-patched-solaris-sparc 1.0-4 131.70 NOTE
r-patched-solaris-x86 1.0-4 30.10 NOTE
r-release-linux-x86_64 1.0-4 1.65 11.45 13.10 NOTE
r-release-osx-x86_64-mavericks 1.0-4 NOTE
r-release-windows-ix86+x86_64 1.0-4 8.00 39.00 47.00 NOTE
r-oldrel-windows-ix86+x86_64 1.0-4 9.00 32.00 41.00 NOTE

Check Details

Version: 1.0-4
Check: installed package size
Result: NOTE
     installed size is 26.1Mb
     sub-directories of 1Mb or more:
     data 26.0Mb
Flavors: r-devel-linux-x86_64-debian-clang, r-devel-linux-x86_64-debian-gcc, r-devel-linux-x86_64-fedora-clang, r-devel-linux-x86_64-fedora-gcc, r-devel-macos-x86_64-clang, r-devel-windows-ix86+x86_64, r-patched-linux-x86_64, r-patched-solaris-sparc, r-patched-solaris-x86, r-release-linux-x86_64, r-release-osx-x86_64-mavericks, r-release-windows-ix86+x86_64, r-oldrel-windows-ix86+x86_64

Version: 1.0-4
Check: DESCRIPTION meta-information
Result: NOTE
    Malformed Description field: should contain one or more complete sentences.
Flavors: r-devel-linux-x86_64-debian-clang, r-devel-linux-x86_64-debian-gcc, r-devel-linux-x86_64-fedora-clang, r-devel-linux-x86_64-fedora-gcc, r-devel-macos-x86_64-clang, r-devel-windows-ix86+x86_64, r-patched-linux-x86_64, r-patched-solaris-sparc, r-patched-solaris-x86, r-release-linux-x86_64, r-release-osx-x86_64-mavericks, r-release-windows-ix86+x86_64, r-oldrel-windows-ix86+x86_64

Version: 1.0-4
Check: Rd line widths
Result: NOTE
    Rd file 'fujitopo.Rd':
     \examples lines wider than 100 characters:
     PLOC=list(LON=range(fujitopo$lon), x=range(fujitopo$lon), LAT=range(fujitopo$lat), y=range(fujitopo$lat))
    
    These lines will be truncated in the PDF manual.
Flavors: r-devel-linux-x86_64-debian-clang, r-devel-linux-x86_64-debian-gcc, r-devel-linux-x86_64-fedora-clang, r-devel-linux-x86_64-fedora-gcc, r-patched-linux-x86_64, r-release-linux-x86_64