CRAN Package Check Results for Package geomapdata

Last updated on 2015-05-22 12:46:26.

Flavor Version Tinstall Tcheck Ttotal Status Flags
r-devel-linux-x86_64-debian-clang 1.0-4 1.84 9.59 11.42 NOTE
r-devel-linux-x86_64-debian-gcc 1.0-4 1.89 10.72 12.60 NOTE
r-devel-linux-x86_64-fedora-gcc 1.0-4 19.41 NOTE
r-devel-osx-x86_64-clang 1.0-4 28.13 NOTE
r-devel-windows-ix86+x86_64 1.0-4 5.00 17.00 22.00 NOTE
r-patched-linux-x86_64 1.0-4 1.59 9.65 11.24 NOTE
r-patched-solaris-sparc 1.0-4 143.50 NOTE
r-patched-solaris-x86 1.0-4 33.30 NOTE
r-release-linux-x86_64 1.0-4 1.65 9.99 11.64 NOTE
r-release-osx-x86_64-mavericks 1.0-4 NOTE
r-release-osx-x86_64-snowleopard 1.0-4 NOTE
r-release-windows-ix86+x86_64 1.0-4 5.00 16.00 21.00 NOTE
r-oldrel-windows-ix86+x86_64 1.0-4 5.00 28.00 33.00 NOTE

Check Details

Version: 1.0-4
Check: installed package size
Result: NOTE
     installed size is 26.1Mb
     sub-directories of 1Mb or more:
     data 26.0Mb
Flavors: r-devel-linux-x86_64-debian-clang, r-devel-linux-x86_64-debian-gcc, r-devel-linux-x86_64-fedora-gcc, r-devel-osx-x86_64-clang, r-devel-windows-ix86+x86_64, r-patched-linux-x86_64, r-patched-solaris-sparc, r-patched-solaris-x86, r-release-linux-x86_64, r-release-osx-x86_64-mavericks, r-release-osx-x86_64-snowleopard, r-release-windows-ix86+x86_64, r-oldrel-windows-ix86+x86_64

Version: 1.0-4
Check: DESCRIPTION meta-information
Result: NOTE
    Malformed Description field: should contain one or more complete sentences.
Flavors: r-devel-linux-x86_64-debian-clang, r-devel-linux-x86_64-debian-gcc, r-devel-linux-x86_64-fedora-gcc, r-devel-osx-x86_64-clang, r-devel-windows-ix86+x86_64, r-patched-linux-x86_64, r-patched-solaris-sparc, r-patched-solaris-x86, r-release-linux-x86_64, r-release-osx-x86_64-mavericks, r-release-osx-x86_64-snowleopard, r-release-windows-ix86+x86_64

Version: 1.0-4
Check: Rd line widths
Result: NOTE
    Rd file 'fujitopo.Rd':
     \examples lines wider than 100 characters:
     PLOC=list(LON=range(fujitopo$lon), x=range(fujitopo$lon), LAT=range(fujitopo$lat), y=range(fujitopo$lat))
    
    These lines will be truncated in the PDF manual.
Flavors: r-devel-linux-x86_64-debian-clang, r-devel-linux-x86_64-debian-gcc, r-devel-linux-x86_64-fedora-gcc, r-patched-linux-x86_64, r-release-linux-x86_64