CRAN Package Check Results for Package geomapdata

Last updated on 2014-10-21 17:49:13.

Flavor Version Tinstall Tcheck Ttotal Status Flags
r-devel-linux-x86_64-debian-clang 1.0-4 1.79 10.29 12.08 NOTE
r-devel-linux-x86_64-debian-gcc 1.0-4 1.64 10.53 12.16 NOTE
r-devel-linux-x86_64-fedora-clang 1.0-4 21.47 NOTE
r-devel-linux-x86_64-fedora-gcc 1.0-4 22.72 NOTE
r-devel-osx-x86_64-clang 1.0-4 27.29 NOTE
r-devel-windows-ix86+x86_64 1.0-4 4.00 16.00 20.00 NOTE
r-patched-linux-x86_64 1.0-4 1.78 10.84 12.62 NOTE
r-patched-solaris-sparc 1.0-4 141.80 NOTE
r-patched-solaris-x86 1.0-4 35.00 NOTE
r-release-linux-ix86 1.0-4 2.51 15.09 17.60 NOTE
r-release-linux-x86_64 1.0-4 1.72 9.88 11.61 NOTE
r-release-osx-x86_64-mavericks 1.0-4 NOTE
r-release-windows-ix86+x86_64 1.0-4 4.00 15.00 19.00 NOTE
r-oldrel-windows-ix86+x86_64 1.0-4 5.00 18.00 23.00 NOTE

Check Details

Version: 1.0-4
Check: installed package size
Result: NOTE
     installed size is 26.1Mb
     sub-directories of 1Mb or more:
     data 26.0Mb
Flavors: r-devel-linux-x86_64-debian-clang, r-devel-linux-x86_64-debian-gcc, r-devel-linux-x86_64-fedora-clang, r-devel-linux-x86_64-fedora-gcc, r-devel-osx-x86_64-clang, r-devel-windows-ix86+x86_64, r-patched-linux-x86_64, r-patched-solaris-sparc, r-patched-solaris-x86, r-release-linux-ix86, r-release-linux-x86_64, r-release-osx-x86_64-mavericks, r-release-windows-ix86+x86_64, r-oldrel-windows-ix86+x86_64

Version: 1.0-4
Check: Rd line widths
Result: NOTE
    Rd file 'fujitopo.Rd':
     \examples lines wider than 100 characters:
     PLOC=list(LON=range(fujitopo$lon), x=range(fujitopo$lon), LAT=range(fujitopo$lat), y=range(fujitopo$lat))
    
    These lines will be truncated in the PDF manual.
Flavors: r-devel-linux-x86_64-debian-clang, r-devel-linux-x86_64-debian-gcc, r-devel-linux-x86_64-fedora-clang, r-devel-linux-x86_64-fedora-gcc, r-patched-linux-x86_64, r-release-linux-x86_64

Version: 1.0-4
Check: package dependencies
Result: NOTE
    Package suggested but not available for checking: ‘GEOmap’
Flavor: r-release-osx-x86_64-mavericks