CRAN Package Check Results for Package geomapdata

Last updated on 2014-09-30 17:48:26.

Flavor Version Tinstall Tcheck Ttotal Status Flags
r-devel-linux-x86_64-debian-clang 1.0-4 2.38 9.98 12.36 NOTE
r-devel-linux-x86_64-debian-gcc 1.0-4 1.67 10.20 11.87 NOTE
r-devel-linux-x86_64-fedora-clang 1.0-4 22.00 NOTE
r-devel-linux-x86_64-fedora-gcc 1.0-4 21.67 NOTE
r-devel-osx-x86_64-clang 1.0-4 26.49 NOTE
r-devel-windows-ix86+x86_64 1.0-4 5.00 19.00 24.00 NOTE
r-patched-linux-x86_64 1.0-4 1.86 10.27 12.13 NOTE
r-patched-solaris-sparc 1.0-4 141.80 NOTE
r-patched-solaris-x86 1.0-4 35.70 NOTE
r-release-linux-ix86 1.0-4 2.49 14.95 17.44 NOTE
r-release-linux-x86_64 1.0-4 1.73 9.93 11.66 NOTE
r-release-osx-x86_64-mavericks 1.0-4 NOTE
r-release-windows-ix86+x86_64 1.0-4 4.00 19.00 23.00 NOTE
r-oldrel-windows-ix86+x86_64 1.0-4 5.00 19.00 24.00 NOTE

Check Details

Version: 1.0-4
Check: installed package size
Result: NOTE
     installed size is 26.1Mb
     sub-directories of 1Mb or more:
     data 26.0Mb
Flavors: r-devel-linux-x86_64-debian-clang, r-devel-linux-x86_64-debian-gcc, r-devel-linux-x86_64-fedora-clang, r-devel-linux-x86_64-fedora-gcc, r-devel-osx-x86_64-clang, r-devel-windows-ix86+x86_64, r-patched-linux-x86_64, r-patched-solaris-sparc, r-patched-solaris-x86, r-release-linux-ix86, r-release-linux-x86_64, r-release-osx-x86_64-mavericks, r-release-windows-ix86+x86_64, r-oldrel-windows-ix86+x86_64

Version: 1.0-4
Check: Rd line widths
Result: NOTE
    Rd file 'fujitopo.Rd':
     \examples lines wider than 100 characters:
     PLOC=list(LON=range(fujitopo$lon), x=range(fujitopo$lon), LAT=range(fujitopo$lat), y=range(fujitopo$lat))
    
    These lines will be truncated in the PDF manual.
Flavors: r-devel-linux-x86_64-debian-clang, r-devel-linux-x86_64-debian-gcc, r-devel-linux-x86_64-fedora-clang, r-devel-linux-x86_64-fedora-gcc, r-patched-linux-x86_64, r-release-linux-x86_64

Version: 1.0-4
Check: package dependencies
Result: NOTE
    Package suggested but not available for checking: ‘GEOmap’
Flavor: r-release-osx-x86_64-mavericks