CRAN Package Check Results for Package geomapdata

Last updated on 2015-01-29 16:48:26.

Flavor Version Tinstall Tcheck Ttotal Status Flags
r-devel-linux-x86_64-debian-clang 1.0-4 1.77 10.75 12.52 NOTE
r-devel-linux-x86_64-debian-gcc 1.0-4 1.77 10.30 12.07 NOTE
r-devel-linux-x86_64-fedora-clang 1.0-4 22.29 NOTE
r-devel-linux-x86_64-fedora-gcc 1.0-4 21.66 NOTE
r-devel-osx-x86_64-clang 1.0-4 27.19 NOTE
r-devel-windows-ix86+x86_64 1.0-4 6.00 17.00 23.00 NOTE
r-patched-linux-x86_64 1.0-4 2.74 10.20 12.94 NOTE
r-patched-solaris-sparc 1.0-4 143.50 NOTE
r-patched-solaris-x86 1.0-4 36.40 NOTE
r-release-linux-ix86 1.0-4 2.62 15.12 17.74 NOTE
r-release-linux-x86_64 1.0-4 1.80 10.83 12.63 NOTE
r-release-osx-x86_64-mavericks 1.0-4 NOTE
r-release-windows-ix86+x86_64 1.0-4 4.00 18.00 22.00 NOTE
r-oldrel-windows-ix86+x86_64 1.0-4 5.00 18.00 23.00 NOTE

Check Details

Version: 1.0-4
Check: installed package size
Result: NOTE
     installed size is 26.1Mb
     sub-directories of 1Mb or more:
     data 26.0Mb
Flavors: r-devel-linux-x86_64-debian-clang, r-devel-linux-x86_64-debian-gcc, r-devel-linux-x86_64-fedora-clang, r-devel-linux-x86_64-fedora-gcc, r-devel-osx-x86_64-clang, r-devel-windows-ix86+x86_64, r-patched-linux-x86_64, r-patched-solaris-sparc, r-patched-solaris-x86, r-release-linux-ix86, r-release-linux-x86_64, r-release-osx-x86_64-mavericks, r-release-windows-ix86+x86_64, r-oldrel-windows-ix86+x86_64

Version: 1.0-4
Check: Rd line widths
Result: NOTE
    Rd file 'fujitopo.Rd':
     \examples lines wider than 100 characters:
     PLOC=list(LON=range(fujitopo$lon), x=range(fujitopo$lon), LAT=range(fujitopo$lat), y=range(fujitopo$lat))
    
    These lines will be truncated in the PDF manual.
Flavors: r-devel-linux-x86_64-debian-clang, r-devel-linux-x86_64-debian-gcc, r-devel-linux-x86_64-fedora-clang, r-devel-linux-x86_64-fedora-gcc, r-patched-linux-x86_64, r-release-linux-x86_64