CRAN Package Check Results for Package geomapdata

Last updated on 2014-04-24 11:48:46.

Flavor Version Tinstall Tcheck Ttotal Status Flags
r-devel-linux-x86_64-debian-clang 1.0-4 1.86 9.66 11.52 NOTE
r-devel-linux-x86_64-debian-gcc 1.0-4 1.78 9.46 11.24 NOTE
r-devel-linux-x86_64-fedora-clang 1.0-4 20.00 NOTE
r-devel-linux-x86_64-fedora-gcc 1.0-4 20.88 NOTE
r-devel-osx-x86_64-clang 1.0-4 23.67 NOTE
r-devel-osx-x86_64-gcc 1.0-4 NOTE
r-devel-windows-ix86+x86_64 1.0-4 4.00 17.00 21.00 NOTE
r-patched-linux-x86_64 1.0-4 1.82 9.91 11.73 NOTE
r-patched-solaris-sparc 1.0-4 136.30 NOTE
r-patched-solaris-x86 1.0-4 33.50 NOTE
r-release-linux-ix86 1.0-4 4.00 20.00 24.00 NOTE
r-release-linux-x86_64 1.0-4 1.88 9.53 11.41 NOTE
r-release-osx-x86_64-mavericks 1.0-4 NOTE
r-release-windows-ix86+x86_64 1.0-4 5.00 16.00 21.00 NOTE
r-oldrel-windows-ix86+x86_64 1.0-4 5.00 17.00 22.00 NOTE

Check Details

Version: 1.0-4
Check: installed package size
Result: NOTE
     installed size is 26.1Mb
     sub-directories of 1Mb or more:
     data 26.0Mb
Flavors: r-devel-linux-x86_64-debian-clang, r-devel-linux-x86_64-debian-gcc, r-devel-linux-x86_64-fedora-clang, r-devel-linux-x86_64-fedora-gcc, r-devel-osx-x86_64-clang, r-devel-osx-x86_64-gcc, r-devel-windows-ix86+x86_64, r-patched-linux-x86_64, r-patched-solaris-sparc, r-patched-solaris-x86, r-release-linux-ix86, r-release-linux-x86_64, r-release-osx-x86_64-mavericks, r-release-windows-ix86+x86_64, r-oldrel-windows-ix86+x86_64

Version: 1.0-4
Check: Rd line widths
Result: NOTE
    Rd file 'fujitopo.Rd':
     \examples lines wider than 100 characters:
     PLOC=list(LON=range(fujitopo$lon), x=range(fujitopo$lon), LAT=range(fujitopo$lat), y=range(fujitopo$lat))
    
    These lines will be truncated in the PDF manual.
Flavors: r-devel-linux-x86_64-fedora-clang, r-devel-linux-x86_64-fedora-gcc

Version: 1.0-4
Check: package dependencies
Result: NOTE
    Package suggested but not available for checking: ‘GEOmap’
Flavors: r-devel-osx-x86_64-gcc, r-release-osx-x86_64-mavericks