CRAN Package Check Results for Package geomapdata

Last updated on 2015-03-31 03:48:30.

Flavor Version Tinstall Tcheck Ttotal Status Flags
r-devel-linux-x86_64-debian-clang 1.0-4 1.80 10.01 11.80 NOTE
r-devel-linux-x86_64-debian-gcc 1.0-4 1.78 9.62 11.39 NOTE
r-devel-linux-x86_64-fedora-clang 1.0-4 20.72 NOTE
r-devel-linux-x86_64-fedora-gcc 1.0-4 20.86 NOTE
r-devel-osx-x86_64-clang 1.0-4 29.04 NOTE
r-prerel-windows-ix86+x86_64 1.0-4 6.00 17.00 23.00 NOTE
r-prerel-linux-x86_64 1.0-4 1.64 10.64 12.28 NOTE
r-prerel-solaris-sparc 1.0-4 143.50 NOTE
r-prerel-solaris-x86 1.0-4 32.40 NOTE
r-release-linux-x86_64 1.0-4 1.80 9.62 11.42 NOTE
r-release-osx-x86_64-mavericks 1.0-4 NOTE
r-release-windows-ix86+x86_64 1.0-4 5.00 19.00 24.00 NOTE
r-oldrel-windows-ix86+x86_64 1.0-4 5.00 19.00 24.00 NOTE

Check Details

Version: 1.0-4
Check: installed package size
Result: NOTE
     installed size is 26.1Mb
     sub-directories of 1Mb or more:
     data 26.0Mb
Flavors: r-devel-linux-x86_64-debian-clang, r-devel-linux-x86_64-debian-gcc, r-devel-linux-x86_64-fedora-clang, r-devel-linux-x86_64-fedora-gcc, r-devel-osx-x86_64-clang, r-prerel-windows-ix86+x86_64, r-prerel-linux-x86_64, r-prerel-solaris-sparc, r-prerel-solaris-x86, r-release-linux-x86_64, r-release-osx-x86_64-mavericks, r-release-windows-ix86+x86_64, r-oldrel-windows-ix86+x86_64

Version: 1.0-4
Check: DESCRIPTION meta-information
Result: NOTE
    Malformed Description field: should contain one or more complete sentences.
Flavors: r-devel-linux-x86_64-debian-clang, r-devel-linux-x86_64-debian-gcc, r-devel-linux-x86_64-fedora-clang, r-devel-linux-x86_64-fedora-gcc, r-devel-osx-x86_64-clang, r-prerel-windows-ix86+x86_64, r-prerel-linux-x86_64, r-prerel-solaris-sparc, r-prerel-solaris-x86

Version: 1.0-4
Check: Rd line widths
Result: NOTE
    Rd file 'fujitopo.Rd':
     \examples lines wider than 100 characters:
     PLOC=list(LON=range(fujitopo$lon), x=range(fujitopo$lon), LAT=range(fujitopo$lat), y=range(fujitopo$lat))
    
    These lines will be truncated in the PDF manual.
Flavors: r-devel-linux-x86_64-debian-clang, r-devel-linux-x86_64-debian-gcc, r-devel-linux-x86_64-fedora-clang, r-devel-linux-x86_64-fedora-gcc, r-prerel-linux-x86_64, r-release-linux-x86_64