CRAN Package Check Results for Package geometry

Last updated on 2015-02-27 16:47:48.

Flavor Version Tinstall Tcheck Ttotal Status Flags
r-devel-linux-x86_64-debian-clang 0.3-5 6.79 17.17 23.96 NOTE
r-devel-linux-x86_64-debian-gcc 0.3-5 9.26 17.37 26.64 NOTE
r-devel-linux-x86_64-fedora-clang 0.3-5 43.93 NOTE
r-devel-linux-x86_64-fedora-gcc 0.3-5 47.82 NOTE
r-devel-osx-x86_64-clang 0.3-5 44.20 NOTE
r-devel-windows-ix86+x86_64 0.3-5 57.00 52.00 109.00 NOTE
r-patched-linux-x86_64 0.3-5 9.54 20.19 29.73 NOTE
r-patched-solaris-sparc 0.3-5 374.70 NOTE
r-release-linux-ix86 0.3-5 12.62 28.77 41.39 OK
r-release-linux-x86_64 0.3-5 9.56 19.46 29.02 OK
r-release-osx-x86_64-mavericks 0.3-5 OK
r-release-osx-x86_64-snowleopard 0.3-5 OK
r-release-windows-ix86+x86_64 0.3-5 42.00 56.00 98.00 OK
r-oldrel-windows-ix86+x86_64 0.3-5 49.00 86.00 135.00 OK

Check Details

Version: 0.3-5
Check: dependencies in R code
Result: NOTE
    'library' or 'require' call to ‘rgl’ in package code.
     Please use :: or requireNamespace() instead.
     See section 'Suggested packages' in the 'Writing R Extensions' manual.
Flavors: r-devel-linux-x86_64-debian-clang, r-devel-linux-x86_64-debian-gcc, r-devel-linux-x86_64-fedora-clang, r-devel-linux-x86_64-fedora-gcc, r-devel-osx-x86_64-clang, r-devel-windows-ix86+x86_64, r-patched-linux-x86_64, r-patched-solaris-sparc