CRAN Package Check Results for Package geometry

Last updated on 2016-06-27 03:47:36.

Flavor Version Tinstall Tcheck Ttotal Status Flags
r-devel-linux-x86_64-debian-gcc 0.3-6 10.40 17.04 27.44 OK
r-devel-linux-x86_64-fedora-clang 0.3-6 48.19 OK
r-devel-linux-x86_64-fedora-gcc 0.3-6 44.66 OK
r-devel-osx-x86_64-clang 0.3-6 41.96 OK
r-devel-windows-ix86+x86_64 0.3-6 43.00 56.00 99.00 OK
r-patched-linux-x86_64 0.3-6 10.21 17.79 28.00 OK
r-patched-solaris-sparc 0.3-6 300.90 OK
r-patched-solaris-x86 0.3-6 69.50 OK
r-release-linux-x86_64 0.3-6 10.09 18.23 28.32 OK
r-release-osx-x86_64-mavericks 0.3-6 NOTE
r-release-windows-ix86+x86_64 0.3-6 109.00 59.00 168.00 OK
r-oldrel-windows-ix86+x86_64 0.3-6 61.00 66.00 127.00 OK

Check Details

Version: 0.3-6
Check: dependencies in R code
Result: NOTE
    Invalid MIT-MAGIC-COOKIE-1 key
Flavor: r-release-osx-x86_64-mavericks