CRAN Package Check Results for Package geometry

Last updated on 2017-02-27 19:50:36.

Flavor Version Tinstall Tcheck Ttotal Status Flags
r-devel-linux-x86_64-debian-clang 0.3-6 10.95 20.70 31.66 NOTE
r-devel-linux-x86_64-debian-gcc 0.3-6 10.37 20.72 31.09 NOTE
r-devel-linux-x86_64-fedora-clang 0.3-6 56.49 NOTE --no-stop-on-test-error
r-devel-linux-x86_64-fedora-gcc 0.3-6 54.28 NOTE --no-stop-on-test-error
r-devel-macos-x86_64-clang 0.3-6 47.24 NOTE --no-stop-on-test-error
r-devel-windows-ix86+x86_64 0.3-6 51.00 131.00 182.00 OK
r-patched-linux-x86_64 0.3-6 9.29 17.95 27.24 OK
r-patched-solaris-sparc 0.3-6 311.80 OK
r-patched-solaris-x86 0.3-6 70.40 OK
r-release-linux-x86_64 0.3-6 9.66 18.74 28.40 OK
r-release-osx-x86_64-mavericks 0.3-6 NOTE
r-release-windows-ix86+x86_64 0.3-6 104.00 62.00 166.00 OK
r-oldrel-windows-ix86+x86_64 0.3-6 45.00 81.00 126.00 OK

Check Details

Version: 0.3-6
Check: compiled code
Result: NOTE
    File ‘geometry/libs/geometry.so’:
     Found no calls to: ‘R_registerRoutines’, ‘R_useDynamicSymbols’
    
    It is good practice to register native routines and to disable symbol
    search.
    
    See ‘Writing portable packages’ in the ‘Writing R Extensions’ manual.
Flavors: r-devel-linux-x86_64-debian-clang, r-devel-linux-x86_64-debian-gcc

Version: 0.3-6
Flags: --no-stop-on-test-error
Check: compiled code
Result: NOTE
    File ‘geometry/libs/geometry.so’:
     Found no calls to: ‘R_registerRoutines’, ‘R_useDynamicSymbols’
    
    It is good practice to register native routines and to disable symbol
    search.
    
    See ‘Writing portable packages’ in the ‘Writing R Extensions’ manual.
Flavors: r-devel-linux-x86_64-fedora-clang, r-devel-linux-x86_64-fedora-gcc, r-devel-macos-x86_64-clang

Version: 0.3-6
Check: dependencies in R code
Result: NOTE
    Invalid MIT-MAGIC-COOKIE-1 key
Flavor: r-release-osx-x86_64-mavericks