CRAN Package Check Results for Package geometry

Last updated on 2018-05-20 11:48:14 CEST.

Flavor Version Tinstall Tcheck Ttotal Status Flags
r-devel-linux-x86_64-debian-clang 0.3-6 15.58 35.99 51.57 NOTE
r-devel-linux-x86_64-debian-gcc 0.3-6 12.18 29.17 41.35 NOTE
r-devel-linux-x86_64-fedora-clang 0.3-6 64.01 NOTE
r-devel-linux-x86_64-fedora-gcc 0.3-6 62.59 NOTE
r-devel-windows-ix86+x86_64 0.3-6 69.00 72.00 141.00 OK
r-patched-linux-x86_64 0.3-6 14.17 34.92 49.09 NOTE
r-patched-solaris-x86 0.3-6 93.70 OK
r-release-linux-x86_64 0.3-6 16.39 35.13 51.52 NOTE
r-release-windows-ix86+x86_64 0.3-6 53.00 74.00 127.00 OK
r-release-osx-x86_64 0.3-6 OK
r-oldrel-windows-ix86+x86_64 0.3-6 51.00 70.00 121.00 OK
r-oldrel-osx-x86_64 0.3-6 OK

Additional issues

rchk

Check Details

Version: 0.3-6
Check: compiled code
Result: NOTE
    File ‘geometry/libs/geometry.so’:
     Found no calls to: ‘R_registerRoutines’, ‘R_useDynamicSymbols’
    
    It is good practice to register native routines and to disable symbol
    search.
    
    See ‘Writing portable packages’ in the ‘Writing R Extensions’ manual.
Flavors: r-devel-linux-x86_64-debian-clang, r-devel-linux-x86_64-debian-gcc, r-devel-linux-x86_64-fedora-clang, r-devel-linux-x86_64-fedora-gcc, r-patched-linux-x86_64, r-release-linux-x86_64