CRAN Package Check Results for Package geometry

Last updated on 2016-12-02 23:48:03.

Flavor Version Tinstall Tcheck Ttotal Status Flags
r-devel-linux-x86_64-debian-clang 0.3-6 10.54 21.03 31.56 OK
r-devel-linux-x86_64-debian-gcc 0.3-6 10.69 21.01 31.69 OK
r-devel-linux-x86_64-fedora-clang 0.3-6 56.84 OK
r-devel-linux-x86_64-fedora-gcc 0.3-6 54.85 OK
r-devel-macos-x86_64-clang 0.3-6 47.10 OK
r-devel-windows-ix86+x86_64 0.3-6 154.00 83.00 237.00 OK
r-patched-linux-x86_64 0.3-6 10.53 18.19 28.71 OK
r-patched-solaris-sparc 0.3-6 300.90 OK
r-patched-solaris-x86 0.3-6 70.70 OK
r-release-linux-x86_64 0.3-6 9.29 18.04 27.33 OK
r-release-osx-x86_64-mavericks 0.3-6 NOTE
r-release-windows-ix86+x86_64 0.3-6 74.00 84.00 158.00 OK
r-oldrel-windows-ix86+x86_64 0.3-6 88.00 81.00 169.00 OK

Check Details

Version: 0.3-6
Check: dependencies in R code
Result: NOTE
    Invalid MIT-MAGIC-COOKIE-1 key
Flavor: r-release-osx-x86_64-mavericks