CRAN Package Check Results for Package geometry

Last updated on 2017-10-18 12:57:52.

Flavor Version Tinstall Tcheck Ttotal Status Flags
r-devel-linux-x86_64-debian-clang 0.3-6 10.73 22.02 32.76 NOTE
r-devel-linux-x86_64-debian-gcc 0.3-6 12.29 23.34 35.63 NOTE
r-devel-linux-x86_64-fedora-clang 0.3-6 56.98 NOTE
r-devel-linux-x86_64-fedora-gcc 0.3-6 55.62 NOTE
r-devel-windows-ix86+x86_64 0.3-6 68.00 63.00 131.00 OK
r-patched-linux-x86_64 0.3-6 12.27 21.38 33.65 NOTE
r-patched-solaris-x86 0.3-6 84.50 OK
r-release-linux-x86_64 0.3-6 10.75 21.41 32.16 NOTE
r-release-windows-ix86+x86_64 0.3-6 59.00 71.00 130.00 OK
r-release-osx-x86_64 0.3-6 OK
r-oldrel-windows-ix86+x86_64 0.3-6 64.00 84.00 148.00 OK
r-oldrel-osx-x86_64 0.3-6 NOTE

Additional issues

rchk

Check Details

Version: 0.3-6
Check: compiled code
Result: NOTE
    File ‘geometry/libs/geometry.so’:
     Found no calls to: ‘R_registerRoutines’, ‘R_useDynamicSymbols’
    
    It is good practice to register native routines and to disable symbol
    search.
    
    See ‘Writing portable packages’ in the ‘Writing R Extensions’ manual.
Flavors: r-devel-linux-x86_64-debian-clang, r-devel-linux-x86_64-debian-gcc, r-devel-linux-x86_64-fedora-clang, r-devel-linux-x86_64-fedora-gcc, r-patched-linux-x86_64, r-release-linux-x86_64

Version: 0.3-6
Check: dependencies in R code
Result: NOTE
    Invalid MIT-MAGIC-COOKIE-1 key
Flavor: r-oldrel-osx-x86_64