CRAN Package Check Results for Package geometry

Last updated on 2016-07-29 15:47:26.

Flavor Version Tinstall Tcheck Ttotal Status Flags
r-devel-linux-x86_64-debian-clang 0.3-6 10.18 18.19 28.37 OK
r-devel-linux-x86_64-debian-gcc 0.3-6 13.04 20.46 33.50 OK
r-devel-linux-x86_64-fedora-clang 0.3-6 49.93 OK
r-devel-linux-x86_64-fedora-gcc 0.3-6 43.30 OK
r-devel-osx-x86_64-clang 0.3-6 42.96 OK
r-devel-windows-ix86+x86_64 0.3-6 66.00 58.00 124.00 OK
r-patched-linux-x86_64 0.3-6 11.99 20.38 32.38 OK
r-patched-solaris-sparc 0.3-6 300.90 OK
r-patched-solaris-x86 0.3-6 68.90 OK
r-release-linux-x86_64 0.3-6 10.66 21.43 32.09 OK
r-release-osx-x86_64-mavericks 0.3-6 NOTE
r-release-windows-ix86+x86_64 0.3-6 61.00 74.00 135.00 OK
r-oldrel-windows-ix86+x86_64 0.3-6 68.00 78.00 146.00 OK

Check Details

Version: 0.3-6
Check: dependencies in R code
Result: NOTE
    Invalid MIT-MAGIC-COOKIE-1 key
Flavor: r-release-osx-x86_64-mavericks