CRAN Package Check Results for Package geometry

Last updated on 2017-08-19 12:51:39.

Flavor Version Tinstall Tcheck Ttotal Status Flags
r-devel-linux-x86_64-debian-clang 0.3-6 11.28 22.23 33.51 NOTE
r-devel-linux-x86_64-debian-gcc 0.3-6 10.19 21.34 31.53 NOTE
r-devel-linux-x86_64-fedora-clang 0.3-6 55.56 NOTE
r-devel-linux-x86_64-fedora-gcc 0.3-6 53.82 NOTE
r-devel-windows-ix86+x86_64 0.3-6 75.00 65.00 140.00 OK
r-patched-linux-x86_64 0.3-6 10.25 20.98 31.23 NOTE
r-patched-solaris-x86 0.3-6 85.40 OK
r-release-linux-x86_64 0.3-6 10.71 21.55 32.26 NOTE
r-release-windows-ix86+x86_64 0.3-6 73.00 69.00 142.00 OK
r-release-osx-x86_64 0.3-6 OK
r-oldrel-windows-ix86+x86_64 0.3-6 48.00 66.00 114.00 OK
r-oldrel-osx-x86_64 0.3-6 NOTE

Additional issues

rchk

Check Details

Version: 0.3-6
Check: compiled code
Result: NOTE
    File ‘geometry/libs/geometry.so’:
     Found no calls to: ‘R_registerRoutines’, ‘R_useDynamicSymbols’
    
    It is good practice to register native routines and to disable symbol
    search.
    
    See ‘Writing portable packages’ in the ‘Writing R Extensions’ manual.
Flavors: r-devel-linux-x86_64-debian-clang, r-devel-linux-x86_64-debian-gcc, r-devel-linux-x86_64-fedora-clang, r-devel-linux-x86_64-fedora-gcc, r-patched-linux-x86_64, r-release-linux-x86_64

Version: 0.3-6
Check: dependencies in R code
Result: NOTE
    Invalid MIT-MAGIC-COOKIE-1 key
Flavor: r-oldrel-osx-x86_64