CRAN Package Check Results for Package geometry

Last updated on 2014-10-24 09:54:55.

Flavor Version Tinstall Tcheck Ttotal Status Flags
r-devel-linux-x86_64-debian-clang 0.3-4 6.94 19.22 26.15 NOTE
r-devel-linux-x86_64-debian-gcc 0.3-4 9.47 19.86 29.34 NOTE
r-devel-linux-x86_64-fedora-clang 0.3-4 51.84 NOTE
r-devel-linux-x86_64-fedora-gcc 0.3-4 52.00 NOTE
r-devel-osx-x86_64-clang 0.3-4 49.11 NOTE
r-devel-windows-ix86+x86_64 0.3-4 40.00 51.00 91.00 NOTE
r-patched-linux-x86_64 0.3-4 9.69 19.63 29.32 NOTE
r-patched-solaris-sparc 0.3-4 338.50 NOTE
r-patched-solaris-x86 0.3-4 83.10 NOTE
r-release-linux-ix86 0.3-4 12.46 30.14 42.60 OK
r-release-linux-x86_64 0.3-4 9.59 20.38 29.97 OK
r-release-osx-x86_64-mavericks 0.3-4 OK
r-release-osx-x86_64-snowleopard 0.3-4 OK
r-release-windows-ix86+x86_64 0.3-4 40.00 53.00 93.00 OK
r-oldrel-windows-ix86+x86_64 0.3-4 43.00 55.00 98.00 OK

Check Details

Version: 0.3-4
Check: R code for possible problems
Result: NOTE
    tetramesh: no visible global function definition for ‘rgl.clear’
    tetramesh: no visible global function definition for ‘rgl.triangles’
Flavors: r-devel-linux-x86_64-debian-clang, r-devel-linux-x86_64-debian-gcc, r-devel-linux-x86_64-fedora-clang, r-devel-linux-x86_64-fedora-gcc, r-devel-osx-x86_64-clang, r-devel-windows-ix86+x86_64, r-patched-linux-x86_64, r-patched-solaris-sparc, r-patched-solaris-x86