CRAN Package Check Results for Package geometry

Last updated on 2015-05-23 17:48:43.

Flavor Version Tinstall Tcheck Ttotal Status Flags
r-devel-linux-x86_64-debian-clang 0.3-5 7.51 17.61 25.12 NOTE
r-devel-linux-x86_64-debian-gcc 0.3-5 9.20 18.78 27.98 NOTE
r-devel-linux-x86_64-fedora-clang 0.3-5 49.16 NOTE
r-devel-linux-x86_64-fedora-gcc 0.3-5 46.64 NOTE
r-devel-osx-x86_64-clang 0.3-5 44.99 NOTE
r-devel-windows-ix86+x86_64 0.3-5 41.00 54.00 95.00 NOTE
r-patched-linux-x86_64 0.3-5 9.23 17.01 26.24 NOTE
r-patched-solaris-sparc 0.3-5 341.70 NOTE
r-patched-solaris-x86 0.3-5 75.40 NOTE
r-release-linux-x86_64 0.3-5 9.24 18.40 27.64 NOTE
r-release-osx-x86_64-mavericks 0.3-5 NOTE
r-release-osx-x86_64-snowleopard 0.3-5 NOTE
r-release-windows-ix86+x86_64 0.3-5 45.00 55.00 100.00 NOTE
r-oldrel-windows-ix86+x86_64 0.3-5 42.00 57.00 99.00 NOTE

Check Details

Version: 0.3-5
Check: dependencies in R code
Result: NOTE
    'library' or 'require' call to ‘rgl’ in package code.
     Please use :: or requireNamespace() instead.
     See section 'Suggested packages' in the 'Writing R Extensions' manual.
Flavors: r-devel-linux-x86_64-debian-clang, r-devel-linux-x86_64-debian-gcc, r-devel-linux-x86_64-fedora-clang, r-devel-linux-x86_64-fedora-gcc, r-devel-osx-x86_64-clang, r-devel-windows-ix86+x86_64, r-patched-linux-x86_64, r-patched-solaris-sparc, r-patched-solaris-x86, r-release-linux-x86_64, r-release-osx-x86_64-mavericks, r-release-osx-x86_64-snowleopard, r-release-windows-ix86+x86_64, r-oldrel-windows-ix86+x86_64