CRAN Package Check Results for Package geometry

Last updated on 2017-12-16 05:47:50 CET.

Flavor Version Tinstall Tcheck Ttotal Status Flags
r-devel-linux-x86_64-debian-clang 0.3-6 13.61 36.00 49.61 NOTE
r-devel-linux-x86_64-debian-gcc 0.3-6 11.51 30.04 41.55 NOTE
r-devel-linux-x86_64-fedora-clang 0.3-6 59.99 NOTE
r-devel-linux-x86_64-fedora-gcc 0.3-6 59.05 NOTE
r-devel-windows-ix86+x86_64 0.3-6 77.00 66.00 143.00 OK
r-patched-linux-x86_64 0.3-6 12.88 32.33 45.21 NOTE
r-patched-solaris-x86 0.3-6 85.10 OK
r-release-linux-x86_64 0.3-6 13.71 32.23 45.94 NOTE
r-release-windows-ix86+x86_64 0.3-6 50.00 66.00 116.00 OK
r-release-osx-x86_64 0.3-6 OK
r-oldrel-windows-ix86+x86_64 0.3-6 69.00 97.00 166.00 OK
r-oldrel-osx-x86_64 0.3-6 NOTE

Additional issues

rchk

Check Details

Version: 0.3-6
Check: compiled code
Result: NOTE
    File ‘geometry/libs/geometry.so’:
     Found no calls to: ‘R_registerRoutines’, ‘R_useDynamicSymbols’
    
    It is good practice to register native routines and to disable symbol
    search.
    
    See ‘Writing portable packages’ in the ‘Writing R Extensions’ manual.
Flavors: r-devel-linux-x86_64-debian-clang, r-devel-linux-x86_64-debian-gcc, r-devel-linux-x86_64-fedora-clang, r-devel-linux-x86_64-fedora-gcc, r-patched-linux-x86_64, r-release-linux-x86_64

Version: 0.3-6
Check: dependencies in R code
Result: NOTE
    Invalid MIT-MAGIC-COOKIE-1 key
Flavor: r-oldrel-osx-x86_64