CRAN Package Check Results for Package geometry

Last updated on 2015-07-30 17:47:12.

Flavor Version Tinstall Tcheck Ttotal Status Flags
r-devel-linux-x86_64-debian-clang 0.3-5 7.74 16.79 24.53 NOTE
r-devel-linux-x86_64-debian-gcc 0.3-5 9.34 17.45 26.79 NOTE
r-devel-linux-x86_64-fedora-clang 0.3-5 49.07 NOTE
r-devel-linux-x86_64-fedora-gcc 0.3-5 47.68 NOTE
r-devel-osx-x86_64-clang 0.3-5 38.61 NOTE
r-devel-windows-ix86+x86_64 0.3-5 60.00 54.00 114.00 NOTE
r-patched-linux-x86_64 0.3-5 9.39 17.24 26.63 NOTE
r-patched-solaris-sparc 0.3-5 329.40 NOTE
r-patched-solaris-x86 0.3-5 75.40 NOTE
r-release-linux-x86_64 0.3-5 10.12 17.07 27.19 NOTE
r-release-osx-x86_64-mavericks 0.3-5 NOTE
r-release-windows-ix86+x86_64 0.3-5 63.00 84.00 147.00 NOTE
r-oldrel-windows-ix86+x86_64 0.3-5 57.00 84.00 141.00 NOTE

Check Details

Version: 0.3-5
Check: dependencies in R code
Result: NOTE
    'library' or 'require' call to ‘rgl’ in package code.
     Please use :: or requireNamespace() instead.
     See section 'Suggested packages' in the 'Writing R Extensions' manual.
Flavors: r-devel-linux-x86_64-debian-clang, r-devel-linux-x86_64-debian-gcc, r-devel-linux-x86_64-fedora-clang, r-devel-linux-x86_64-fedora-gcc, r-devel-osx-x86_64-clang, r-devel-windows-ix86+x86_64, r-patched-linux-x86_64, r-patched-solaris-sparc, r-patched-solaris-x86, r-release-linux-x86_64, r-release-osx-x86_64-mavericks, r-release-windows-ix86+x86_64, r-oldrel-windows-ix86+x86_64

Version: 0.3-5
Check: R code for possible problems
Result: NOTE
    distmesh2d: no visible global function definition for ‘runif’
    distmesh2d: no visible global function definition for ‘flush.console’
    distmeshnd: no visible global function definition for ‘runif’
    distmeshnd: no visible global function definition for ‘flush.console’
    tetramesh: no visible global function definition for ‘heat.colors’
    trimesh: no visible global function definition for ‘plot.new’
    trimesh: no visible global function definition for ‘plot.window’
    trimesh: no visible global function definition for ‘box’
    trimesh: no visible global function definition for ‘segments’
    Undefined global functions or variables:
     box flush.console heat.colors plot.new plot.window runif segments
    Consider adding
     importFrom("grDevices", "heat.colors")
     importFrom("graphics", "box", "plot.new", "plot.window", "segments")
     importFrom("stats", "runif")
     importFrom("utils", "flush.console")
    to your NAMESPACE.
Flavors: r-devel-linux-x86_64-debian-clang, r-devel-linux-x86_64-debian-gcc, r-devel-linux-x86_64-fedora-clang, r-devel-linux-x86_64-fedora-gcc, r-devel-windows-ix86+x86_64