CRAN Package Check Results for Package geometry

Last updated on 2017-04-26 09:47:36.

Flavor Version Tinstall Tcheck Ttotal Status Flags
r-devel-linux-x86_64-debian-clang 0.3-6 11.39 21.32 32.72 NOTE
r-devel-linux-x86_64-debian-gcc 0.3-6 10.33 21.11 31.44 NOTE
r-devel-linux-x86_64-fedora-clang 0.3-6 57.59 NOTE --no-stop-on-test-error
r-devel-linux-x86_64-fedora-gcc 0.3-6 54.07 NOTE --no-stop-on-test-error
r-devel-windows-ix86+x86_64 0.3-6 63.00 69.00 132.00 OK
r-patched-linux-x86_64 0.3-6 9.40 21.57 30.97 NOTE
r-patched-solaris-sparc 0.3-6 387.40 OK
r-patched-solaris-x86 0.3-6 84.20 OK
r-release-linux-x86_64 0.3-6 9.86 21.10 30.96 NOTE
r-release-windows-ix86+x86_64 0.3-6 49.00 71.00 120.00 OK
r-release-osx-x86_64 0.3-6 OK
r-oldrel-windows-ix86+x86_64 0.3-6 53.00 71.00 124.00 OK
r-oldrel-osx-x86_64 0.3-6 NOTE

Check Details

Version: 0.3-6
Check: compiled code
Result: NOTE
    File ‘geometry/libs/geometry.so’:
     Found no calls to: ‘R_registerRoutines’, ‘R_useDynamicSymbols’
    
    It is good practice to register native routines and to disable symbol
    search.
    
    See ‘Writing portable packages’ in the ‘Writing R Extensions’ manual.
Flavors: r-devel-linux-x86_64-debian-clang, r-devel-linux-x86_64-debian-gcc, r-patched-linux-x86_64, r-release-linux-x86_64

Version: 0.3-6
Flags: --no-stop-on-test-error
Check: compiled code
Result: NOTE
    File ‘geometry/libs/geometry.so’:
     Found no calls to: ‘R_registerRoutines’, ‘R_useDynamicSymbols’
    
    It is good practice to register native routines and to disable symbol
    search.
    
    See ‘Writing portable packages’ in the ‘Writing R Extensions’ manual.
Flavors: r-devel-linux-x86_64-fedora-clang, r-devel-linux-x86_64-fedora-gcc

Version: 0.3-6
Check: dependencies in R code
Result: NOTE
    Invalid MIT-MAGIC-COOKIE-1 key
Flavor: r-oldrel-osx-x86_64