CRAN Package Check Results for Package geometry

Last updated on 2017-05-22 18:51:44.

Flavor Version Tinstall Tcheck Ttotal Status Flags
r-devel-linux-x86_64-debian-clang 0.3-6 11.10 21.50 32.61 NOTE
r-devel-linux-x86_64-debian-gcc 0.3-6 10.31 21.38 31.69 NOTE
r-devel-linux-x86_64-fedora-clang 0.3-6 57.45 NOTE --no-stop-on-test-error
r-devel-linux-x86_64-fedora-gcc 0.3-6 54.26 NOTE --no-stop-on-test-error
r-devel-windows-ix86+x86_64 0.3-6 67.00 87.00 154.00 OK
r-patched-linux-x86_64 0.3-6 9.75 21.59 31.34 NOTE
r-patched-solaris-sparc 0.3-6 387.40 OK
r-patched-solaris-x86 0.3-6 85.80 OK
r-release-linux-x86_64 0.3-6 10.69 21.51 32.20 NOTE
r-release-windows-ix86+x86_64 0.3-6 51.00 90.00 141.00 OK
r-release-osx-x86_64 0.3-6 OK
r-oldrel-windows-ix86+x86_64 0.3-6 116.00 87.00 203.00 OK
r-oldrel-osx-x86_64 0.3-6 NOTE

Check Details

Version: 0.3-6
Check: compiled code
Result: NOTE
    File ‘geometry/libs/geometry.so’:
     Found no calls to: ‘R_registerRoutines’, ‘R_useDynamicSymbols’
    
    It is good practice to register native routines and to disable symbol
    search.
    
    See ‘Writing portable packages’ in the ‘Writing R Extensions’ manual.
Flavors: r-devel-linux-x86_64-debian-clang, r-devel-linux-x86_64-debian-gcc, r-patched-linux-x86_64, r-release-linux-x86_64

Version: 0.3-6
Flags: --no-stop-on-test-error
Check: compiled code
Result: NOTE
    File ‘geometry/libs/geometry.so’:
     Found no calls to: ‘R_registerRoutines’, ‘R_useDynamicSymbols’
    
    It is good practice to register native routines and to disable symbol
    search.
    
    See ‘Writing portable packages’ in the ‘Writing R Extensions’ manual.
Flavors: r-devel-linux-x86_64-fedora-clang, r-devel-linux-x86_64-fedora-gcc

Version: 0.3-6
Check: dependencies in R code
Result: NOTE
    Invalid MIT-MAGIC-COOKIE-1 key
Flavor: r-oldrel-osx-x86_64