CRAN Package Check Results for Package geometry

Last updated on 2016-08-27 15:46:53.

Flavor Version Tinstall Tcheck Ttotal Status Flags
r-devel-linux-x86_64-debian-clang 0.3-6 10.72 18.37 29.10 OK
r-devel-linux-x86_64-debian-gcc 0.3-6 14.38 24.43 38.81 OK
r-devel-linux-x86_64-fedora-clang 0.3-6 47.65 OK
r-devel-linux-x86_64-fedora-gcc 0.3-6 47.65 OK
r-devel-osx-x86_64-clang 0.3-6 43.02 OK
r-devel-windows-ix86+x86_64 0.3-6 168.00 60.00 228.00 OK
r-patched-linux-x86_64 0.3-6 9.42 18.41 27.84 OK
r-patched-solaris-sparc 0.3-6 300.90 OK
r-patched-solaris-x86 0.3-6 72.00 OK
r-release-linux-x86_64 0.3-6 9.88 18.37 28.25 OK
r-release-osx-x86_64-mavericks 0.3-6 NOTE
r-release-windows-ix86+x86_64 0.3-6 59.00 75.00 134.00 OK
r-oldrel-windows-ix86+x86_64 0.3-6 43.00 84.00 127.00 OK

Check Details

Version: 0.3-6
Check: dependencies in R code
Result: NOTE
    Invalid MIT-MAGIC-COOKIE-1 key
Flavor: r-release-osx-x86_64-mavericks