CRAN Package Check Results for Package geometry

Last updated on 2020-07-16 19:47:20 CEST.

Flavor Version Tinstall Tcheck Ttotal Status Flags
r-devel-linux-x86_64-debian-clang 0.4.5 36.93 54.29 91.22 OK
r-devel-linux-x86_64-debian-gcc 0.4.5 29.04 41.17 70.21 OK
r-devel-linux-x86_64-fedora-clang 0.4.5 126.62 OK
r-devel-linux-x86_64-fedora-gcc 0.4.5 115.67 OK
r-devel-windows-ix86+x86_64 0.4.5 112.00 148.00 260.00 OK
r-patched-linux-x86_64 0.4.5 32.53 52.03 84.56 OK
r-patched-solaris-x86 0.4.5 126.00 OK
r-release-linux-x86_64 0.4.5 31.71 51.98 83.69 OK
r-release-windows-ix86+x86_64 0.4.5 111.00 120.00 231.00 OK
r-oldrel-macos-x86_64 0.4.5 NOTE
r-oldrel-windows-ix86+x86_64 0.4.5 101.00 148.00 249.00 OK

Check Details

Version: 0.4.5
Check: dependencies in R code
Result: NOTE
    No protocol specified
Flavor: r-oldrel-macos-x86_64