CRAN Package Check Results for Package geometry

Last updated on 2017-06-26 04:48:20.

Flavor Version Tinstall Tcheck Ttotal Status Flags
r-devel-linux-x86_64-debian-clang 0.3-6 11.06 21.66 32.72 NOTE
r-devel-linux-x86_64-debian-gcc 0.3-6 10.45 21.67 32.12 NOTE
r-devel-linux-x86_64-fedora-clang 0.3-6 57.96 NOTE
r-devel-linux-x86_64-fedora-gcc 0.3-6 53.83 NOTE
r-devel-windows-ix86+x86_64 0.3-6 67.00 65.00 132.00 OK
r-patched-linux-x86_64 0.3-6 9.34 21.03 30.38 NOTE
r-patched-solaris-sparc 0.3-6 387.40 OK
r-patched-solaris-x86 0.3-6 84.10 OK
r-release-linux-x86_64 0.3-6 10.45 21.21 31.66 NOTE
r-release-windows-ix86+x86_64 0.3-6 53.00 96.00 149.00 OK
r-release-osx-x86_64 0.3-6 OK
r-oldrel-windows-ix86+x86_64 0.3-6 51.00 87.00 138.00 OK
r-oldrel-osx-x86_64 0.3-6 NOTE

Additional issues

rchk

Check Details

Version: 0.3-6
Check: compiled code
Result: NOTE
    File ‘geometry/libs/geometry.so’:
     Found no calls to: ‘R_registerRoutines’, ‘R_useDynamicSymbols’
    
    It is good practice to register native routines and to disable symbol
    search.
    
    See ‘Writing portable packages’ in the ‘Writing R Extensions’ manual.
Flavors: r-devel-linux-x86_64-debian-clang, r-devel-linux-x86_64-debian-gcc, r-devel-linux-x86_64-fedora-clang, r-devel-linux-x86_64-fedora-gcc, r-patched-linux-x86_64, r-release-linux-x86_64

Version: 0.3-6
Check: dependencies in R code
Result: NOTE
    Invalid MIT-MAGIC-COOKIE-1 key
Flavor: r-oldrel-osx-x86_64