CRAN Package Check Results for Package geometry

Last updated on 2020-04-04 23:47:58 CEST.

Flavor Version Tinstall Tcheck Ttotal Status Flags
r-devel-linux-x86_64-debian-clang 0.4.5 39.10 51.98 91.08 OK
r-devel-linux-x86_64-debian-gcc 0.4.5 25.09 42.49 67.58 OK
r-devel-linux-x86_64-fedora-clang 0.4.5 117.84 OK
r-devel-linux-x86_64-fedora-gcc 0.4.5 108.30 OK
r-devel-windows-ix86+x86_64 0.4.5 85.00 117.00 202.00 OK
r-devel-windows-ix86+x86_64-gcc8 0.4.5 92.00 119.00 211.00 OK
r-patched-linux-x86_64 0.4.5 30.04 51.19 81.23 OK
r-patched-solaris-x86 0.4.5 132.30 OK
r-release-linux-x86_64 0.4.5 31.24 47.24 78.48 OK
r-release-windows-ix86+x86_64 0.4.5 93.00 162.00 255.00 OK
r-release-osx-x86_64 0.4.5 NOTE
r-oldrel-windows-ix86+x86_64 0.4.5 112.00 109.00 221.00 OK
r-oldrel-osx-x86_64 0.4.5 NOTE

Check Details

Version: 0.4.5
Check: dependencies in R code
Result: NOTE
    No protocol specified
Flavors: r-release-osx-x86_64, r-oldrel-osx-x86_64