CRAN Package Check Results for Package geometry

Last updated on 2016-09-30 09:48:06.

Flavor Version Tinstall Tcheck Ttotal Status Flags
r-devel-linux-x86_64-debian-clang 0.3-6 10.67 19.94 30.61 OK
r-devel-linux-x86_64-debian-gcc 0.3-6 10.42 19.70 30.12 OK
r-devel-linux-x86_64-fedora-clang 0.3-6 49.77 OK
r-devel-linux-x86_64-fedora-gcc 0.3-6 45.17 OK
r-devel-macos-x86_64-clang 0.3-6 42.40 OK
r-devel-windows-ix86+x86_64 0.3-6 47.00 78.00 125.00 OK
r-patched-linux-x86_64 0.3-6 10.44 18.13 28.56 OK
r-patched-solaris-sparc 0.3-6 300.90 OK
r-patched-solaris-x86 0.3-6 70.60 OK
r-release-linux-x86_64 0.3-6 10.05 18.51 28.56 OK
r-release-osx-x86_64-mavericks 0.3-6 NOTE
r-release-windows-ix86+x86_64 0.3-6 41.00 93.00 134.00 OK
r-oldrel-windows-ix86+x86_64 0.3-6 70.00 80.00 150.00 OK

Check Details

Version: 0.3-6
Check: dependencies in R code
Result: NOTE
    Invalid MIT-MAGIC-COOKIE-1 key
Flavor: r-release-osx-x86_64-mavericks