CRAN Package Check Results for Package geometry

Last updated on 2021-09-21 22:51:25 CEST.

Flavor Version Tinstall Tcheck Ttotal Status Flags
r-devel-linux-x86_64-debian-clang 0.4.5 43.82 57.88 101.70 OK
r-devel-linux-x86_64-debian-gcc 0.4.5 27.25 44.84 72.09 OK
r-devel-linux-x86_64-fedora-clang 0.4.5 135.48 OK
r-devel-linux-x86_64-fedora-gcc 0.4.5 115.63 OK
r-devel-windows-x86_64 0.4.5 44.00 69.00 113.00 OK
r-devel-windows-x86_64-gcc10-UCRT 0.4.5 ERROR
r-patched-linux-x86_64 0.4.5 32.11 56.50 88.61 OK
r-patched-solaris-x86 0.4.5 133.90 OK
r-release-linux-x86_64 0.4.5 35.53 55.88 91.41 OK
r-release-macos-arm64 0.4.5 OK
r-release-macos-x86_64 0.4.5 OK
r-release-windows-ix86+x86_64 0.4.5 106.00 91.00 197.00 OK
r-oldrel-macos-x86_64 0.4.5 OK
r-oldrel-windows-ix86+x86_64 0.4.5 101.00 94.00 195.00 OK

Check Details

Version: 0.4.5
Check: whether package can be installed
Result: ERROR
    Installation failed.
Flavor: r-devel-windows-x86_64-gcc10-UCRT