CRAN Package Check Results for Package geometry

Last updated on 2017-01-20 17:52:05.

Flavor Version Tinstall Tcheck Ttotal Status Flags
r-devel-linux-x86_64-debian-clang 0.3-6 10.67 20.86 31.53 OK
r-devel-linux-x86_64-debian-gcc 0.3-6 10.37 20.98 31.35 OK
r-devel-linux-x86_64-fedora-clang 0.3-6 51.96 OK --no-stop-on-test-error
r-devel-linux-x86_64-fedora-gcc 0.3-6 53.58 OK --no-stop-on-test-error
r-devel-macos-x86_64-clang 0.3-6 46.36 OK --no-stop-on-test-error
r-devel-windows-ix86+x86_64 0.3-6 65.00 63.00 128.00 OK
r-patched-linux-x86_64 0.3-6 9.20 18.63 27.82 OK
r-patched-solaris-sparc 0.3-6 311.80 OK
r-patched-solaris-x86 0.3-6 70.50 OK
r-release-linux-x86_64 0.3-6 9.46 18.28 27.74 OK
r-release-osx-x86_64-mavericks 0.3-6 NOTE
r-release-windows-ix86+x86_64 0.3-6 46.00 59.00 105.00 OK
r-oldrel-windows-ix86+x86_64 0.3-6 227.00 81.00 308.00 OK

Check Details

Version: 0.3-6
Check: dependencies in R code
Result: NOTE
    Invalid MIT-MAGIC-COOKIE-1 key
Flavor: r-release-osx-x86_64-mavericks