CRAN Package Check Results for Package geometry

Last updated on 2014-07-30 22:47:24.

Flavor Version Tinstall Tcheck Ttotal Status Flags
r-devel-linux-x86_64-debian-clang 0.3-4 6.30 19.07 25.37 OK
r-devel-linux-x86_64-debian-gcc 0.3-4 9.46 19.56 29.02 OK
r-devel-linux-x86_64-fedora-clang 0.3-4 51.64 OK
r-devel-linux-x86_64-fedora-gcc 0.3-4 48.06 OK
r-devel-osx-x86_64-clang 0.3-4 48.90 OK
r-devel-windows-ix86+x86_64 0.3-4 40.00 50.00 90.00 OK
r-patched-linux-x86_64 0.3-4 9.43 18.95 28.38 OK
r-patched-solaris-sparc 0.3-4 312.20 ERROR
r-patched-solaris-x86 0.3-4 71.30 ERROR
r-release-linux-ix86 0.3-4 12.33 28.96 41.29 OK
r-release-linux-x86_64 0.3-4 9.85 19.13 28.98 OK
r-release-osx-x86_64-mavericks 0.3-4 OK
r-release-osx-x86_64-snowleopard 0.3-4 OK
r-release-windows-ix86+x86_64 0.3-4 41.00 48.00 89.00 OK
r-oldrel-windows-ix86+x86_64 0.3-4 69.00 71.00 140.00 OK

Check Details

Version: 0.3-4
Check: tests
Result: ERROR
    Running the tests in tests/parallel.R failed.
    Last 13 lines of output:
     > T <- delaunayn(P)
     > print(nrow(T))
     [1] 199966
     >
     > ## Now try out the parallel version.
     > Ts <- mclapply(list(P, P, P, P), delaunayn, mc.cores=mc.cores)
     > print(length(Ts))
     [1] 4
     > print(nrow(Ts[[1]]))
     [1] 199966
     > , P, P), delaunayn, mc.cores=mc.cores)
     Error: unexpected ',' in ","
     Execution halted
Flavors: r-patched-solaris-sparc, r-patched-solaris-x86