CRAN Package Check Results for Package geomorph

Last updated on 2015-03-02 05:47:40.

Flavor Version Tinstall Tcheck Ttotal Status Flags
r-devel-linux-x86_64-debian-clang 2.1.3 5.62 63.94 69.56 OK
r-devel-linux-x86_64-debian-gcc 2.1.3 5.85 63.12 68.96 OK
r-devel-linux-x86_64-fedora-clang 2.1.3 139.33 OK
r-devel-linux-x86_64-fedora-gcc 2.1.3 132.95 OK
r-devel-osx-x86_64-clang 2.1.3 116.30 OK
r-devel-windows-ix86+x86_64 2.1.3 28.00 169.00 197.00 OK
r-patched-linux-x86_64 2.1.3 8.43 88.89 97.32 OK
r-patched-solaris-sparc 2.1.3 1011.50 OK
r-patched-solaris-x86 2.1.3 255.80 OK
r-release-linux-ix86 2.1.3 8.64 102.24 110.88 OK
r-release-linux-x86_64 2.1.3 8.45 86.30 94.75 OK
r-release-osx-x86_64-mavericks 2.1.3 OK
r-release-osx-x86_64-snowleopard 2.1.3 ERROR
r-release-windows-ix86+x86_64 2.1.3 39.00 183.00 222.00 OK
r-oldrel-windows-ix86+x86_64 2.1.1 33.00 233.00 266.00 NOTE

Check Details

Version: 2.1.3
Check: examples
Result: ERROR
    Running examples in ‘geomorph-Ex.R’ failed
    The error most likely occurred in:
    
    > ### Name: bilat.symmetry
    > ### Title: Analysis of bilateral symmetry
    > ### Aliases: bilat.symmetry
    > ### Keywords: analysis
    >
    > ### ** Examples
    >
    > #Example of matching symmetry
    >
    > data(mosquito)
    > bilat.symmetry(mosquito$wingshape,ind=mosquito$ind,side=mosquito$side,
    + replicate=mosquito$replicate,object.sym=FALSE)
    $ANOVA.size
     df SS MS F P
    ind 9 4.1497e-09 4.6107e-10 0.5965 0.77333
    side 1 3.4740e-10 3.4738e-10 0.4494 0.51945
    ind:side 9 6.9569e-09 7.7299e-10 1.4170 0.24590
    replicate 20 1.0910e-08 5.4549e-10
    
    $ANOVA.Shape
     df SS MS Goodall.F P.param
    ind 288 0.104888 0.00036419 2.69010 0.00001
    side 32 0.003221 0.00010065 0.74346 0.84331
    ind:side 288 0.038990 0.00013538 1.04068 0.34061
    ind:side:replicate 640 0.083259 0.00013009
    
    >
    > #Example of object symmetry
    >
    > data(scallops)
    > bilat.symmetry(scallops$coorddata,ind=scallops$ind,object.sym=TRUE,land.pairs=scallops$land.pairs)
    Sun Mar 1 10:35:40 hagal.research.att.com R[44584] <Error>: unknown error code: invalid pixel format
    Sun Mar 1 10:35:40 hagal.research.att.com R[44584] <Error>: kCGErrorFailure: Set a breakpoint @ CGErrorBreakpoint() to catch errors as they are logged.
    X Error of failed request: GLXBadContext
     Major opcode of failed request: 0 ()
     Serial number of failed request: 27
     Current serial number in output stream: 27
Flavor: r-release-osx-x86_64-snowleopard

Version: 2.1.1
Check: R code for possible problems
Result: NOTE
    digit.fixed: no visible global function definition for 'anyNA'
Flavor: r-oldrel-windows-ix86+x86_64