CRAN Package Check Results for Package geomorph

Last updated on 2014-10-21 03:49:06.

Flavor Version Tinstall Tcheck Ttotal Status Flags
r-devel-linux-x86_64-debian-clang 2.1.1 7.44 77.70 85.14 OK
r-devel-linux-x86_64-debian-gcc 2.1.1 7.76 78.22 85.98 OK
r-devel-linux-x86_64-fedora-clang 2.1.1 187.41 OK
r-devel-linux-x86_64-fedora-gcc 2.1.1 178.62 OK
r-devel-osx-x86_64-clang 2.1.1 149.16 OK
r-devel-windows-ix86+x86_64 2.1.1 26.00 150.00 176.00 OK
r-patched-linux-x86_64 2.1.1 8.14 80.07 88.20 OK
r-patched-solaris-sparc 2.1.1 1039.40 OK
r-patched-solaris-x86 2.1.1 249.60 OK
r-release-linux-ix86 2.1.1 9.04 99.41 108.45 OK
r-release-linux-x86_64 2.1.1 7.94 80.89 88.83 OK
r-release-osx-x86_64-mavericks 2.1.1 OK
r-release-osx-x86_64-snowleopard 2.1.1 OK
r-release-windows-ix86+x86_64 2.1.1 24.00 159.00 183.00 OK
r-oldrel-windows-ix86+x86_64 2.1.1 23.00 164.00 187.00 NOTE

Check Details

Version: 2.1.1
Check: R code for possible problems
Result: NOTE
    digit.fixed: no visible global function definition for 'anyNA'
Flavor: r-oldrel-windows-ix86+x86_64