CRAN Package Check Results for Package geomorph

Last updated on 2015-05-27 17:47:14.

Flavor Version Tinstall Tcheck Ttotal Status Flags
r-devel-linux-x86_64-debian-clang 2.1.5 6.55 64.48 71.04 OK
r-devel-linux-x86_64-debian-gcc 2.1.5 5.70 65.48 71.19 OK
r-devel-linux-x86_64-fedora-clang 2.1.5 138.69 OK
r-devel-linux-x86_64-fedora-gcc 2.1.5 100.41 OK
r-devel-osx-x86_64-clang 2.1.5 114.99 OK
r-devel-windows-ix86+x86_64 2.1.5 19.00 123.00 142.00 OK
r-patched-linux-x86_64 2.1.5 5.72 63.18 68.89 OK
r-patched-solaris-sparc 2.1.5 824.60 OK
r-patched-solaris-x86 2.1.5 184.80 OK
r-release-linux-x86_64 2.1.5 6.76 64.26 71.02 OK
r-release-osx-x86_64-mavericks 2.1.5 OK
r-release-osx-x86_64-snowleopard 2.1.4 ERROR
r-release-windows-ix86+x86_64 2.1.5 21.00 127.00 148.00 OK
r-oldrel-windows-ix86+x86_64 2.1.5 30.00 191.00 221.00 OK

Check Details

Version: 2.1.4
Check: package dependencies
Result: ERROR
    Package required but not available: ‘phytools’
    
    See section ‘The DESCRIPTION file’ in the ‘Writing R Extensions’
    manual.
Flavor: r-release-osx-x86_64-snowleopard