CRAN Package Check Results for Package geomorph

Last updated on 2014-07-24 15:52:19.

Flavor Version Tinstall Tcheck Ttotal Status Flags
r-devel-linux-x86_64-debian-clang 2.1.1 6.82 80.37 87.20 OK
r-devel-linux-x86_64-debian-gcc 2.1.1 7.56 78.14 85.70 OK
r-devel-linux-x86_64-fedora-clang 2.1.1 124.15 OK
r-devel-linux-x86_64-fedora-gcc 2.1.1 97.68 OK
r-devel-osx-x86_64-clang 2.1.1 145.72 OK
r-devel-windows-ix86+x86_64 2.1.1 21.00 170.00 191.00 OK
r-patched-linux-x86_64 2.1.1 7.88 80.38 88.27 OK
r-patched-solaris-sparc 2.1.1 956.40 OK
r-patched-solaris-x86 2.1.1 245.30 OK
r-release-linux-ix86 2.1.1 9.16 98.15 107.30 OK
r-release-linux-x86_64 2.1.1 8.00 81.03 89.03 OK
r-release-osx-x86_64-mavericks 2.1.1 OK
r-release-osx-x86_64-snowleopard 2.1.1 OK
r-release-windows-ix86+x86_64 2.1.1 24.00 159.00 183.00 OK
r-oldrel-windows-ix86+x86_64 2.1.1 27.00 169.00 196.00 NOTE

Check Details

Version: 2.1.1
Check: R code for possible problems
Result: NOTE
    digit.fixed: no visible global function definition for 'anyNA'
Flavor: r-oldrel-windows-ix86+x86_64