CRAN Package Check Results for Package geomorph

Last updated on 2016-07-28 00:47:55.

Flavor Version Tinstall Tcheck Ttotal Status Flags
r-devel-linux-x86_64-debian-clang 3.0.2 4.88 92.79 97.68 OK
r-devel-linux-x86_64-debian-gcc 3.0.2 5.00 93.55 98.55 OK
r-devel-linux-x86_64-fedora-clang 3.0.2 163.20 OK
r-devel-linux-x86_64-fedora-gcc 3.0.2 154.57 OK
r-devel-osx-x86_64-clang 3.0.2 130.94 OK
r-devel-windows-ix86+x86_64 3.0.2 14.00 186.00 200.00 OK
r-patched-linux-x86_64 3.0.2 4.25 91.33 95.58 OK
r-patched-solaris-sparc 3.0.2 962.40 OK
r-patched-solaris-x86 3.0.2 194.90 OK
r-release-linux-x86_64 3.0.2 5.08 90.32 95.39 OK
r-release-osx-x86_64-mavericks 3.0.2 WARN
r-release-windows-ix86+x86_64 3.0.2 14.00 183.00 197.00 OK
r-oldrel-windows-ix86+x86_64 3.0.2 16.00 186.00 202.00 OK

Check Details

Version: 3.0.2
Check: whether package can be installed
Result: WARN
    Found the following significant warnings:
     Warning: 'rgl_init' failed, running with rgl.useNULL = TRUE
Flavor: r-release-osx-x86_64-mavericks

Version: 3.0.2
Check: dependencies in R code
Result: NOTE
    Invalid MIT-MAGIC-COOKIE-1 key
Flavor: r-release-osx-x86_64-mavericks

Version: 3.0.2
Check: S3 generic/method consistency
Result: WARN
    Invalid MIT-MAGIC-COOKIE-1 key
    See section ‘Generic functions and methods’ in the ‘Writing R
    Extensions’ manual.
Flavor: r-release-osx-x86_64-mavericks

Version: 3.0.2
Check: replacement functions
Result: WARN
    Invalid MIT-MAGIC-COOKIE-1 key
    The argument of a replacement function which corresponds to the right
    hand side must be named ‘value’.
Flavor: r-release-osx-x86_64-mavericks

Version: 3.0.2
Check: foreign function calls
Result: NOTE
    Invalid MIT-MAGIC-COOKIE-1 key
    See chapter ‘System and foreign language interfaces’ in the ‘Writing R
    Extensions’ manual.
Flavor: r-release-osx-x86_64-mavericks

Version: 3.0.2
Check: R code for possible problems
Result: NOTE
    Invalid MIT-MAGIC-COOKIE-1 key
Flavor: r-release-osx-x86_64-mavericks

Version: 3.0.2
Check: for missing documentation entries
Result: WARN
    Invalid MIT-MAGIC-COOKIE-1 key
    All user-level objects in a package should have documentation entries.
    See chapter ‘Writing R documentation files’ in the ‘Writing R
    Extensions’ manual.
Flavor: r-release-osx-x86_64-mavericks

Version: 3.0.2
Check: for code/documentation mismatches
Result: WARN
    Invalid MIT-MAGIC-COOKIE-1 key
    Invalid MIT-MAGIC-COOKIE-1 key
    Invalid MIT-MAGIC-COOKIE-1 key
Flavor: r-release-osx-x86_64-mavericks

Version: 3.0.2
Check: Rd \usage sections
Result: NOTE
    Invalid MIT-MAGIC-COOKIE-1 key
    The \usage entries for S3 methods should use the \method markup and not
    their full name.
    See chapter ‘Writing R documentation files’ in the ‘Writing R
    Extensions’ manual.
Flavor: r-release-osx-x86_64-mavericks