CRAN Package Check Results for Package geomorph

Last updated on 2014-04-24 23:48:03.

Flavor Version Tinstall Tcheck Ttotal Status Flags
r-devel-linux-x86_64-debian-clang 2.0.1 3.72 46.69 50.41 OK
r-devel-linux-x86_64-debian-gcc 2.0.1 4.60 46.57 51.17 OK
r-devel-linux-x86_64-fedora-clang 2.0.1 95.09 OK
r-devel-linux-x86_64-fedora-gcc 2.0.1 92.17 OK
r-devel-osx-x86_64-clang 2.0.1 60.92 OK
r-devel-osx-x86_64-gcc 2.0.1 ERROR
r-devel-windows-ix86+x86_64 2.0.1 14.00 83.00 97.00 OK
r-patched-linux-x86_64 2.0.1 4.64 46.51 51.15 OK
r-patched-solaris-sparc 2.0.1 528.80 OK
r-patched-solaris-x86 2.0.1 124.50 OK
r-release-linux-ix86 2.0.1 7.00 77.00 84.00 OK
r-release-linux-x86_64 2.0.1 4.60 45.96 50.56 OK
r-release-osx-x86_64-mavericks 2.0.1 OK
r-release-osx-x86_64-snowleopard 2.0.1 OK
r-release-windows-ix86+x86_64 2.0.1 15.00 86.00 101.00 OK
r-oldrel-windows-ix86+x86_64 2.0.1 14.00 101.00 115.00 OK

Check Details

Version: 2.0.1
Check: package dependencies
Result: ERROR
    Package required but not available: ‘vegan’
    
    See the information on DESCRIPTION files in the chapter ‘Creating R
    packages’ of the ‘Writing R Extensions’ manual.
Flavor: r-devel-osx-x86_64-gcc