CRAN Package Check Results for Package geomorph

Last updated on 2014-08-01 14:47:24.

Flavor Version Tinstall Tcheck Ttotal Status Flags
r-devel-linux-x86_64-debian-clang 2.1.1 6.90 79.74 86.64 OK
r-devel-linux-x86_64-debian-gcc 2.1.1 7.87 80.02 87.89 OK
r-devel-linux-x86_64-fedora-clang 2.1.1 196.31 OK
r-devel-linux-x86_64-fedora-gcc 2.1.1 188.89 OK
r-devel-osx-x86_64-clang 2.1.1 145.77 OK
r-devel-windows-ix86+x86_64 2.1.1 27.00 154.00 181.00 OK
r-patched-linux-x86_64 2.1.1 8.14 81.05 89.18 OK
r-patched-solaris-sparc 2.1.1 1039.40 OK
r-patched-solaris-x86 2.1.1 244.10 OK
r-release-linux-ix86 2.1.1 9.07 96.09 105.16 OK
r-release-linux-x86_64 2.1.1 7.98 80.65 88.63 OK
r-release-osx-x86_64-mavericks 2.1.1 OK
r-release-osx-x86_64-snowleopard 2.1.1 OK
r-release-windows-ix86+x86_64 2.1.1 36.00 226.00 262.00 OK
r-oldrel-windows-ix86+x86_64 2.1.1 36.00 232.00 268.00 NOTE

Check Details

Version: 2.1.1
Check: R code for possible problems
Result: NOTE
    digit.fixed: no visible global function definition for 'anyNA'
Flavor: r-oldrel-windows-ix86+x86_64