CRAN Package Check Results for Package geomorph

Last updated on 2014-09-18 05:47:23.

Flavor Version Tinstall Tcheck Ttotal Status Flags
r-devel-linux-x86_64-debian-clang 2.1.1 7.50 77.72 85.22 OK
r-devel-linux-x86_64-debian-gcc 2.1.1 7.38 74.34 81.72 OK
r-devel-linux-x86_64-fedora-clang 2.1.1 188.24 OK
r-devel-linux-x86_64-fedora-gcc 2.1.1 183.03 OK
r-devel-osx-x86_64-clang 2.1.1 140.39 OK
r-devel-windows-ix86+x86_64 2.1.1 22.00 151.00 173.00 OK
r-patched-linux-x86_64 2.1.1 7.92 80.06 87.98 OK
r-patched-solaris-sparc 2.1.1 1039.40 OK
r-patched-solaris-x86 2.1.1 243.50 OK
r-release-linux-ix86 2.1.1 9.12 98.46 107.58 OK
r-release-linux-x86_64 2.1.1 7.85 81.08 88.93 OK
r-release-osx-x86_64-mavericks 2.1.1 OK
r-release-osx-x86_64-snowleopard 2.1.1 OK
r-release-windows-ix86+x86_64 2.1.1 24.00 168.00 192.00 OK
r-oldrel-windows-ix86+x86_64 2.1.1 24.00 166.00 190.00 NOTE

Check Details

Version: 2.1.1
Check: R code for possible problems
Result: NOTE
    digit.fixed: no visible global function definition for 'anyNA'
Flavor: r-oldrel-windows-ix86+x86_64