CRAN Package Check Results for Package geonames

Last updated on 2015-05-28 09:47:25.

Flavor Version Tinstall Tcheck Ttotal Status Flags
r-devel-linux-x86_64-debian-clang 0.998 0.74 9.25 9.98 NOTE
r-devel-linux-x86_64-debian-gcc 0.998 0.65 8.97 9.62 NOTE
r-devel-linux-x86_64-fedora-clang 0.998 18.12 NOTE
r-devel-linux-x86_64-fedora-gcc 0.998 17.84 NOTE
r-devel-osx-x86_64-clang 0.998 22.00 NOTE
r-devel-windows-ix86+x86_64 0.998 4.00 18.00 22.00 NOTE
r-patched-linux-x86_64 0.998 0.64 8.94 9.58 NOTE
r-patched-solaris-sparc 0.998 149.80 NOTE
r-patched-solaris-x86 0.998 27.00 NOTE
r-release-linux-x86_64 0.998 0.88 9.02 9.90 NOTE
r-release-osx-x86_64-mavericks 0.998 NOTE
r-release-osx-x86_64-snowleopard 0.998 NOTE
r-release-windows-ix86+x86_64 0.998 3.00 17.00 20.00 NOTE
r-oldrel-windows-ix86+x86_64 0.998 5.00 18.00 23.00 OK

Check Details

Version: 0.998
Check: DESCRIPTION meta-information
Result: NOTE
    Malformed Description field: should contain one or more complete sentences.
Flavors: r-devel-linux-x86_64-debian-clang, r-devel-linux-x86_64-debian-gcc, r-devel-linux-x86_64-fedora-clang, r-devel-linux-x86_64-fedora-gcc, r-devel-osx-x86_64-clang, r-devel-windows-ix86+x86_64, r-patched-linux-x86_64, r-patched-solaris-sparc, r-patched-solaris-x86, r-release-linux-x86_64, r-release-osx-x86_64-mavericks, r-release-osx-x86_64-snowleopard, r-release-windows-ix86+x86_64