CRAN Package Check Results for Package geonames

Last updated on 2016-05-24 19:47:56.

Flavor Version Tinstall Tcheck Ttotal Status Flags
r-devel-linux-x86_64-debian-gcc 0.998 0.72 9.31 10.03 NOTE
r-devel-linux-x86_64-fedora-clang 0.998 18.02 NOTE
r-devel-linux-x86_64-fedora-gcc 0.998 14.93 NOTE
r-devel-osx-x86_64-clang 0.998 19.89 NOTE
r-devel-windows-ix86+x86_64 0.998 2.00 33.00 35.00 NOTE
r-patched-linux-x86_64 0.998 0.71 9.37 10.09 NOTE
r-patched-solaris-sparc 0.998 106.10 NOTE
r-patched-solaris-x86 0.998 25.00 NOTE
r-release-linux-x86_64 0.998 0.70 9.61 10.31 NOTE
r-release-osx-x86_64-mavericks 0.998 NOTE
r-release-windows-ix86+x86_64 0.998 2.00 33.00 35.00 NOTE
r-oldrel-windows-ix86+x86_64 0.998 3.00 19.00 22.00 NOTE

Check Details

Version: 0.998
Check: DESCRIPTION meta-information
Result: NOTE
    Malformed Description field: should contain one or more complete sentences.
Flavors: r-devel-linux-x86_64-debian-gcc, r-devel-linux-x86_64-fedora-clang, r-devel-linux-x86_64-fedora-gcc, r-devel-osx-x86_64-clang, r-devel-windows-ix86+x86_64, r-patched-linux-x86_64, r-patched-solaris-sparc, r-patched-solaris-x86, r-release-linux-x86_64, r-release-osx-x86_64-mavericks, r-release-windows-ix86+x86_64, r-oldrel-windows-ix86+x86_64

Version: 0.998
Check: R code for possible problems
Result: NOTE
    getJson: no visible global function definition for ‘URLencode’
    Undefined global functions or variables:
     URLencode
    Consider adding
     importFrom("utils", "URLencode")
    to your NAMESPACE file.
Flavors: r-devel-linux-x86_64-debian-gcc, r-devel-linux-x86_64-fedora-clang, r-devel-linux-x86_64-fedora-gcc, r-devel-osx-x86_64-clang, r-devel-windows-ix86+x86_64, r-patched-linux-x86_64, r-patched-solaris-sparc, r-patched-solaris-x86, r-release-linux-x86_64, r-release-osx-x86_64-mavericks, r-release-windows-ix86+x86_64