CRAN Package Check Results for Package geonames

Last updated on 2014-08-22 03:47:58.

Flavor Version Tinstall Tcheck Ttotal Status Flags
r-devel-linux-x86_64-debian-clang 0.996 0.68 8.92 9.60 OK
r-devel-linux-x86_64-debian-gcc 0.996 0.67 9.17 9.84 OK
r-devel-linux-x86_64-fedora-clang 0.996 19.32 NOTE
r-devel-linux-x86_64-fedora-gcc 0.996 18.23 NOTE
r-devel-osx-x86_64-clang 0.996 22.11 NOTE
r-devel-windows-ix86+x86_64 0.996 3.00 15.00 18.00 OK
r-patched-linux-x86_64 0.996 0.75 8.88 9.63 OK
r-patched-solaris-sparc 0.996 117.20 OK
r-patched-solaris-x86 0.996 27.80 OK
r-release-linux-ix86 0.996 0.99 15.00 15.98 OK
r-release-linux-x86_64 0.996 0.70 9.08 9.77 OK
r-release-osx-x86_64-mavericks 0.996 OK
r-release-osx-x86_64-snowleopard 0.996 OK
r-release-windows-ix86+x86_64 0.996 3.00 25.00 28.00 OK
r-oldrel-windows-ix86+x86_64 0.996 3.00 19.00 22.00 OK

Check Details

Version: 0.996
Check: R code for possible problems
Result: NOTE
    Warning in fun(libname, pkgname) :
     No geonamesUsername set. See http://geonames.wordpress.com/2010/03/16/ddos-part-ii/ and set one with options(geonamesUsername="foo") for some services to work
Flavors: r-devel-linux-x86_64-fedora-clang, r-devel-linux-x86_64-fedora-gcc, r-devel-osx-x86_64-clang