CRAN Package Check Results for Package geonames

Last updated on 2017-03-25 15:47:47.

Flavor Version Tinstall Tcheck Ttotal Status Flags
r-devel-linux-x86_64-debian-clang 0.998 0.68 11.55 12.22 NOTE
r-devel-linux-x86_64-debian-gcc 0.998 0.73 11.48 12.21 NOTE
r-devel-linux-x86_64-fedora-clang 0.998 19.70 NOTE --no-stop-on-test-error
r-devel-linux-x86_64-fedora-gcc 0.998 18.56 NOTE --no-stop-on-test-error
r-devel-macos-x86_64-clang 0.998 17.47 NOTE --no-stop-on-test-error
r-devel-windows-ix86+x86_64 0.998 3.00 27.00 30.00 NOTE
r-patched-linux-x86_64 0.998 0.69 11.10 11.79 NOTE
r-patched-solaris-sparc 0.998 120.30 NOTE
r-patched-solaris-x86 0.998 27.60 NOTE
r-release-linux-x86_64 0.998 1.02 9.47 10.49 NOTE
r-release-osx-x86_64-mavericks 0.998 NOTE
r-release-windows-ix86+x86_64 0.998 3.00 27.00 30.00 NOTE
r-oldrel-windows-ix86+x86_64 0.998 3.00 22.00 25.00 NOTE

Check Details

Version: 0.998
Check: DESCRIPTION meta-information
Result: NOTE
    Malformed Description field: should contain one or more complete sentences.
Flavors: r-devel-linux-x86_64-debian-clang, r-devel-linux-x86_64-debian-gcc, r-devel-windows-ix86+x86_64, r-patched-linux-x86_64, r-patched-solaris-sparc, r-patched-solaris-x86, r-release-linux-x86_64, r-release-osx-x86_64-mavericks, r-release-windows-ix86+x86_64, r-oldrel-windows-ix86+x86_64

Version: 0.998
Check: R code for possible problems
Result: NOTE
    getJson: no visible global function definition for ‘URLencode’
    Undefined global functions or variables:
     URLencode
    Consider adding
     importFrom("utils", "URLencode")
    to your NAMESPACE file.
Flavors: r-devel-linux-x86_64-debian-clang, r-devel-linux-x86_64-debian-gcc, r-devel-windows-ix86+x86_64, r-patched-linux-x86_64, r-patched-solaris-sparc, r-patched-solaris-x86, r-release-linux-x86_64, r-release-osx-x86_64-mavericks, r-release-windows-ix86+x86_64

Version: 0.998
Flags: --no-stop-on-test-error
Check: DESCRIPTION meta-information
Result: NOTE
    Malformed Description field: should contain one or more complete sentences.
Flavors: r-devel-linux-x86_64-fedora-clang, r-devel-linux-x86_64-fedora-gcc, r-devel-macos-x86_64-clang

Version: 0.998
Flags: --no-stop-on-test-error
Check: R code for possible problems
Result: NOTE
    getJson: no visible global function definition for ‘URLencode’
    Undefined global functions or variables:
     URLencode
    Consider adding
     importFrom("utils", "URLencode")
    to your NAMESPACE file.
Flavors: r-devel-linux-x86_64-fedora-clang, r-devel-linux-x86_64-fedora-gcc, r-devel-macos-x86_64-clang