CRAN Package Check Results for Package geonames

Last updated on 2015-04-01 13:48:15.

Flavor Version Tinstall Tcheck Ttotal Status Flags
r-devel-linux-x86_64-debian-clang 0.998 0.71 9.30 10.01 NOTE
r-devel-linux-x86_64-debian-gcc 0.998 0.66 9.16 9.82 NOTE
r-devel-linux-x86_64-fedora-clang 0.998 19.01 NOTE
r-devel-linux-x86_64-fedora-gcc 0.998 17.49 NOTE
r-devel-osx-x86_64-clang 0.998 25.58 NOTE
r-prerel-windows-ix86+x86_64 0.998 4.00 17.00 21.00 NOTE
r-prerel-linux-x86_64 0.998 0.66 9.26 9.92 NOTE
r-prerel-solaris-sparc 0.998 120.40 NOTE
r-prerel-solaris-x86 0.998 26.10 NOTE
r-release-linux-x86_64 0.998 0.98 9.51 10.49 OK
r-release-osx-x86_64-mavericks 0.998 OK
r-release-osx-x86_64-snowleopard 0.998 OK
r-release-windows-ix86+x86_64 0.998 5.00 18.00 23.00 OK
r-oldrel-windows-ix86+x86_64 0.998 3.00 22.00 25.00 OK

Check Details

Version: 0.998
Check: DESCRIPTION meta-information
Result: NOTE
    Malformed Description field: should contain one or more complete sentences.
Flavors: r-devel-linux-x86_64-debian-clang, r-devel-linux-x86_64-debian-gcc, r-devel-linux-x86_64-fedora-clang, r-devel-linux-x86_64-fedora-gcc, r-devel-osx-x86_64-clang, r-prerel-windows-ix86+x86_64, r-prerel-linux-x86_64, r-prerel-solaris-sparc, r-prerel-solaris-x86