CRAN Package Check Results for Package geonames

Last updated on 2017-12-11 08:48:38 CET.

Flavor Version Tinstall Tcheck Ttotal Status Flags
r-devel-linux-x86_64-debian-clang 0.998 0.69 13.87 14.56 NOTE
r-devel-linux-x86_64-debian-gcc 0.998 0.66 12.78 13.44 NOTE
r-devel-linux-x86_64-fedora-clang 0.998 18.58 NOTE
r-devel-linux-x86_64-fedora-gcc 0.998 17.55 NOTE
r-devel-windows-ix86+x86_64 0.998 5.00 29.00 34.00 NOTE
r-patched-linux-x86_64 0.998 0.79 15.24 16.03 NOTE
r-patched-solaris-x86 0.998 27.90 NOTE
r-release-linux-x86_64 0.998 0.76 15.42 16.18 NOTE
r-release-windows-ix86+x86_64 0.998 3.00 26.00 29.00 NOTE
r-release-osx-x86_64 0.998 NOTE
r-oldrel-windows-ix86+x86_64 0.998 3.00 27.00 30.00 NOTE
r-oldrel-osx-x86_64 0.998 NOTE

Check Details

Version: 0.998
Check: DESCRIPTION meta-information
Result: NOTE
    Malformed Description field: should contain one or more complete sentences.
Flavors: r-devel-linux-x86_64-debian-clang, r-devel-linux-x86_64-debian-gcc, r-devel-linux-x86_64-fedora-clang, r-devel-linux-x86_64-fedora-gcc, r-devel-windows-ix86+x86_64, r-patched-linux-x86_64, r-patched-solaris-x86, r-release-linux-x86_64, r-release-windows-ix86+x86_64, r-release-osx-x86_64, r-oldrel-windows-ix86+x86_64, r-oldrel-osx-x86_64

Version: 0.998
Check: R code for possible problems
Result: NOTE
    getJson: no visible global function definition for ‘URLencode’
    Undefined global functions or variables:
     URLencode
    Consider adding
     importFrom("utils", "URLencode")
    to your NAMESPACE file.
Flavors: r-devel-linux-x86_64-debian-clang, r-devel-linux-x86_64-debian-gcc, r-devel-linux-x86_64-fedora-clang, r-devel-linux-x86_64-fedora-gcc, r-devel-windows-ix86+x86_64, r-patched-linux-x86_64, r-patched-solaris-x86, r-release-linux-x86_64, r-release-windows-ix86+x86_64, r-release-osx-x86_64, r-oldrel-windows-ix86+x86_64, r-oldrel-osx-x86_64