CRAN Package Check Results for Package geonames

Last updated on 2014-09-23 19:48:04.

Flavor Version Tinstall Tcheck Ttotal Status Flags
r-devel-linux-x86_64-debian-clang 0.996 0.78 9.61 10.39 NOTE
r-devel-linux-x86_64-debian-gcc 0.996 0.64 9.14 9.78 NOTE
r-devel-linux-x86_64-fedora-clang 0.996 19.32 NOTE
r-devel-linux-x86_64-fedora-gcc 0.996 17.94 NOTE
r-devel-osx-x86_64-clang 0.996 24.09 NOTE
r-devel-windows-ix86+x86_64 0.996 3.00 15.00 18.00 NOTE
r-patched-linux-x86_64 0.996 0.70 9.07 9.77 OK
r-patched-solaris-sparc 0.996 117.20 OK
r-patched-solaris-x86 0.996 28.80 OK
r-release-linux-ix86 0.996 0.98 15.14 16.12 OK
r-release-linux-x86_64 0.996 0.70 9.48 10.18 OK
r-release-osx-x86_64-mavericks 0.996 OK
r-release-osx-x86_64-snowleopard 0.996 OK
r-release-windows-ix86+x86_64 0.996 3.00 25.00 28.00 OK
r-oldrel-windows-ix86+x86_64 0.996 3.00 19.00 22.00 OK

Check Details

Version: 0.996
Check: R code for possible problems
Result: NOTE
    Warning in fun(libname, pkgname) :
     No geonamesUsername set. See http://geonames.wordpress.com/2010/03/16/ddos-part-ii/ and set one with options(geonamesUsername="foo") for some services to work
Flavors: r-devel-linux-x86_64-debian-clang, r-devel-linux-x86_64-debian-gcc, r-devel-linux-x86_64-fedora-clang, r-devel-linux-x86_64-fedora-gcc, r-devel-osx-x86_64-clang, r-devel-windows-ix86+x86_64