CRAN Package Check Results for Package geonames

Last updated on 2018-06-24 16:48:50 CEST.

Flavor Version Tinstall Tcheck Ttotal Status Flags
r-devel-linux-x86_64-debian-clang 0.998 1.14 18.49 19.63 NOTE
r-devel-linux-x86_64-debian-gcc 0.998 0.89 14.62 15.51 NOTE
r-devel-linux-x86_64-fedora-clang 0.998 22.62 NOTE
r-devel-linux-x86_64-fedora-gcc 0.998 21.02 NOTE
r-devel-windows-ix86+x86_64 0.998 4.00 30.00 34.00 NOTE
r-patched-linux-x86_64 0.998 0.85 17.23 18.08 NOTE
r-patched-solaris-x86 0.998 34.60 NOTE
r-release-linux-x86_64 0.998 1.07 17.00 18.07 NOTE
r-release-windows-ix86+x86_64 0.998 3.00 28.00 31.00 NOTE
r-release-osx-x86_64 0.998 NOTE
r-oldrel-windows-ix86+x86_64 0.998 3.00 39.00 42.00 NOTE
r-oldrel-osx-x86_64 0.998 NOTE

Check Details

Version: 0.998
Check: DESCRIPTION meta-information
Result: NOTE
    Malformed Description field: should contain one or more complete sentences.
Flavors: r-devel-linux-x86_64-debian-clang, r-devel-linux-x86_64-debian-gcc, r-devel-linux-x86_64-fedora-clang, r-devel-linux-x86_64-fedora-gcc, r-devel-windows-ix86+x86_64, r-patched-linux-x86_64, r-patched-solaris-x86, r-release-linux-x86_64, r-release-windows-ix86+x86_64, r-release-osx-x86_64, r-oldrel-windows-ix86+x86_64, r-oldrel-osx-x86_64

Version: 0.998
Check: R code for possible problems
Result: NOTE
    getJson: no visible global function definition for ‘URLencode’
    Undefined global functions or variables:
     URLencode
    Consider adding
     importFrom("utils", "URLencode")
    to your NAMESPACE file.
Flavors: r-devel-linux-x86_64-debian-clang, r-devel-linux-x86_64-debian-gcc, r-devel-linux-x86_64-fedora-clang, r-devel-linux-x86_64-fedora-gcc, r-devel-windows-ix86+x86_64, r-patched-linux-x86_64, r-patched-solaris-x86, r-release-linux-x86_64, r-release-windows-ix86+x86_64, r-release-osx-x86_64, r-oldrel-windows-ix86+x86_64, r-oldrel-osx-x86_64