CRAN Package Check Results for Package geonames

Last updated on 2017-06-27 16:46:47.

Flavor Version Tinstall Tcheck Ttotal Status Flags
r-devel-linux-x86_64-debian-clang 0.998 0.78 11.35 12.13 NOTE
r-devel-linux-x86_64-debian-gcc 0.998 0.68 11.21 11.89 NOTE
r-devel-linux-x86_64-fedora-clang 0.998 19.49 NOTE
r-devel-linux-x86_64-fedora-gcc 0.998 18.44 NOTE
r-devel-windows-ix86+x86_64 0.998 5.00 27.00 32.00 NOTE
r-patched-linux-x86_64 0.998 0.68 11.29 11.97 NOTE
r-patched-solaris-sparc 0.998 120.30 NOTE
r-patched-solaris-x86 0.998 26.90 NOTE
r-release-linux-x86_64 0.998 0.68 10.89 11.57 NOTE
r-release-windows-ix86+x86_64 0.998 2.00 26.00 28.00 NOTE
r-release-osx-x86_64 0.998 NOTE
r-oldrel-windows-ix86+x86_64 0.998 3.00 27.00 30.00 NOTE
r-oldrel-osx-x86_64 0.998 NOTE

Check Details

Version: 0.998
Check: DESCRIPTION meta-information
Result: NOTE
    Malformed Description field: should contain one or more complete sentences.
Flavors: r-devel-linux-x86_64-debian-clang, r-devel-linux-x86_64-debian-gcc, r-devel-linux-x86_64-fedora-clang, r-devel-linux-x86_64-fedora-gcc, r-devel-windows-ix86+x86_64, r-patched-linux-x86_64, r-patched-solaris-sparc, r-patched-solaris-x86, r-release-linux-x86_64, r-release-windows-ix86+x86_64, r-release-osx-x86_64, r-oldrel-windows-ix86+x86_64, r-oldrel-osx-x86_64

Version: 0.998
Check: R code for possible problems
Result: NOTE
    getJson: no visible global function definition for ‘URLencode’
    Undefined global functions or variables:
     URLencode
    Consider adding
     importFrom("utils", "URLencode")
    to your NAMESPACE file.
Flavors: r-devel-linux-x86_64-debian-clang, r-devel-linux-x86_64-debian-gcc, r-devel-linux-x86_64-fedora-clang, r-devel-linux-x86_64-fedora-gcc, r-devel-windows-ix86+x86_64, r-patched-linux-x86_64, r-patched-solaris-sparc, r-patched-solaris-x86, r-release-linux-x86_64, r-release-windows-ix86+x86_64, r-release-osx-x86_64, r-oldrel-windows-ix86+x86_64, r-oldrel-osx-x86_64