CRAN Package Check Results for Package geonames

Last updated on 2017-10-17 01:47:57.

Flavor Version Tinstall Tcheck Ttotal Status Flags
r-devel-linux-x86_64-debian-clang 0.998 0.77 11.75 12.52 NOTE
r-devel-linux-x86_64-debian-gcc 0.998 0.80 12.20 13.00 NOTE
r-devel-linux-x86_64-fedora-clang 0.998 20.47 NOTE
r-devel-linux-x86_64-fedora-gcc 0.998 19.36 NOTE
r-devel-windows-ix86+x86_64 0.998 4.00 25.00 29.00 NOTE
r-patched-linux-x86_64 0.998 0.73 11.21 11.95 NOTE
r-patched-solaris-x86 0.998 27.60 NOTE
r-release-linux-x86_64 0.998 0.72 11.41 12.13 NOTE
r-release-windows-ix86+x86_64 0.998 3.00 26.00 29.00 NOTE
r-release-osx-x86_64 0.998 NOTE
r-oldrel-windows-ix86+x86_64 0.998 3.00 27.00 30.00 NOTE
r-oldrel-osx-x86_64 0.998 NOTE

Check Details

Version: 0.998
Check: DESCRIPTION meta-information
Result: NOTE
    Malformed Description field: should contain one or more complete sentences.
Flavors: r-devel-linux-x86_64-debian-clang, r-devel-linux-x86_64-debian-gcc, r-devel-linux-x86_64-fedora-clang, r-devel-linux-x86_64-fedora-gcc, r-devel-windows-ix86+x86_64, r-patched-linux-x86_64, r-patched-solaris-x86, r-release-linux-x86_64, r-release-windows-ix86+x86_64, r-release-osx-x86_64, r-oldrel-windows-ix86+x86_64, r-oldrel-osx-x86_64

Version: 0.998
Check: R code for possible problems
Result: NOTE
    getJson: no visible global function definition for ‘URLencode’
    Undefined global functions or variables:
     URLencode
    Consider adding
     importFrom("utils", "URLencode")
    to your NAMESPACE file.
Flavors: r-devel-linux-x86_64-debian-clang, r-devel-linux-x86_64-debian-gcc, r-devel-linux-x86_64-fedora-clang, r-devel-linux-x86_64-fedora-gcc, r-devel-windows-ix86+x86_64, r-patched-linux-x86_64, r-patched-solaris-x86, r-release-linux-x86_64, r-release-windows-ix86+x86_64, r-release-osx-x86_64, r-oldrel-windows-ix86+x86_64, r-oldrel-osx-x86_64