CRAN Package Check Results for Package geonames

Last updated on 2016-02-07 12:47:01.

Flavor Version Tinstall Tcheck Ttotal Status Flags
r-devel-linux-x86_64-debian-gcc 0.998 0.68 8.46 9.15 NOTE
r-devel-linux-x86_64-fedora-clang 0.998 16.00 NOTE
r-devel-linux-x86_64-fedora-gcc 0.998 14.84 NOTE
r-devel-osx-x86_64-clang 0.998 19.17 NOTE
r-devel-windows-ix86+x86_64 0.998 4.00 20.00 24.00 NOTE
r-patched-linux-x86_64 0.998 0.76 9.33 10.09 NOTE
r-patched-solaris-sparc 0.998 103.70 NOTE
r-patched-solaris-x86 0.998 23.10 NOTE
r-release-linux-x86_64 0.998 0.70 9.22 9.92 NOTE
r-release-osx-x86_64-mavericks 0.998 NOTE
r-release-windows-ix86+x86_64 0.998 3.00 19.00 22.00 NOTE
r-oldrel-windows-ix86+x86_64 0.998 5.00 18.00 23.00 OK

Check Details

Version: 0.998
Check: DESCRIPTION meta-information
Result: NOTE
    Malformed Description field: should contain one or more complete sentences.
Flavors: r-devel-linux-x86_64-debian-gcc, r-devel-linux-x86_64-fedora-clang, r-devel-linux-x86_64-fedora-gcc, r-devel-osx-x86_64-clang, r-devel-windows-ix86+x86_64, r-patched-linux-x86_64, r-patched-solaris-sparc, r-patched-solaris-x86, r-release-linux-x86_64, r-release-osx-x86_64-mavericks, r-release-windows-ix86+x86_64

Version: 0.998
Check: R code for possible problems
Result: NOTE
    getJson: no visible global function definition for ‘URLencode’
    Undefined global functions or variables:
     URLencode
    Consider adding
     importFrom("utils", "URLencode")
    to your NAMESPACE file.
Flavors: r-devel-linux-x86_64-debian-gcc, r-devel-linux-x86_64-fedora-clang, r-devel-linux-x86_64-fedora-gcc, r-devel-osx-x86_64-clang, r-devel-windows-ix86+x86_64