CRAN Package Check Results for Package geonames

Last updated on 2015-08-30 05:47:51.

Flavor Version Tinstall Tcheck Ttotal Status Flags
r-devel-linux-x86_64-debian-clang 0.998 0.62 8.82 9.44 NOTE
r-devel-linux-x86_64-debian-gcc 0.998 0.61 8.48 9.09 NOTE
r-devel-linux-x86_64-fedora-clang 0.998 17.94 NOTE
r-devel-linux-x86_64-fedora-gcc 0.998 17.56 NOTE
r-devel-osx-x86_64-clang 0.998 18.50 NOTE
r-devel-windows-ix86+x86_64 0.998 5.00 28.00 33.00 NOTE
r-patched-linux-x86_64 0.998 0.71 9.46 10.18 NOTE
r-patched-solaris-sparc 0.998 120.70 NOTE
r-patched-solaris-x86 0.998 28.40 NOTE
r-release-linux-x86_64 0.998 0.67 8.95 9.62 NOTE
r-release-osx-x86_64-mavericks 0.998 NOTE
r-release-windows-ix86+x86_64 0.998 3.00 19.00 22.00 NOTE
r-oldrel-windows-ix86+x86_64 0.998 5.00 18.00 23.00 OK

Check Details

Version: 0.998
Check: DESCRIPTION meta-information
Result: NOTE
    Malformed Description field: should contain one or more complete sentences.
Flavors: r-devel-linux-x86_64-debian-clang, r-devel-linux-x86_64-debian-gcc, r-devel-linux-x86_64-fedora-clang, r-devel-linux-x86_64-fedora-gcc, r-devel-osx-x86_64-clang, r-devel-windows-ix86+x86_64, r-patched-linux-x86_64, r-patched-solaris-sparc, r-patched-solaris-x86, r-release-linux-x86_64, r-release-osx-x86_64-mavericks, r-release-windows-ix86+x86_64

Version: 0.998
Check: R code for possible problems
Result: NOTE
    getJson: no visible global function definition for ‘URLencode’
    Undefined global functions or variables:
     URLencode
    Consider adding
     importFrom("utils", "URLencode")
    to your NAMESPACE.
Flavors: r-devel-linux-x86_64-debian-clang, r-devel-linux-x86_64-debian-gcc, r-devel-linux-x86_64-fedora-clang, r-devel-linux-x86_64-fedora-gcc, r-devel-windows-ix86+x86_64