CRAN Package Check Results for Package geonames

Last updated on 2017-04-28 05:48:28.

Flavor Version Tinstall Tcheck Ttotal Status Flags
r-devel-linux-x86_64-debian-clang 0.998 0.73 11.16 11.89 NOTE
r-devel-linux-x86_64-debian-gcc 0.998 0.70 11.28 11.98 NOTE
r-devel-linux-x86_64-fedora-clang 0.998 19.76 NOTE --no-stop-on-test-error
r-devel-linux-x86_64-fedora-gcc 0.998 18.60 NOTE --no-stop-on-test-error
r-devel-windows-ix86+x86_64 0.998 5.00 26.00 31.00 NOTE
r-patched-linux-x86_64 0.998 0.74 11.19 11.93 NOTE
r-patched-solaris-sparc 0.998 120.30 NOTE
r-patched-solaris-x86 0.998 27.70 NOTE
r-release-linux-x86_64 0.998 0.80 11.25 12.05 NOTE
r-release-windows-ix86+x86_64 0.998 2.00 26.00 28.00 NOTE
r-release-osx-x86_64 0.998 NOTE
r-oldrel-windows-ix86+x86_64 0.998 3.00 27.00 30.00 NOTE
r-oldrel-osx-x86_64 0.998 NOTE

Check Details

Version: 0.998
Check: DESCRIPTION meta-information
Result: NOTE
    Malformed Description field: should contain one or more complete sentences.
Flavors: r-devel-linux-x86_64-debian-clang, r-devel-linux-x86_64-debian-gcc, r-devel-windows-ix86+x86_64, r-patched-linux-x86_64, r-patched-solaris-sparc, r-patched-solaris-x86, r-release-linux-x86_64, r-release-windows-ix86+x86_64, r-release-osx-x86_64, r-oldrel-windows-ix86+x86_64, r-oldrel-osx-x86_64

Version: 0.998
Check: R code for possible problems
Result: NOTE
    getJson: no visible global function definition for ‘URLencode’
    Undefined global functions or variables:
     URLencode
    Consider adding
     importFrom("utils", "URLencode")
    to your NAMESPACE file.
Flavors: r-devel-linux-x86_64-debian-clang, r-devel-linux-x86_64-debian-gcc, r-devel-windows-ix86+x86_64, r-patched-linux-x86_64, r-patched-solaris-sparc, r-patched-solaris-x86, r-release-linux-x86_64, r-release-windows-ix86+x86_64, r-release-osx-x86_64, r-oldrel-windows-ix86+x86_64, r-oldrel-osx-x86_64

Version: 0.998
Flags: --no-stop-on-test-error
Check: DESCRIPTION meta-information
Result: NOTE
    Malformed Description field: should contain one or more complete sentences.
Flavors: r-devel-linux-x86_64-fedora-clang, r-devel-linux-x86_64-fedora-gcc

Version: 0.998
Flags: --no-stop-on-test-error
Check: R code for possible problems
Result: NOTE
    getJson: no visible global function definition for ‘URLencode’
    Undefined global functions or variables:
     URLencode
    Consider adding
     importFrom("utils", "URLencode")
    to your NAMESPACE file.
Flavors: r-devel-linux-x86_64-fedora-clang, r-devel-linux-x86_64-fedora-gcc