CRAN Package Check Results for Package geonames

Last updated on 2016-12-03 23:47:40.

Flavor Version Tinstall Tcheck Ttotal Status Flags
r-devel-linux-x86_64-debian-clang 0.998 0.69 10.98 11.67 NOTE
r-devel-linux-x86_64-debian-gcc 0.998 0.74 10.86 11.60 NOTE
r-devel-linux-x86_64-fedora-clang 0.998 19.87 NOTE
r-devel-linux-x86_64-fedora-gcc 0.998 18.71 NOTE
r-devel-macos-x86_64-clang 0.998 17.86 NOTE
r-devel-windows-ix86+x86_64 0.998 3.00 35.00 38.00 NOTE
r-patched-linux-x86_64 0.998 0.68 9.24 9.92 NOTE
r-patched-solaris-sparc 0.998 106.60 NOTE
r-patched-solaris-x86 0.998 24.20 NOTE
r-release-linux-x86_64 0.998 0.70 9.24 9.94 NOTE
r-release-osx-x86_64-mavericks 0.998 NOTE
r-release-windows-ix86+x86_64 0.998 3.00 27.00 30.00 NOTE
r-oldrel-windows-ix86+x86_64 0.998 3.00 22.00 25.00 NOTE

Check Details

Version: 0.998
Check: DESCRIPTION meta-information
Result: NOTE
    Malformed Description field: should contain one or more complete sentences.
Flavors: r-devel-linux-x86_64-debian-clang, r-devel-linux-x86_64-debian-gcc, r-devel-linux-x86_64-fedora-clang, r-devel-linux-x86_64-fedora-gcc, r-devel-macos-x86_64-clang, r-devel-windows-ix86+x86_64, r-patched-linux-x86_64, r-patched-solaris-sparc, r-patched-solaris-x86, r-release-linux-x86_64, r-release-osx-x86_64-mavericks, r-release-windows-ix86+x86_64, r-oldrel-windows-ix86+x86_64

Version: 0.998
Check: R code for possible problems
Result: NOTE
    getJson: no visible global function definition for ‘URLencode’
    Undefined global functions or variables:
     URLencode
    Consider adding
     importFrom("utils", "URLencode")
    to your NAMESPACE file.
Flavors: r-devel-linux-x86_64-debian-clang, r-devel-linux-x86_64-debian-gcc, r-devel-linux-x86_64-fedora-clang, r-devel-linux-x86_64-fedora-gcc, r-devel-macos-x86_64-clang, r-devel-windows-ix86+x86_64, r-patched-linux-x86_64, r-patched-solaris-sparc, r-patched-solaris-x86, r-release-linux-x86_64, r-release-osx-x86_64-mavericks, r-release-windows-ix86+x86_64