CRAN Package Check Results for Package geonames

Last updated on 2014-04-24 19:53:59.

Flavor Version Tinstall Tcheck Ttotal Status Flags
r-devel-linux-x86_64-debian-clang 0.8 0.67 9.30 9.97 NOTE
r-devel-linux-x86_64-debian-gcc 0.8 0.59 9.31 9.90 NOTE
r-devel-linux-x86_64-fedora-clang 0.8 18.67 NOTE
r-devel-linux-x86_64-fedora-gcc 0.8 17.87 NOTE
r-devel-osx-x86_64-clang 0.8 20.39 NOTE
r-devel-osx-x86_64-gcc 0.8 NOTE
r-devel-windows-ix86+x86_64 0.8 2.00 16.00 18.00 NOTE
r-patched-linux-x86_64 0.8 0.59 9.22 9.82 NOTE
r-patched-solaris-sparc 0.8 106.80 NOTE
r-patched-solaris-x86 0.8 27.40 NOTE
r-release-linux-ix86 0.8 1.00 21.00 22.00 NOTE
r-release-linux-x86_64 0.8 0.60 9.27 9.87 NOTE
r-release-osx-x86_64-mavericks 0.8 NOTE
r-release-osx-x86_64-snowleopard 0.8 NOTE
r-release-windows-ix86+x86_64 0.8 5.00 22.00 27.00 NOTE
r-oldrel-windows-ix86+x86_64 0.8 2.00 15.00 17.00 NOTE

Check Details

Version: 0.8
Check: dependencies in R code
Result: NOTE
    'library' or 'require' call to ‘rjson’ which was already attached by Depends.
     Please remove these calls from your code.
    Package in Depends field not imported from: ‘rjson’
     These packages need to be imported from (in the NAMESPACE file)
     for when this namespace is loaded but not attached.
    See the information on DESCRIPTION files in the chapter ‘Creating R
    packages’ of the ‘Writing R Extensions’ manual.
Flavors: r-devel-linux-x86_64-debian-clang, r-devel-linux-x86_64-debian-gcc, r-devel-linux-x86_64-fedora-clang, r-devel-linux-x86_64-fedora-gcc, r-devel-osx-x86_64-clang, r-devel-osx-x86_64-gcc, r-devel-windows-ix86+x86_64, r-patched-linux-x86_64, r-patched-solaris-sparc, r-patched-solaris-x86, r-release-linux-ix86, r-release-linux-x86_64, r-release-osx-x86_64-mavericks, r-release-windows-ix86+x86_64, r-oldrel-windows-ix86+x86_64

Version: 0.8
Check: dependencies in R code
Result: NOTE
    'library' or 'require' call to 'rjson' which was already attached by Depends.
     Please remove these calls from your code.
    See the information on DESCRIPTION files in the chapter 'Creating R
    packages' of the 'Writing R Extensions' manual.
Flavor: r-release-osx-x86_64-snowleopard