CRAN Package Check Results for Package geonames

Last updated on 2015-06-30 18:47:15.

Flavor Version Tinstall Tcheck Ttotal Status Flags
r-devel-linux-x86_64-debian-clang 0.998 0.65 9.09 9.74 NOTE
r-devel-linux-x86_64-debian-gcc 0.998 0.84 8.58 9.42 NOTE
r-devel-linux-x86_64-fedora-clang 0.998 16.97 NOTE
r-devel-linux-x86_64-fedora-gcc 0.998 16.14 NOTE
r-devel-osx-x86_64-clang 0.998 19.17 NOTE
r-devel-windows-ix86+x86_64 0.998 4.00 18.00 22.00 NOTE
r-patched-linux-x86_64 0.998 0.66 8.95 9.61 NOTE
r-patched-solaris-sparc 0.998 149.80 NOTE
r-patched-solaris-x86 0.998 26.90 NOTE
r-release-linux-x86_64 0.998 0.65 9.15 9.80 NOTE
r-release-osx-x86_64-mavericks 0.998 NOTE
r-release-windows-ix86+x86_64 0.998 3.00 17.00 20.00 NOTE
r-oldrel-windows-ix86+x86_64 0.998 5.00 18.00 23.00 OK

Check Details

Version: 0.998
Check: DESCRIPTION meta-information
Result: NOTE
    Malformed Description field: should contain one or more complete sentences.
Flavors: r-devel-linux-x86_64-debian-clang, r-devel-linux-x86_64-debian-gcc, r-devel-linux-x86_64-fedora-clang, r-devel-linux-x86_64-fedora-gcc, r-devel-osx-x86_64-clang, r-devel-windows-ix86+x86_64, r-patched-linux-x86_64, r-patched-solaris-sparc, r-patched-solaris-x86, r-release-linux-x86_64, r-release-osx-x86_64-mavericks, r-release-windows-ix86+x86_64

Version: 0.998
Check: R code for possible problems
Result: NOTE
    getJson: no visible global function definition for ‘URLencode’
Flavors: r-devel-linux-x86_64-debian-clang, r-devel-linux-x86_64-debian-gcc, r-devel-linux-x86_64-fedora-clang