CRAN Package Check Results for Package geonames

Last updated on 2016-07-23 10:53:02.

Flavor Version Tinstall Tcheck Ttotal Status Flags
r-devel-linux-x86_64-debian-clang 0.998 0.99 11.21 12.20 NOTE
r-devel-linux-x86_64-debian-gcc 0.998 0.77 10.92 11.69 NOTE
r-devel-linux-x86_64-fedora-clang 0.998 15.85 NOTE
r-devel-linux-x86_64-fedora-gcc 0.998 15.16 NOTE
r-devel-osx-x86_64-clang 0.998 15.45 NOTE
r-devel-windows-ix86+x86_64 0.998 3.00 34.00 37.00 NOTE
r-patched-linux-x86_64 0.998 0.94 10.43 11.38 NOTE
r-patched-solaris-sparc 0.998 106.60 NOTE
r-patched-solaris-x86 0.998 23.60 NOTE
r-release-linux-x86_64 0.998 0.84 11.15 11.99 NOTE
r-release-osx-x86_64-mavericks 0.998 NOTE
r-release-windows-ix86+x86_64 0.998 2.00 33.00 35.00 NOTE
r-oldrel-windows-ix86+x86_64 0.998 3.00 19.00 22.00 NOTE

Check Details

Version: 0.998
Check: DESCRIPTION meta-information
Result: NOTE
    Malformed Description field: should contain one or more complete sentences.
Flavors: r-devel-linux-x86_64-debian-clang, r-devel-linux-x86_64-debian-gcc, r-devel-linux-x86_64-fedora-clang, r-devel-linux-x86_64-fedora-gcc, r-devel-osx-x86_64-clang, r-devel-windows-ix86+x86_64, r-patched-linux-x86_64, r-patched-solaris-sparc, r-patched-solaris-x86, r-release-linux-x86_64, r-release-osx-x86_64-mavericks, r-release-windows-ix86+x86_64, r-oldrel-windows-ix86+x86_64

Version: 0.998
Check: R code for possible problems
Result: NOTE
    getJson: no visible global function definition for ‘URLencode’
    Undefined global functions or variables:
     URLencode
    Consider adding
     importFrom("utils", "URLencode")
    to your NAMESPACE file.
Flavors: r-devel-linux-x86_64-debian-clang, r-devel-linux-x86_64-debian-gcc, r-devel-linux-x86_64-fedora-clang, r-devel-linux-x86_64-fedora-gcc, r-devel-osx-x86_64-clang, r-devel-windows-ix86+x86_64, r-patched-linux-x86_64, r-patched-solaris-sparc, r-patched-solaris-x86, r-release-linux-x86_64, r-release-osx-x86_64-mavericks, r-release-windows-ix86+x86_64