CRAN Package Check Results for Package geonames

Last updated on 2015-02-28 12:51:12.

Flavor Version Tinstall Tcheck Ttotal Status Flags
r-devel-linux-x86_64-debian-clang 0.998 0.72 9.03 9.75 NOTE
r-devel-linux-x86_64-debian-gcc 0.998 0.66 8.78 9.44 NOTE
r-devel-linux-x86_64-fedora-clang 0.998 18.68 NOTE
r-devel-linux-x86_64-fedora-gcc 0.998 18.04 NOTE
r-devel-osx-x86_64-clang 0.998 22.88 NOTE
r-devel-windows-ix86+x86_64 0.998 3.00 16.00 19.00 NOTE
r-patched-linux-x86_64 0.998 0.69 9.81 10.50 OK
r-patched-solaris-sparc 0.998 119.50 OK
r-patched-solaris-x86 0.998 29.80 OK
r-release-linux-ix86 0.998 0.99 15.68 16.67 OK
r-release-linux-x86_64 0.998 0.93 9.79 10.72 OK
r-release-osx-x86_64-mavericks 0.998 OK
r-release-osx-x86_64-snowleopard 0.998 OK
r-release-windows-ix86+x86_64 0.998 3.00 21.00 24.00 OK
r-oldrel-windows-ix86+x86_64 0.998 3.00 22.00 25.00 OK

Check Details

Version: 0.998
Check: DESCRIPTION meta-information
Result: NOTE
    Malformed Description field: should contain one or more complete sentences.
Flavors: r-devel-linux-x86_64-debian-clang, r-devel-linux-x86_64-debian-gcc, r-devel-linux-x86_64-fedora-clang, r-devel-linux-x86_64-fedora-gcc, r-devel-osx-x86_64-clang, r-devel-windows-ix86+x86_64