CRAN Package Check Results for Package geonames

Last updated on 2017-02-20 20:47:51.

Flavor Version Tinstall Tcheck Ttotal Status Flags
r-devel-linux-x86_64-debian-clang 0.998 0.73 11.13 11.86 NOTE
r-devel-linux-x86_64-debian-gcc 0.998 0.66 11.04 11.69 NOTE
r-devel-linux-x86_64-fedora-clang 0.998 18.92 NOTE --no-stop-on-test-error
r-devel-linux-x86_64-fedora-gcc 0.998 18.22 NOTE --no-stop-on-test-error
r-devel-macos-x86_64-clang 0.998 18.11 NOTE --no-stop-on-test-error
r-devel-windows-ix86+x86_64 0.998 2.00 39.00 41.00 NOTE
r-patched-linux-x86_64 0.998 0.74 9.59 10.34 NOTE
r-patched-solaris-sparc 0.998 109.50 NOTE
r-patched-solaris-x86 0.998 24.00 NOTE
r-release-linux-x86_64 0.998 0.61 9.28 9.89 NOTE
r-release-osx-x86_64-mavericks 0.998 NOTE
r-release-windows-ix86+x86_64 0.998 3.00 27.00 30.00 NOTE
r-oldrel-windows-ix86+x86_64 0.998 3.00 22.00 25.00 NOTE

Check Details

Version: 0.998
Check: DESCRIPTION meta-information
Result: NOTE
    Malformed Description field: should contain one or more complete sentences.
Flavors: r-devel-linux-x86_64-debian-clang, r-devel-linux-x86_64-debian-gcc, r-devel-windows-ix86+x86_64, r-patched-linux-x86_64, r-patched-solaris-sparc, r-patched-solaris-x86, r-release-linux-x86_64, r-release-osx-x86_64-mavericks, r-release-windows-ix86+x86_64, r-oldrel-windows-ix86+x86_64

Version: 0.998
Check: R code for possible problems
Result: NOTE
    getJson: no visible global function definition for ‘URLencode’
    Undefined global functions or variables:
     URLencode
    Consider adding
     importFrom("utils", "URLencode")
    to your NAMESPACE file.
Flavors: r-devel-linux-x86_64-debian-clang, r-devel-linux-x86_64-debian-gcc, r-devel-windows-ix86+x86_64, r-patched-linux-x86_64, r-patched-solaris-sparc, r-patched-solaris-x86, r-release-linux-x86_64, r-release-osx-x86_64-mavericks, r-release-windows-ix86+x86_64

Version: 0.998
Flags: --no-stop-on-test-error
Check: DESCRIPTION meta-information
Result: NOTE
    Malformed Description field: should contain one or more complete sentences.
Flavors: r-devel-linux-x86_64-fedora-clang, r-devel-linux-x86_64-fedora-gcc, r-devel-macos-x86_64-clang

Version: 0.998
Flags: --no-stop-on-test-error
Check: R code for possible problems
Result: NOTE
    getJson: no visible global function definition for ‘URLencode’
    Undefined global functions or variables:
     URLencode
    Consider adding
     importFrom("utils", "URLencode")
    to your NAMESPACE file.
Flavors: r-devel-linux-x86_64-fedora-clang, r-devel-linux-x86_64-fedora-gcc, r-devel-macos-x86_64-clang