CRAN Package Check Results for Package geophys

Last updated on 2015-08-05 06:47:42.

Flavor Version Tinstall Tcheck Ttotal Status Flags
r-devel-linux-x86_64-debian-clang 1.3-8 2.38 37.34 39.72 NOTE
r-devel-linux-x86_64-debian-gcc 1.3-8 2.50 36.32 38.82 NOTE
r-devel-linux-x86_64-fedora-clang 1.3-8 77.95 NOTE
r-devel-linux-x86_64-fedora-gcc 1.3-8 72.34 NOTE
r-devel-osx-x86_64-clang 1.3-8 66.50 OK
r-devel-windows-ix86+x86_64 1.3-8 15.00 89.00 104.00 NOTE
r-patched-linux-x86_64 1.3-8 2.28 35.32 37.60 OK
r-patched-solaris-sparc 1.3-8 477.20 OK
r-patched-solaris-x86 1.3-8 95.00 OK
r-release-linux-x86_64 1.3-8 2.28 37.22 39.49 OK
r-release-osx-x86_64-mavericks 1.3-8 OK
r-release-windows-ix86+x86_64 1.3-8 14.00 63.00 77.00 OK
r-oldrel-windows-ix86+x86_64 1.3-8 19.00 93.00 112.00 OK

Check Details

Version: 1.3-8
Check: R code for possible problems
Result: NOTE
    BMOD: no visible global function definition for ‘plot’
    BMOD: no visible global function definition for ‘grid’
    BMOD: no visible global function definition for ‘title’
    BMOD: no visible global function definition for ‘rect’
    BMOD: no visible global function definition for ‘polygon’
    BMOD: no visible global function definition for ‘text’
    BMOD: no visible global function definition for ‘grey’
    BMOD: no visible global function definition for ‘axis’
    BMOD: no visible global function definition for ‘segments’
    BMOD: no visible global function definition for ‘lines’
    BMOD: no visible global function definition for ‘points’
    DO.DYKE: no visible global function definition for ‘matplot’
    DO.DYKE: no visible global function definition for ‘grid’
    DO.DYKE: no visible global function definition for ‘text’
    DoMohr: no visible global function definition for ‘plot’
    DoMohr: no visible global function definition for ‘grid’
    DoMohr: no visible global function definition for ‘grey’
    DoMohr: no visible global function definition for ‘abline’
    DoMohr: no visible global function definition for ‘lines’
    DoMohr: no visible global function definition for ‘points’
    DoMohr: no visible global function definition for ‘text’
    DoMohr: no visible global function definition for ‘segments’
    DoMohr: no visible global function definition for ‘par’
    DoMohr: no visible global function definition for ‘mtext’
    DoMohr: no visible global function definition for ‘polygon’
    DoMohrFig1: no visible global function definition for ‘plot’
    DoMohrFig1: no visible global function definition for ‘abline’
    DoMohrFig1: no visible global function definition for ‘lines’
    DoMohrFig1: no visible global function definition for ‘points’
    DoMohrFig1: no visible global function definition for ‘par’
    DoMohrFig1: no visible global function definition for ‘segments’
    DoMohrFig1: no visible global function definition for ‘arrows’
    DoMohrFig1: no visible global function definition for ‘text’
    ModelG: no visible global function definition for ‘grey’
    ModelG: no visible global function definition for ‘rgb’
    ModelG : replot: no visible global function definition for ‘plot’
    ModelG : replot: no visible global function definition for ‘grid’
    ModelG : replot: no visible global function definition for ‘polygon’
    ModelG : replot: no visible global function definition for ‘points’
    ModelG : replot: no visible global function definition for ‘rect’
    ModelG : replot: no visible global function definition for ‘text’
    ModelG: no visible global function definition for ‘locator’
    ModelG: no visible global function definition for ‘title’
    ModelG: no visible global function definition for ‘dev.cur’
    ModelG: no visible global function definition for ‘dev.new’
    ModelG: no visible global function definition for ‘dev.set’
    NinePointCircle: no visible global function definition for ‘plot’
    NinePointCircle: no visible global function definition for ‘points’
    NinePointCircle: no visible global function definition for ‘text’
    NinePointCircle: no visible global function definition for ‘lines’
    NinePointCircle: no visible global function definition for ‘arrows’
    NinePointCircle: no visible global function definition for ‘segments’
    PLOTbox: no visible global function definition for ‘segments’
    PLOTbox: no visible global function definition for ‘text’
    PLOTplane: no visible global function definition for ‘points’
    PLOTplane: no visible global function definition for ‘segments’
    REplane: no visible global function definition for ‘points’
    Showfry: no visible global function definition for ‘plot’
    Showfry: no visible global function definition for ‘lines’
    Showfry: no visible global function definition for ‘points’
    TriangleCenter: no visible global function definition for ‘dev.set’
    TriangleCenter: no visible global function definition for ‘dev.next’
    TriangleCenter: no visible global function definition for ‘plot’
    TriangleCenter: no visible global function definition for ‘text’
    TriangleCenter: no visible global function definition for ‘arrows’
    TriangleCenter: no visible global function definition for ‘dev.prev’
    TriangleInfo: no visible global function definition for ‘points’
    TriangleInfo: no visible global function definition for ‘arrows’
    TriangleInfo: no visible global function definition for ‘lines’
    annotatebox: no visible global function definition for ‘points’
    annotatebox: no visible global function definition for ‘text’
    annotateplane: no visible global function definition for ‘points’
    annotateplane: no visible global function definition for ‘text’
    desh: no visible global function definition for ‘grey’
    desh: no visible global function definition for ‘plot’
    desh: no visible global function definition for ‘points’
    desh: no visible global function definition for ‘segments’
    dofry: no visible global function definition for ‘plot’
    dofry: no visible global function definition for ‘points’
    draw.brachiopod: no visible global function definition for ‘polygon’
    draw.brachiopod: no visible global function definition for ‘segments’
    elipfit: no visible global function definition for ‘plot’
    elipfit: no visible global function definition for ‘lines’
    erf: no visible global function definition for ‘pnorm’
    erfinv: no visible global function definition for ‘qnorm’
    heat.sol: no visible global function definition for ‘plot’
    heat.sol: no visible global function definition for ‘abline’
    heat.sol: no visible global function definition for ‘title’
    heat.sol: no visible global function definition for ‘locator’
    labelLine: no visible global function definition for ‘strwidth’
    labelLine: no visible global function definition for ‘strheight’
    labelLine: no visible global function definition for ‘par’
    labelLine: no visible global function definition for ‘segments’
    labelLine: no visible global function definition for ‘arrows’
    labelLine: no visible global function definition for ‘text’
    mohrleg: no visible global function definition for ‘par’
    mohrleg: no visible global function definition for ‘mtext’
    perpproj: no visible global function definition for ‘points’
    plotfry: no visible global function definition for ‘grey’
    plotfry: no visible global function definition for ‘plot’
    plotfry: no visible global function definition for ‘points’
    pstart: no visible global function definition for ‘plot’
    randFRY: no visible global function definition for ‘runif’
    randFRY: no visible global function definition for ‘plot’
    randpoles: no visible global function definition for ‘runif’
    randpoles: no visible global function definition for ‘rnorm’
    randpoles: no visible global function definition for ‘points’
    stress: no visible global function definition for ‘dev.list’
    stress: no visible global function definition for ‘dev.new’
    stress: no visible global function definition for ‘dev.cur’
    stress: no visible global function definition for ‘dev.next’
    stress: no visible global function definition for ‘dev.set’
    stress: no visible global function definition for ‘dev.prev’
    stress : replot: no visible global function definition for ‘dev.set’
    stress : replot: no visible global function definition for ‘par’
    stress : replot: no visible global function definition for ‘strheight’
    stress : replot: no visible global function definition for ‘text’
    stress : replot: no visible global function definition for ‘points’
    stress: no visible global function definition for ‘par’
    stress: no visible global function definition for ‘strheight’
    stress: no visible global function definition for ‘locator’
    stress: no visible global function definition for ‘points’
    stress: no visible global function definition for ‘grey’
    stress: no visible global function definition for ‘title’
    stress: no visible global function definition for ‘arrows’
    stress: no visible global function definition for ‘text’
    stress: no visible global function definition for ‘lines’
    stress: no visible global function definition for ‘rainbow’
    stress: no visible global function definition for ‘segments’
    stress: no visible global function definition for ‘plot’
    stress: no visible global function definition for ‘abline’
    xtractlip: no visible global function definition for ‘median’
    Undefined global functions or variables:
     abline arrows axis dev.cur dev.list dev.new dev.next dev.prev dev.set
     grey grid lines locator matplot median mtext par plot pnorm points
     polygon qnorm rainbow rect rgb rnorm runif segments strheight
     strwidth text title
    Consider adding
     importFrom("grDevices", "dev.cur", "dev.list", "dev.new", "dev.next",
     "dev.prev", "dev.set", "grey", "rainbow", "rgb")
     importFrom("graphics", "abline", "arrows", "axis", "grid", "lines",
     "locator", "matplot", "mtext", "par", "plot", "points",
     "polygon", "rect", "segments", "strheight", "strwidth",
     "text", "title")
     importFrom("stats", "median", "pnorm", "qnorm", "rnorm", "runif")
    to your NAMESPACE.
Flavors: r-devel-linux-x86_64-debian-clang, r-devel-linux-x86_64-debian-gcc, r-devel-linux-x86_64-fedora-clang, r-devel-linux-x86_64-fedora-gcc, r-devel-windows-ix86+x86_64