CRAN Package Check Results for Package geophys

Last updated on 2015-04-21 15:50:11.

Flavor Version Tinstall Tcheck Ttotal Status Flags
r-devel-linux-x86_64-debian-clang 1.3-6 1.59 29.41 31.00 NOTE
r-devel-linux-x86_64-debian-gcc 1.3-6 1.55 28.44 29.99 NOTE
r-devel-linux-x86_64-fedora-clang 1.3-6 58.70 NOTE
r-devel-linux-x86_64-fedora-gcc 1.3-6 55.22 NOTE
r-devel-osx-x86_64-clang 1.3-6 52.90 NOTE
r-devel-windows-ix86+x86_64 1.3-6 5.00 40.00 45.00 NOTE
r-patched-linux-x86_64 1.3-6 1.54 28.12 29.66 NOTE
r-patched-solaris-sparc 1.3-6 359.10 NOTE
r-patched-solaris-x86 1.3-6 71.50 NOTE
r-release-linux-x86_64 1.3-6 1.52 28.29 29.80 NOTE
r-release-osx-x86_64-mavericks 1.3-6 NOTE
r-release-osx-x86_64-snowleopard 1.3-6 OK
r-release-windows-ix86+x86_64 1.3-6 4.00 39.00 43.00 NOTE
r-oldrel-windows-ix86+x86_64 1.3-6 8.00 69.00 77.00 OK

Check Details

Version: 1.3-6
Check: DESCRIPTION meta-information
Result: NOTE
    Malformed Description field: should contain one or more complete sentences.
Flavors: r-devel-linux-x86_64-debian-clang, r-devel-linux-x86_64-debian-gcc, r-devel-linux-x86_64-fedora-clang, r-devel-linux-x86_64-fedora-gcc, r-devel-osx-x86_64-clang, r-devel-windows-ix86+x86_64, r-patched-linux-x86_64, r-patched-solaris-sparc, r-patched-solaris-x86, r-release-linux-x86_64, r-release-osx-x86_64-mavericks, r-release-windows-ix86+x86_64