CRAN Package Check Results for Package geophys

Last updated on 2015-03-01 03:48:35.

Flavor Version Tinstall Tcheck Ttotal Status Flags
r-devel-linux-x86_64-debian-clang 1.3-6 1.59 30.34 31.93 NOTE
r-devel-linux-x86_64-debian-gcc 1.3-6 1.55 28.48 30.02 NOTE
r-devel-linux-x86_64-fedora-clang 1.3-6 60.60 NOTE
r-devel-linux-x86_64-fedora-gcc 1.3-6 56.90 NOTE
r-devel-osx-x86_64-clang 1.3-6 54.72 NOTE
r-devel-windows-ix86+x86_64 1.3-6 12.00 44.00 56.00 NOTE
r-patched-linux-x86_64 1.3-6 2.28 36.06 38.34 OK
r-patched-solaris-sparc 1.3-6 422.10 OK
r-patched-solaris-x86 1.3-6 91.40 OK
r-release-linux-ix86 1.3-6 2.77 45.24 48.02 OK
r-release-linux-x86_64 1.3-6 2.30 35.72 38.02 OK
r-release-osx-x86_64-mavericks 1.3-6 OK
r-release-osx-x86_64-snowleopard 1.3-6 OK
r-release-windows-ix86+x86_64 1.3-6 9.00 60.00 69.00 OK
r-oldrel-windows-ix86+x86_64 1.3-6 9.00 62.00 71.00 OK

Check Details

Version: 1.3-6
Check: DESCRIPTION meta-information
Result: NOTE
    Malformed Description field: should contain one or more complete sentences.
Flavors: r-devel-linux-x86_64-debian-clang, r-devel-linux-x86_64-debian-gcc, r-devel-linux-x86_64-fedora-clang, r-devel-linux-x86_64-fedora-gcc, r-devel-osx-x86_64-clang, r-devel-windows-ix86+x86_64