CRAN Package Check Results for Package georob

Last updated on 2016-12-09 17:53:59.

Flavor Version Tinstall Tcheck Ttotal Status Flags
r-devel-linux-x86_64-debian-clang 0.3-2 5.05 129.54 134.59 OK
r-devel-linux-x86_64-debian-gcc 0.3-2 5.37 128.41 133.78 OK
r-devel-linux-x86_64-fedora-clang 0.3-2 280.06 OK --no-stop-on-test-error
r-devel-linux-x86_64-fedora-gcc 0.3-2 277.48 OK --no-stop-on-test-error
r-devel-macos-x86_64-clang 0.3-2 181.53 OK --no-stop-on-test-error
r-devel-windows-ix86+x86_64 0.3-2 13.00 240.00 253.00 OK
r-patched-linux-x86_64 0.3-2 5.18 114.21 119.39 OK
r-patched-solaris-sparc 0.3-2 16.60 ERROR
r-patched-solaris-x86 0.3-2 3.40 ERROR
r-release-linux-x86_64 0.3-2 5.24 114.97 120.21 OK
r-release-osx-x86_64-mavericks 0.3-2 OK
r-release-windows-ix86+x86_64 0.3-2 13.00 153.00 166.00 OK
r-oldrel-windows-ix86+x86_64 0.3-2 19.00 269.00 288.00 OK

Check Details

Version: 0.3-2
Check: package dependencies
Result: ERROR
    Packages required but not available: ‘constrainedKriging’ ‘RandomFields’
    
    Package suggested but not available for checking: ‘geoR’
    
    See section ‘The DESCRIPTION file’ in the ‘Writing R Extensions’
    manual.
Flavors: r-patched-solaris-sparc, r-patched-solaris-x86