CRAN Package Check Results for Package georob

Last updated on 2015-06-30 04:46:34.

Flavor Version Tinstall Tcheck Ttotal Status Flags
r-devel-linux-x86_64-debian-clang 0.1-5 2.30 40.57 42.87 NOTE
r-devel-linux-x86_64-debian-gcc 0.1-5 2.15 39.55 41.70 NOTE
r-devel-linux-x86_64-fedora-clang 0.1-5 83.22 OK
r-devel-linux-x86_64-fedora-gcc 0.1-5 76.34 OK
r-devel-osx-x86_64-clang 0.1-5 75.95 OK
r-devel-windows-ix86+x86_64 0.1-5 7.00 54.00 61.00 NOTE
r-patched-linux-x86_64 0.1-5 2.53 40.36 42.89 OK
r-patched-solaris-sparc 0.1-5 512.20 OK
r-patched-solaris-x86 0.1-5 106.10 OK
r-release-linux-x86_64 0.1-5 2.16 39.87 42.04 OK
r-release-osx-x86_64-mavericks 0.1-5 OK
r-release-windows-ix86+x86_64 0.1-5 10.00 54.00 64.00 OK
r-oldrel-windows-ix86+x86_64 0.1-5 11.00 84.00 95.00 OK

Check Details

Version: 0.1-5
Check: R code for possible problems
Result: NOTE
    georob.fit: no visible global function definition for ‘combn’
    lgnpp: no visible global function definition for ‘slot’
    lines.fitted.variogram: no visible global function definition for ‘par’
    lines.fitted.variogram : <anonymous>: no visible global function
     definition for ‘lines’
    lines.georob: no visible global function definition for ‘par’
    lines.georob : <anonymous>: no visible global function definition for
     ‘lines’
    plot.cv.georob: no visible global function definition for ‘points’
    plot.cv.georob: no visible global function definition for ‘hist’
    plot.cv.georob: no visible global function definition for ‘matplot’
    plot.cv.georob: no visible global function definition for ‘par’
    plot.cv.georob: no visible global function definition for ‘axis’
    plot.cv.georob: no visible global function definition for ‘legend’
    plot.cv.georob: no visible global function definition for ‘lines’
    plot.georob: no visible global function definition for ‘lines’
    plot.sample.variogram : <anonymous>: no visible global function
     definition for ‘points’
    predict.georob : f.robust.uk: no visible global function definition for
     ‘combn’
    predict.georob: no visible global function definition for ‘slot’
    sample.variogram: no visible global function definition for ‘combn’
Flavors: r-devel-linux-x86_64-debian-clang, r-devel-linux-x86_64-debian-gcc, r-devel-windows-ix86+x86_64