CRAN Package Check Results for Package georob

Last updated on 2015-09-02 05:47:08.

Flavor Version Tinstall Tcheck Ttotal Status Flags
r-devel-linux-x86_64-debian-clang 0.1-5 4.28 59.25 63.53 NOTE
r-devel-linux-x86_64-debian-gcc 0.1-5 4.16 57.86 62.03 NOTE
r-devel-linux-x86_64-fedora-clang 0.1-5 130.07 NOTE
r-devel-linux-x86_64-fedora-gcc 0.1-5 121.69 NOTE
r-devel-osx-x86_64-clang 0.1-5 106.07 OK
r-devel-windows-ix86+x86_64 0.1-5 15.00 100.00 115.00 NOTE
r-patched-linux-x86_64 0.1-5 5.98 62.47 68.45 OK
r-patched-solaris-sparc 0.1-5 521.80 OK
r-patched-solaris-x86 0.1-5 109.30 OK
r-release-linux-x86_64 0.1-5 4.26 61.70 65.96 OK
r-release-osx-x86_64-mavericks 0.1-5 OK
r-release-windows-ix86+x86_64 0.1-5 17.00 93.00 110.00 OK
r-oldrel-windows-ix86+x86_64 0.1-5 26.00 124.00 150.00 OK

Check Details

Version: 0.1-5
Check: R code for possible problems
Result: NOTE
    georob.fit: no visible global function definition for ‘combn’
    lgnpp: no visible global function definition for ‘slot’
    lines.fitted.variogram: no visible global function definition for ‘par’
    lines.fitted.variogram : <anonymous>: no visible global function
     definition for ‘lines’
    lines.georob: no visible global function definition for ‘par’
    lines.georob : <anonymous>: no visible global function definition for
     ‘lines’
    plot.cv.georob: no visible global function definition for ‘points’
    plot.cv.georob: no visible global function definition for ‘hist’
    plot.cv.georob: no visible global function definition for ‘matplot’
    plot.cv.georob: no visible global function definition for ‘par’
    plot.cv.georob: no visible global function definition for ‘axis’
    plot.cv.georob: no visible global function definition for ‘legend’
    plot.cv.georob: no visible global function definition for ‘lines’
    plot.georob: no visible global function definition for ‘lines’
    plot.sample.variogram : <anonymous>: no visible global function
     definition for ‘points’
    predict.georob : f.robust.uk: no visible global function definition for
     ‘combn’
    predict.georob: no visible global function definition for ‘slot’
    sample.variogram: no visible global function definition for ‘combn’
    Undefined global functions or variables:
     axis combn hist legend lines matplot par points slot
    Consider adding
     importFrom("graphics", "axis", "hist", "legend", "lines", "matplot",
     "par", "points")
     importFrom("methods", "slot")
     importFrom("utils", "combn")
    to your NAMESPACE (and ensure that your DESCRIPTION Imports field
    contains 'methods').
Flavors: r-devel-linux-x86_64-debian-clang, r-devel-linux-x86_64-debian-gcc, r-devel-linux-x86_64-fedora-clang, r-devel-linux-x86_64-fedora-gcc, r-devel-windows-ix86+x86_64