CRAN Package Check Results for Package georob

Last updated on 2017-01-22 16:48:35.

Flavor Version Tinstall Tcheck Ttotal Status Flags
r-devel-linux-x86_64-debian-clang 0.3-2 5.24 129.47 134.70 OK
r-devel-linux-x86_64-debian-gcc 0.3-2 5.20 129.93 135.14 OK
r-devel-linux-x86_64-fedora-clang 0.3-2 267.16 OK --no-stop-on-test-error
r-devel-linux-x86_64-fedora-gcc 0.3-2 251.27 OK --no-stop-on-test-error
r-devel-macos-x86_64-clang 0.3-2 182.93 OK --no-stop-on-test-error
r-devel-windows-ix86+x86_64 0.3-2 14.00 196.00 210.00 OK
r-patched-linux-x86_64 0.3-2 5.74 117.31 123.05 OK
r-patched-solaris-sparc 0.3-2 19.20 ERROR
r-patched-solaris-x86 0.3-2 3.40 ERROR
r-release-linux-x86_64 0.3-2 5.29 115.20 120.49 OK
r-release-osx-x86_64-mavericks 0.3-2 OK
r-release-windows-ix86+x86_64 0.3-2 26.00 219.00 245.00 OK
r-oldrel-windows-ix86+x86_64 0.3-2 29.00 365.00 394.00 OK

Check Details

Version: 0.3-2
Check: package dependencies
Result: ERROR
    Packages required but not available: ‘constrainedKriging’ ‘RandomFields’
    
    Package suggested but not available for checking: ‘geoR’
    
    See section ‘The DESCRIPTION file’ in the ‘Writing R Extensions’
    manual.
Flavors: r-patched-solaris-sparc, r-patched-solaris-x86