CRAN Package Check Results for Package georob

Last updated on 2014-12-21 11:46:34.

Flavor Version Tinstall Tcheck Ttotal Status Flags
r-devel-linux-x86_64-debian-clang 0.1-5 4.63 65.03 69.66 OK
r-devel-linux-x86_64-debian-gcc 0.1-5 4.46 63.44 67.90 OK
r-devel-linux-x86_64-fedora-clang 0.1-5 145.23 OK
r-devel-linux-x86_64-fedora-gcc 0.1-5 131.03 OK
r-devel-osx-x86_64-clang 0.1-5 133.84 OK
r-devel-windows-ix86+x86_64 0.1-5 26.00 95.00 121.00 OK
r-patched-linux-x86_64 0.1-5 4.78 67.66 72.44 OK
r-patched-solaris-sparc 0.1-5 550.40 OK
r-patched-solaris-x86 0.1-5 195.40 OK
r-release-linux-ix86 0.1-5 5.63 80.85 86.48 OK
r-release-linux-x86_64 0.1-5 4.85 68.23 73.08 OK
r-release-osx-x86_64-mavericks 0.1-5 ERROR
r-release-osx-x86_64-snowleopard 0.1-5 OK
r-release-windows-ix86+x86_64 0.1-5 21.00 109.00 130.00 OK
r-oldrel-windows-ix86+x86_64 0.1-5 20.00 121.00 141.00 OK

Check Details

Version: 0.1-5
Check: package dependencies
Result: ERROR
    Package required but not available: ‘constrainedKriging’
    
    See the information on DESCRIPTION files in the chapter ‘Creating R
    packages’ of the ‘Writing R Extensions’ manual.
Flavor: r-release-osx-x86_64-mavericks