CRAN Package Check Results for Package georob

Last updated on 2017-02-27 11:48:25.

Flavor Version Tinstall Tcheck Ttotal Status Flags
r-devel-linux-x86_64-debian-clang 0.3-3 5.04 128.25 133.28 OK
r-devel-linux-x86_64-debian-gcc 0.3-3 5.07 127.37 132.44 OK
r-devel-linux-x86_64-fedora-clang 0.3-3 268.95 OK --no-stop-on-test-error
r-devel-linux-x86_64-fedora-gcc 0.3-3 262.07 OK --no-stop-on-test-error
r-devel-macos-x86_64-clang 0.3-3 185.90 OK --no-stop-on-test-error
r-devel-windows-ix86+x86_64 0.3-3 25.00 314.00 339.00 OK
r-patched-linux-x86_64 0.3-3 5.40 118.92 124.32 OK
r-patched-solaris-sparc 0.3-3 16.70 ERROR
r-patched-solaris-x86 0.3-3 3.40 ERROR
r-release-linux-x86_64 0.3-3 5.03 116.36 121.39 OK
r-release-osx-x86_64-mavericks 0.3-3 OK
r-release-windows-ix86+x86_64 0.3-3 25.00 303.00 328.00 OK
r-oldrel-windows-ix86+x86_64 0.3-3 20.00 277.00 297.00 OK

Check Details

Version: 0.3-3
Check: package dependencies
Result: ERROR
    Packages required but not available: ‘constrainedKriging’ ‘RandomFields’
    
    Package suggested but not available for checking: ‘geoR’
    
    See section ‘The DESCRIPTION file’ in the ‘Writing R Extensions’
    manual.
Flavors: r-patched-solaris-sparc, r-patched-solaris-x86