CRAN Package Check Results for Package georob

Last updated on 2017-04-24 18:47:18.

Flavor Version Tinstall Tcheck Ttotal Status Flags
r-devel-linux-x86_64-debian-clang 0.3-3 5.41 127.46 132.87 OK
r-devel-linux-x86_64-debian-gcc 0.3-3 5.29 125.37 130.66 OK
r-devel-linux-x86_64-fedora-clang 0.3-3 273.53 OK --no-stop-on-test-error
r-devel-linux-x86_64-fedora-gcc 0.3-3 268.47 OK --no-stop-on-test-error
r-devel-windows-ix86+x86_64 0.3-3 OK
r-patched-linux-x86_64 0.3-3 5.24 126.73 131.98 OK
r-patched-solaris-sparc 0.3-3 17.70 ERROR
r-patched-solaris-x86 0.3-3 3.90 ERROR
r-release-linux-x86_64 0.3-3 5.14 127.99 133.13 OK
r-release-windows-ix86+x86_64 0.3-3 14.00 191.00 205.00 OK
r-release-osx-x86_64 0.3-3 OK
r-oldrel-windows-ix86+x86_64 0.3-3 12.00 154.00 166.00 OK
r-oldrel-osx-x86_64 0.3-3 OK

Check Details

Version: 0.3-3
Check: package dependencies
Result: ERROR
    Packages required but not available: ‘constrainedKriging’ ‘RandomFields’
    
    Package suggested but not available for checking: ‘geoR’
    
    See section ‘The DESCRIPTION file’ in the ‘Writing R Extensions’
    manual.
Flavors: r-patched-solaris-sparc, r-patched-solaris-x86