CRAN Package Check Results for Package georob

Last updated on 2014-08-23 11:50:44.

Flavor Version Tinstall Tcheck Ttotal Status Flags
r-devel-linux-x86_64-debian-clang 0.1-4 2.68 45.17 47.85 OK
r-devel-linux-x86_64-debian-gcc 0.1-4 2.78 44.97 47.76 OK
r-devel-linux-x86_64-fedora-clang 0.1-4 102.02 OK
r-devel-linux-x86_64-fedora-gcc 0.1-4 97.57 OK
r-devel-osx-x86_64-clang 0.1-4 84.52 OK
r-devel-windows-ix86+x86_64 0.1-4 10.00 66.00 76.00 OK
r-patched-linux-x86_64 0.1-4 2.76 47.42 50.18 OK
r-patched-solaris-sparc 0.1-4 582.00 OK
r-patched-solaris-x86 0.1-4 127.90 OK
r-release-linux-ix86 0.1-4 3.51 58.14 61.65 OK
r-release-linux-x86_64 0.1-4 2.76 47.10 49.86 OK
r-release-osx-x86_64-mavericks 0.1-4 ERROR
r-release-osx-x86_64-snowleopard 0.1-4 OK
r-release-windows-ix86+x86_64 0.1-4 10.00 75.00 85.00 OK
r-oldrel-windows-ix86+x86_64 0.1-4 8.00 72.00 80.00 OK

Check Details

Version: 0.1-4
Check: package dependencies
Result: ERROR
    Package required but not available: ‘constrainedKriging’
    
    See the information on DESCRIPTION files in the chapter ‘Creating R
    packages’ of the ‘Writing R Extensions’ manual.
Flavor: r-release-osx-x86_64-mavericks