CRAN Package Check Results for Package georob

Last updated on 2014-10-23 05:46:42.

Flavor Version Tinstall Tcheck Ttotal Status Flags
r-devel-linux-x86_64-debian-clang 0.1-5 4.84 65.63 70.47 OK
r-devel-linux-x86_64-debian-gcc 0.1-5 4.73 64.68 69.41 OK
r-devel-linux-x86_64-fedora-clang 0.1-5 146.22 OK
r-devel-linux-x86_64-fedora-gcc 0.1-5 137.12 OK
r-devel-osx-x86_64-clang 0.1-5 133.83 OK
r-devel-windows-ix86+x86_64 0.1-5 19.00 98.00 117.00 OK
r-patched-linux-x86_64 0.1-5 4.74 67.30 72.04 OK
r-patched-solaris-sparc 0.1-5 550.40 OK
r-patched-solaris-x86 0.1-5 194.30 OK
r-release-linux-ix86 0.1-5 5.94 84.89 90.83 OK
r-release-linux-x86_64 0.1-5 4.76 67.94 72.70 OK
r-release-osx-x86_64-mavericks 0.1-5 ERROR
r-release-osx-x86_64-snowleopard 0.1-5 OK
r-release-windows-ix86+x86_64 0.1-5 23.00 104.00 127.00 OK
r-oldrel-windows-ix86+x86_64 0.1-5 22.00 105.00 127.00 OK

Check Details

Version: 0.1-5
Check: package dependencies
Result: ERROR
    Package required but not available: ‘constrainedKriging’
    
    See the information on DESCRIPTION files in the chapter ‘Creating R
    packages’ of the ‘Writing R Extensions’ manual.
Flavor: r-release-osx-x86_64-mavericks