CRAN Package Check Results for Package georob

Last updated on 2015-03-01 08:48:51.

Flavor Version Tinstall Tcheck Ttotal Status Flags
r-devel-linux-x86_64-debian-clang 0.1-5 2.37 42.37 44.74 OK
r-devel-linux-x86_64-debian-gcc 0.1-5 2.73 39.56 42.28 OK
r-devel-linux-x86_64-fedora-clang 0.1-5 86.33 OK
r-devel-linux-x86_64-fedora-gcc 0.1-5 81.09 OK
r-devel-osx-x86_64-clang 0.1-5 76.65 OK
r-devel-windows-ix86+x86_64 0.1-5 12.00 59.00 71.00 OK
r-patched-linux-x86_64 0.1-5 3.04 50.76 53.79 OK
r-patched-solaris-sparc 0.1-5 635.10 OK
r-patched-solaris-x86 0.1-5 134.70 OK
r-release-linux-ix86 0.1-5 3.45 63.02 66.47 OK
r-release-linux-x86_64 0.1-5 2.88 49.58 52.45 OK
r-release-osx-x86_64-mavericks 0.1-5 ERROR
r-release-osx-x86_64-snowleopard 0.1-5 OK
r-release-windows-ix86+x86_64 0.1-5 10.00 71.00 81.00 OK
r-oldrel-windows-ix86+x86_64 0.1-5 12.00 77.00 89.00 OK

Check Details

Version: 0.1-5
Check: package dependencies
Result: ERROR
    Package required but not available: ‘constrainedKriging’
    
    See section ‘The DESCRIPTION file’ in the ‘Writing R Extensions’
    manual.
Flavor: r-release-osx-x86_64-mavericks