CRAN Package Check Results for Package georob

Last updated on 2016-09-30 15:47:15.

Flavor Version Tinstall Tcheck Ttotal Status Flags
r-devel-linux-x86_64-debian-clang 0.3-1 5.36 120.38 125.74 OK
r-devel-linux-x86_64-debian-gcc 0.3-1 5.02 117.76 122.78 OK
r-devel-linux-x86_64-fedora-clang 0.3-1 250.11 OK
r-devel-linux-x86_64-fedora-gcc 0.3-1 227.67 OK
r-devel-macos-x86_64-clang 0.3-1 161.62 OK
r-devel-windows-ix86+x86_64 0.3-1 20.00 211.00 231.00 OK
r-patched-linux-x86_64 0.3-1 5.30 117.10 122.39 OK
r-patched-solaris-sparc 0.3-1 17.20 ERROR
r-patched-solaris-x86 0.3-1 3.30 ERROR
r-release-linux-x86_64 0.3-1 5.14 116.01 121.15 OK
r-release-osx-x86_64-mavericks 0.3-1 OK
r-release-windows-ix86+x86_64 0.3-1 14.00 154.00 168.00 OK
r-oldrel-windows-ix86+x86_64 0.3-1 20.00 300.00 320.00 OK

Check Details

Version: 0.3-1
Check: package dependencies
Result: ERROR
    Packages required but not available: ‘constrainedKriging’ ‘RandomFields’
    
    Package suggested but not available for checking: ‘geoR’
    
    See section ‘The DESCRIPTION file’ in the ‘Writing R Extensions’
    manual.
Flavors: r-patched-solaris-sparc, r-patched-solaris-x86