CRAN Package Check Results for Package georob

Last updated on 2014-09-22 03:48:17.

Flavor Version Tinstall Tcheck Ttotal Status Flags
r-devel-linux-x86_64-debian-clang 0.1-5 3.00 45.36 48.35 OK
r-devel-linux-x86_64-debian-gcc 0.1-5 2.70 45.12 47.82 OK
r-devel-linux-x86_64-fedora-clang 0.1-5 103.30 OK
r-devel-linux-x86_64-fedora-gcc 0.1-5 94.34 OK
r-devel-osx-x86_64-clang 0.1-5 83.92 OK
r-devel-windows-ix86+x86_64 0.1-5 9.00 62.00 71.00 OK
r-patched-linux-x86_64 0.1-5 2.93 48.25 51.18 OK
r-patched-solaris-sparc 0.1-5 550.40 OK
r-patched-solaris-x86 0.1-5 133.00 OK
r-release-linux-ix86 0.1-5 4.00 60.02 64.03 OK
r-release-linux-x86_64 0.1-5 2.88 48.63 51.51 OK
r-release-osx-x86_64-mavericks 0.1-5 ERROR
r-release-osx-x86_64-snowleopard 0.1-5 OK
r-release-windows-ix86+x86_64 0.1-5 9.00 71.00 80.00 OK
r-oldrel-windows-ix86+x86_64 0.1-5 9.00 75.00 84.00 OK

Check Details

Version: 0.1-5
Check: package dependencies
Result: ERROR
    Package required but not available: ‘constrainedKriging’
    
    See the information on DESCRIPTION files in the chapter ‘Creating R
    packages’ of the ‘Writing R Extensions’ manual.
Flavor: r-release-osx-x86_64-mavericks