CRAN Package Check Results for Package georob

Last updated on 2016-06-25 08:46:40.

Flavor Version Tinstall Tcheck Ttotal Status Flags
r-devel-linux-x86_64-debian-gcc 0.2-3 5.91 63.53 69.45 OK
r-devel-linux-x86_64-fedora-clang 0.2-3 131.18 OK
r-devel-linux-x86_64-fedora-gcc 0.2-3 122.65 OK
r-devel-osx-x86_64-clang 0.2-3 1.42 ERROR
r-devel-windows-ix86+x86_64 0.2-3 15.00 138.00 153.00 OK
r-patched-linux-x86_64 0.2-3 4.84 63.96 68.80 OK
r-patched-solaris-sparc 0.2-3 790.10 OK
r-patched-solaris-x86 0.2-3 167.00 OK
r-release-linux-x86_64 0.2-3 4.56 64.98 69.54 OK
r-release-osx-x86_64-mavericks 0.2-3 OK
r-release-windows-ix86+x86_64 0.2-3 15.00 135.00 150.00 OK
r-oldrel-windows-ix86+x86_64 0.2-3 19.00 138.00 157.00 OK

Check Details

Version: 0.2-3
Check: package dependencies
Result: ERROR
    Packages required but not available: ‘constrainedKriging’ ‘RandomFields’
    
    Package suggested but not available for checking: ‘geoR’
    
    See section ‘The DESCRIPTION file’ in the ‘Writing R Extensions’
    manual.
Flavor: r-devel-osx-x86_64-clang