CRAN Package Check Results for Package georob

Last updated on 2014-07-24 19:49:03.

Flavor Version Tinstall Tcheck Ttotal Status Flags
r-devel-linux-x86_64-debian-clang 0.1-4 2.95 46.39 49.34 OK
r-devel-linux-x86_64-debian-gcc 0.1-4 2.87 45.72 48.59 OK
r-devel-linux-x86_64-fedora-clang 0.1-4 108.25 OK
r-devel-linux-x86_64-fedora-gcc 0.1-4 102.83 OK
r-devel-osx-x86_64-clang 0.1-4 84.64 OK
r-devel-windows-ix86+x86_64 0.1-4 8.00 71.00 79.00 OK
r-patched-linux-x86_64 0.1-4 2.71 45.87 48.58 OK
r-patched-solaris-sparc 0.1-4 536.90 OK
r-patched-solaris-x86 0.1-4 124.80 OK
r-release-linux-ix86 0.1-4 3.54 57.52 61.06 OK
r-release-linux-x86_64 0.1-4 3.06 46.40 49.46 OK
r-release-osx-x86_64-mavericks 0.1-4 ERROR
r-release-osx-x86_64-snowleopard 0.1-4 OK
r-release-windows-ix86+x86_64 0.1-4 7.00 67.00 74.00 OK
r-oldrel-windows-ix86+x86_64 0.1-4 8.00 71.00 79.00 OK

Check Details

Version: 0.1-4
Check: package dependencies
Result: ERROR
    Package required but not available: ‘constrainedKriging’
    
    See the information on DESCRIPTION files in the chapter ‘Creating R
    packages’ of the ‘Writing R Extensions’ manual.
Flavor: r-release-osx-x86_64-mavericks