CRAN Package Check Results for Package georob

Last updated on 2017-03-25 17:49:29.

Flavor Version Tinstall Tcheck Ttotal Status Flags
r-devel-linux-x86_64-debian-clang 0.3-3 5.08 129.64 134.72 OK
r-devel-linux-x86_64-debian-gcc 0.3-3 5.56 127.09 132.65 OK
r-devel-linux-x86_64-fedora-clang 0.3-3 278.47 OK --no-stop-on-test-error
r-devel-linux-x86_64-fedora-gcc 0.3-3 272.64 OK --no-stop-on-test-error
r-devel-macos-x86_64-clang 0.3-3 181.92 OK --no-stop-on-test-error
r-devel-windows-ix86+x86_64 0.3-3 14.00 173.00 187.00 OK
r-patched-linux-x86_64 0.3-3 5.32 128.78 134.09 OK
r-patched-solaris-sparc 0.3-3 18.30 ERROR
r-patched-solaris-x86 0.3-3 3.60 ERROR
r-release-linux-x86_64 0.3-3 5.20 115.57 120.77 OK
r-release-osx-x86_64-mavericks 0.3-3 OK
r-release-windows-ix86+x86_64 0.3-3 17.00 214.00 231.00 OK
r-oldrel-windows-ix86+x86_64 0.3-3 14.00 279.00 293.00 OK

Check Details

Version: 0.3-3
Check: package dependencies
Result: ERROR
    Packages required but not available: ‘constrainedKriging’ ‘RandomFields’
    
    Package suggested but not available for checking: ‘geoR’
    
    See section ‘The DESCRIPTION file’ in the ‘Writing R Extensions’
    manual.
Flavors: r-patched-solaris-sparc, r-patched-solaris-x86