CRAN Package Check Results for Package georob

Last updated on 2015-05-30 13:47:16.

Flavor Version Tinstall Tcheck Ttotal Status Flags
r-devel-linux-x86_64-debian-clang 0.1-5 2.34 41.07 43.41 OK
r-devel-linux-x86_64-debian-gcc 0.1-5 2.24 40.06 42.30 OK
r-devel-linux-x86_64-fedora-clang 0.1-5 87.80 OK
r-devel-linux-x86_64-fedora-gcc 0.1-5 77.24 OK
r-devel-osx-x86_64-clang 0.1-5 73.61 OK
r-devel-windows-ix86+x86_64 0.1-5 7.00 55.00 62.00 OK
r-patched-linux-x86_64 0.1-5 2.21 39.92 42.12 OK
r-patched-solaris-sparc 0.1-5 512.20 OK
r-patched-solaris-x86 0.1-5 106.90 OK
r-release-linux-x86_64 0.1-5 2.20 40.12 42.31 OK
r-release-osx-x86_64-mavericks 0.1-5 OK
r-release-osx-x86_64-snowleopard 0.1-5 ERROR
r-release-windows-ix86+x86_64 0.1-5 7.00 54.00 61.00 OK
r-oldrel-windows-ix86+x86_64 0.1-5 11.00 78.00 89.00 OK

Check Details

Version: 0.1-5
Check: package dependencies
Result: ERROR
    Packages required but not available:
     ‘constrainedKriging’ ‘lmtest’ ‘quantreg’
    
    See section ‘The DESCRIPTION file’ in the ‘Writing R Extensions’
    manual.
Flavor: r-release-osx-x86_64-snowleopard