Last updated on 2022-06-29 11:52:10 CEST.
Flavor | Version | Tinstall | Tcheck | Ttotal | Status | Flags |
---|---|---|---|---|---|---|
r-devel-linux-x86_64-debian-clang | 2.0.1 | 3.80 | 27.14 | 30.94 | OK | |
r-devel-linux-x86_64-debian-gcc | 2.0.1 | 2.37 | 21.40 | 23.77 | OK | |
r-devel-linux-x86_64-fedora-clang | 2.0.1 | 47.96 | OK | |||
r-devel-linux-x86_64-fedora-gcc | 2.0.1 | 47.42 | OK | |||
r-devel-windows-x86_64 | 2.0 | 21.00 | 64.00 | 85.00 | NOTE | |
r-patched-linux-x86_64 | 2.0.1 | 3.72 | 26.35 | 30.07 | OK | |
r-release-linux-x86_64 | 2.0.1 | 2.65 | 26.41 | 29.06 | OK | |
r-release-macos-arm64 | 2.0.1 | 16.00 | OK | |||
r-release-macos-x86_64 | 2.0.1 | 23.00 | OK | |||
r-release-windows-x86_64 | 2.0 | 9.00 | 53.00 | 62.00 | NOTE | |
r-oldrel-macos-arm64 | 2.0.1 | 13.00 | OK | |||
r-oldrel-macos-x86_64 | 2.0.1 | 22.00 | OK | |||
r-oldrel-windows-ix86+x86_64 | 2.0.1 | 6.00 | 44.00 | 50.00 | OK |
Version: 2.0
Check: R code for possible problems
Result: NOTE
geoscaleBox: no visible global function definition for 'boxplot'
geoscaleBox: no visible global function definition for 'par'
geoscaleBox: no visible global function definition for 'text'
geoscaleBox: no visible global function definition for 'segments'
geoscaleBox: no visible global function definition for 'rect'
geoscaleBox: no visible global function definition for 'rgb'
geoscaleBox: no visible global function definition for 'polygon'
geoscaleBox: no visible global function definition for 'points'
geoscaleBox: no visible global function definition for 'axis'
geoscalePlot: no visible global function definition for 'par'
geoscalePlot: no visible global function definition for 'text'
geoscalePlot: no visible global function definition for 'segments'
geoscalePlot: no visible global function definition for 'rect'
geoscalePlot: no visible global function definition for 'rgb'
geoscalePlot: no visible global function definition for 'points'
geoscalePlot: no visible global function definition for 'axis'
Undefined global functions or variables:
axis boxplot par points polygon rect rgb segments text
Consider adding
importFrom("grDevices", "rgb")
importFrom("graphics", "axis", "boxplot", "par", "points", "polygon",
"rect", "segments", "text")
to your NAMESPACE file.
Flavors: r-devel-windows-x86_64, r-release-windows-x86_64