CRAN Package Check Results for Package geosphere

Last updated on 2014-04-24 17:49:44.

Flavor Version Tinstall Tcheck Ttotal Status Flags
r-devel-linux-x86_64-debian-clang 1.3-8 1.78 32.48 34.25 OK
r-devel-linux-x86_64-debian-gcc 1.3-8 1.56 30.78 32.33 OK
r-devel-linux-x86_64-fedora-clang 1.3-8 67.78 OK
r-devel-linux-x86_64-fedora-gcc 1.3-8 66.45 OK
r-devel-osx-x86_64-clang 1.3-8 58.45 OK
r-devel-osx-x86_64-gcc 1.3-8 ERROR
r-devel-windows-ix86+x86_64 1.3-8 5.00 45.00 50.00 OK
r-patched-linux-x86_64 1.3-8 1.55 30.87 32.42 OK
r-patched-solaris-sparc 1.3-8 369.00 OK
r-patched-solaris-x86 1.3-8 87.10 OK
r-release-linux-ix86 1.3-8 3.00 55.00 58.00 OK
r-release-linux-x86_64 1.3-8 1.56 30.88 32.44 OK
r-release-osx-x86_64-mavericks 1.3-8 WARN
r-release-osx-x86_64-snowleopard 1.3-8 OK
r-release-windows-ix86+x86_64 1.3-8 5.00 47.00 52.00 OK
r-oldrel-windows-ix86+x86_64 1.3-8 5.00 46.00 51.00 OK

Check Details

Version: 1.3-8
Check: package dependencies
Result: NOTE
    Package suggested but not available for checking: ‘raster’
Flavor: r-devel-osx-x86_64-gcc

Version: 1.3-8
Check: R code for possible problems
Result: NOTE
    ..geomedian_ndcor: no visible global function definition for ‘isLonLat’
Flavor: r-devel-osx-x86_64-gcc

Version: 1.3-8
Check: examples
Result: ERROR
    Running examples in ‘geosphere-Ex.R’ failed
    The error most likely occurred in:
    
    > ### Name: span
    > ### Title: Span of polygons
    > ### Aliases: span span,SpatialPolygons-method span,matrix-method
    > ### Keywords: methods spatial
    >
    > ### ** Examples
    >
    > pol <- rbind(c(-180,-20), c(-160,5), c(-60, 0), c(-160,-60), c(-180,-20))
    > plot(pol)
    > lines(pol)
    > # lon and lat span in m
    > span(pol, fun=max)
    Loading required package: raster
    Warning in library(package, lib.loc = lib.loc, character.only = TRUE, logical.return = TRUE, :
     there is no package called ‘raster’
    Error in .local(x, ...) :
     you need to install the "raster" package to use this function
    Calls: span -> span -> .local -> span -> span -> .local
    Execution halted
Flavor: r-devel-osx-x86_64-gcc

Version: 1.3-8
Check: re-building of vignette outputs
Result: NOTE
    Error in re-building vignettes:
     ...
    Loading required package: sp
    Loading required package: raster
    Error in texi2dvi(file = file, pdf = TRUE, clean = clean, quiet = quiet, :
     Running 'texi2dvi' on 'geosphere.tex' failed.
    LaTeX errors:
    ! LaTeX Error: File `hanging.sty' not found.
    
    Type X to quit or <RETURN> to proceed,
    or enter new name. (Default extension: sty)
    
    gn_test/geosphere/vignettes/geosphere.tex:10: ==> Fatal error occurred, no out
    put PDF file produced!
    Calls: buildVignettes -> texi2pdf -> texi2dvi
    Execution halted
Flavor: r-release-osx-x86_64-mavericks

Version: 1.3-8
Check: PDF version of manual
Result: WARNING
    LaTeX errors when creating PDF version.
    This typically indicates Rd problems.
    LaTeX errors found:
    ! LaTeX Error: File `upquote.sty' not found.
    
    Type X to quit or <RETURN> to proceed,
    or enter new name. (Default extension: sty)
    
    3418983/Rd2.tex:8: ==> Fatal error occurred, no output PDF file produced!
Flavor: r-release-osx-x86_64-mavericks