CRAN Package Check Results for Package geosphere

Last updated on 2014-07-25 12:47:32.

Flavor Version Tinstall Tcheck Ttotal Status Flags
r-devel-linux-x86_64-debian-clang 1.3-8 1.53 29.32 30.86 OK
r-devel-linux-x86_64-debian-gcc 1.3-8 1.47 29.80 31.26 OK
r-devel-linux-x86_64-fedora-clang 1.3-8 68.38 OK
r-devel-linux-x86_64-fedora-gcc 1.3-8 66.68 OK
r-devel-osx-x86_64-clang 1.3-8 62.92 OK
r-devel-windows-ix86+x86_64 1.3-8 4.00 45.00 49.00 OK
r-patched-linux-x86_64 1.3-8 1.48 29.32 30.79 OK
r-patched-solaris-sparc 1.3-8 369.00 OK
r-patched-solaris-x86 1.3-8 85.80 OK
r-release-linux-ix86 1.3-8 1.98 40.29 42.27 OK
r-release-linux-x86_64 1.3-8 1.50 29.99 31.49 OK
r-release-osx-x86_64-mavericks 1.3-8 NOTE
r-release-osx-x86_64-snowleopard 1.3-8 OK
r-release-windows-ix86+x86_64 1.3-8 5.00 47.00 52.00 OK
r-oldrel-windows-ix86+x86_64 1.3-8 5.00 48.00 53.00 OK

Check Details

Version: 1.3-8
Check: re-building of vignette outputs
Result: NOTE
    Error in re-building vignettes:
     ...
    Loading required package: sp
    Loading required package: raster
    Error in texi2dvi(file = file, pdf = TRUE, clean = clean, quiet = quiet, :
     Running 'texi2dvi' on 'geosphere.tex' failed.
    LaTeX errors:
    ! LaTeX Error: File `hanging.sty' not found.
    
    Type X to quit or <RETURN> to proceed,
    or enter new name. (Default extension: sty)
    
    gn_test/geosphere/vignettes/geosphere.tex:10: ==> Fatal error occurred, no out
    put PDF file produced!
    Calls: buildVignettes -> texi2pdf -> texi2dvi
    Execution halted
Flavor: r-release-osx-x86_64-mavericks