CRAN Package Check Results for Package geosphere

Last updated on 2015-09-02 19:47:34.

Flavor Version Tinstall Tcheck Ttotal Status Flags
r-devel-linux-x86_64-debian-clang 1.4-3 2.14 28.94 31.08 NOTE
r-devel-linux-x86_64-debian-gcc 1.4-3 2.56 27.95 30.50 NOTE
r-devel-linux-x86_64-fedora-clang 1.4-3 61.27 NOTE
r-devel-linux-x86_64-fedora-gcc 1.4-3 58.73 NOTE
r-devel-osx-x86_64-clang 1.4-3 56.33 NOTE
r-devel-windows-ix86+x86_64 1.4-3 17.00 66.00 83.00 NOTE
r-patched-linux-x86_64 1.4-3 2.66 29.43 32.10 NOTE
r-patched-solaris-sparc 1.4-3 390.70 NOTE
r-patched-solaris-x86 1.4-3 80.90 NOTE
r-release-linux-x86_64 1.4-3 2.86 29.31 32.17 NOTE
r-release-osx-x86_64-mavericks 1.4-3 OK
r-release-windows-ix86+x86_64 1.4-3 19.00 59.00 78.00 NOTE
r-oldrel-windows-ix86+x86_64 1.4-3 17.00 77.00 94.00 NOTE

Check Details

Version: 1.4-3
Check: R code for possible problems
Result: NOTE
    centroid,SpatialPolygons: no visible binding for global variable ‘pols’
    centroid,SpatialPolygons : <anonymous>: no visible global function
     definition for ‘slot’
    Undefined global functions or variables:
     pols slot
    Consider adding
     importFrom("methods", "slot")
    to your NAMESPACE (and ensure that your DESCRIPTION Imports field
    contains 'methods').
Flavors: r-devel-linux-x86_64-debian-clang, r-devel-linux-x86_64-debian-gcc, r-devel-linux-x86_64-fedora-clang, r-devel-linux-x86_64-fedora-gcc, r-devel-windows-ix86+x86_64

Version: 1.4-3
Check: R code for possible problems
Result: NOTE
    centroid,SpatialPolygons: no visible binding for global variable ‘pols’
    Undefined global functions or variables:
     pols
Flavor: r-devel-osx-x86_64-clang

Version: 1.4-3
Check: R code for possible problems
Result: NOTE
    centroid,SpatialPolygons : .local: no visible binding for global
     variable ‘pols’
Flavors: r-patched-linux-x86_64, r-patched-solaris-sparc, r-patched-solaris-x86, r-release-linux-x86_64, r-release-windows-ix86+x86_64, r-oldrel-windows-ix86+x86_64