CRAN Package Check Results for Package geosphere

Last updated on 2017-02-21 15:50:23.

Flavor Version Tinstall Tcheck Ttotal Status Flags
r-devel-linux-x86_64-debian-clang 1.5-5 2.68 31.67 34.35 NOTE
r-devel-linux-x86_64-debian-gcc 1.5-5 3.13 31.52 34.65 NOTE
r-devel-linux-x86_64-fedora-clang 1.5-5 61.00 NOTE --no-stop-on-test-error
r-devel-linux-x86_64-fedora-gcc 1.5-5 59.85 NOTE --no-stop-on-test-error
r-devel-macos-x86_64-clang 1.5-5 55.45 NOTE --no-stop-on-test-error
r-devel-windows-ix86+x86_64 1.5-5 16.00 164.00 180.00 OK
r-patched-linux-x86_64 1.5-5 2.86 27.14 30.00 OK
r-patched-solaris-sparc 1.5-5 331.60 OK
r-patched-solaris-x86 1.5-5 68.30 OK
r-release-linux-x86_64 1.5-5 2.98 27.21 30.20 OK
r-release-osx-x86_64-mavericks 1.5-5 OK
r-release-windows-ix86+x86_64 1.5-5 13.00 93.00 106.00 OK
r-oldrel-windows-ix86+x86_64 1.5-5 31.00 100.00 131.00 OK

Check Details

Version: 1.5-5
Check: compiled code
Result: NOTE
    File ‘geosphere/libs/geosphere.so’:
     Found no calls to: ‘R_registerRoutines’, ‘R_useDynamicSymbols’
    
    It is good practice to register native routines and to disable symbol
    search.
    
    See ‘Writing portable packages’ in the ‘Writing R Extensions’ manual.
Flavors: r-devel-linux-x86_64-debian-clang, r-devel-linux-x86_64-debian-gcc

Version: 1.5-5
Flags: --no-stop-on-test-error
Check: compiled code
Result: NOTE
    File ‘geosphere/libs/geosphere.so’:
     Found no calls to: ‘R_registerRoutines’, ‘R_useDynamicSymbols’
    
    It is good practice to register native routines and to disable symbol
    search.
    
    See ‘Writing portable packages’ in the ‘Writing R Extensions’ manual.
Flavors: r-devel-linux-x86_64-fedora-clang, r-devel-linux-x86_64-fedora-gcc, r-devel-macos-x86_64-clang