CRAN Package Check Results for Package geosphere

Last updated on 2014-12-19 08:48:31.

Flavor Version Tinstall Tcheck Ttotal Status Flags
r-devel-linux-x86_64-debian-clang 1.3-11 1.58 31.72 33.30 OK
r-devel-linux-x86_64-debian-gcc 1.3-11 1.46 30.88 32.35 OK
r-devel-linux-x86_64-fedora-clang 1.3-11 69.50 OK
r-devel-linux-x86_64-fedora-gcc 1.3-11 62.85 OK
r-devel-osx-x86_64-clang 1.3-11 65.28 OK
r-devel-windows-ix86+x86_64 1.3-11 6.00 49.00 55.00 OK
r-patched-linux-x86_64 1.3-11 1.51 31.47 32.98 OK
r-patched-solaris-sparc 1.3-11 349.40 OK
r-patched-solaris-x86 1.3-11 87.80 OK
r-release-linux-ix86 1.3-11 1.86 39.52 41.37 OK
r-release-linux-x86_64 1.3-11 1.44 31.11 32.55 OK
r-release-osx-x86_64-mavericks 1.3-11 NOTE
r-release-osx-x86_64-snowleopard 1.3-11 OK
r-release-windows-ix86+x86_64 1.3-11 5.00 49.00 54.00 OK
r-oldrel-windows-ix86+x86_64 1.3-11 5.00 47.00 52.00 OK

Check Details

Version: 1.3-11
Check: re-building of vignette outputs
Result: NOTE
    Error in re-building vignettes:
     ...
    Loading required package: sp
    Loading required package: raster
    Error in texi2dvi(file = file, pdf = TRUE, clean = clean, quiet = quiet, :
     Running 'texi2dvi' on 'geosphere.tex' failed.
    LaTeX errors:
    ! LaTeX Error: File `hanging.sty' not found.
    
    Type X to quit or <RETURN> to proceed,
    or enter new name. (Default extension: sty)
    
    gn_test/geosphere/vignettes/geosphere.tex:10: ==> Fatal error occurred, no out
    put PDF file produced!
    Calls: buildVignettes -> texi2pdf -> texi2dvi
    Execution halted
Flavor: r-release-osx-x86_64-mavericks