CRAN Package Check Results for Package geosphere

Last updated on 2019-01-19 01:51:30 CET.

Flavor Version Tinstall Tcheck Ttotal Status Flags
r-devel-linux-x86_64-debian-clang 1.5-7 6.04 52.71 58.75 OK
r-devel-linux-x86_64-debian-gcc 1.5-7 5.87 40.88 46.75 OK
r-devel-linux-x86_64-fedora-clang 1.5-7 70.62 OK
r-devel-linux-x86_64-fedora-gcc 1.5-7 66.36 OK
r-devel-windows-ix86+x86_64 1.5-7 28.00 117.00 145.00 OK
r-patched-linux-x86_64 1.5-7 6.04 49.03 55.07 OK
r-patched-solaris-x86 1.5-7 96.50 OK
r-release-linux-x86_64 1.5-7 6.39 48.13 54.52 OK
r-release-windows-ix86+x86_64 1.5-7 22.00 109.00 131.00 OK
r-release-osx-x86_64 1.5-7 NOTE
r-oldrel-windows-ix86+x86_64 1.5-7 18.00 79.00 97.00 OK
r-oldrel-osx-x86_64 1.5-7 OK

Check Details

Version: 1.5-7
Check: dependencies in R code
Result: NOTE
    Error in setClass("Extent", representation(xmin = "numeric", xmax = "numeric", :
     could not find function "setClass"
Flavor: r-release-osx-x86_64