CRAN Package Check Results for Package geosphere

Last updated on 2018-06-21 23:50:22 CEST.

Flavor Version Tinstall Tcheck Ttotal Status Flags
r-devel-linux-x86_64-debian-clang 1.5-7 5.88 41.70 47.58 OK
r-devel-linux-x86_64-debian-gcc 1.5-7 4.54 39.71 44.25 OK
r-devel-linux-x86_64-fedora-clang 1.5-7 67.72 OK
r-devel-linux-x86_64-fedora-gcc 1.5-7 65.46 OK
r-devel-windows-ix86+x86_64 1.5-7 23.00 82.00 105.00 OK
r-patched-linux-x86_64 1.5-7 6.10 47.74 53.84 OK
r-patched-solaris-x86 1.5-7 91.30 OK
r-release-linux-x86_64 1.5-7 6.85 47.34 54.19 OK
r-release-windows-ix86+x86_64 1.5-7 17.00 81.00 98.00 OK
r-release-osx-x86_64 1.5-7 NOTE
r-oldrel-windows-ix86+x86_64 1.5-7 34.00 77.00 111.00 OK
r-oldrel-osx-x86_64 1.5-7 OK

Check Details

Version: 1.5-7
Check: dependencies in R code
Result: NOTE
    Error in setClass("Extent", representation(xmin = "numeric", xmax = "numeric", :
     could not find function "setClass"
Flavor: r-release-osx-x86_64