CRAN Package Check Results for Package geosphere

Last updated on 2017-04-28 05:48:29.

Flavor Version Tinstall Tcheck Ttotal Status Flags
r-devel-linux-x86_64-debian-clang 1.5-5 2.87 31.86 34.73 NOTE
r-devel-linux-x86_64-debian-gcc 1.5-5 2.95 31.58 34.53 NOTE
r-devel-linux-x86_64-fedora-clang 1.5-5 62.06 NOTE --no-stop-on-test-error
r-devel-linux-x86_64-fedora-gcc 1.5-5 59.89 NOTE --no-stop-on-test-error
r-devel-windows-ix86+x86_64 1.5-5 14.00 105.00 119.00 OK
r-patched-linux-x86_64 1.5-5 3.08 33.39 36.47 NOTE
r-patched-solaris-sparc 1.5-5 371.00 OK
r-patched-solaris-x86 1.5-5 78.40 OK
r-release-linux-x86_64 1.5-5 3.16 31.72 34.88 NOTE
r-release-windows-ix86+x86_64 1.5-5 15.00 78.00 93.00 OK
r-release-osx-x86_64 1.5-5 NOTE
r-oldrel-windows-ix86+x86_64 1.5-5 18.00 71.00 89.00 OK
r-oldrel-osx-x86_64 1.5-5 OK

Check Details

Version: 1.5-5
Check: compiled code
Result: NOTE
    File ‘geosphere/libs/geosphere.so’:
     Found no calls to: ‘R_registerRoutines’, ‘R_useDynamicSymbols’
    
    It is good practice to register native routines and to disable symbol
    search.
    
    See ‘Writing portable packages’ in the ‘Writing R Extensions’ manual.
Flavors: r-devel-linux-x86_64-debian-clang, r-devel-linux-x86_64-debian-gcc, r-patched-linux-x86_64, r-release-linux-x86_64

Version: 1.5-5
Flags: --no-stop-on-test-error
Check: compiled code
Result: NOTE
    File ‘geosphere/libs/geosphere.so’:
     Found no calls to: ‘R_registerRoutines’, ‘R_useDynamicSymbols’
    
    It is good practice to register native routines and to disable symbol
    search.
    
    See ‘Writing portable packages’ in the ‘Writing R Extensions’ manual.
Flavors: r-devel-linux-x86_64-fedora-clang, r-devel-linux-x86_64-fedora-gcc

Version: 1.5-5
Check: re-building of vignette outputs
Result: NOTE
    Error in re-building vignettes:
     ...
    Loading required package: sp
    Loading required namespace: raster
    Error in texi2dvi(file = file, pdf = TRUE, clean = clean, quiet = quiet, :
     Running 'texi2dvi' on 'geosphere.tex' failed.
    LaTeX errors:
    ! LaTeX Error: File `hanging.sty' not found.
    
    Type X to quit or <RETURN> to proceed,
    or enter new name. (Default extension: sty)
    
    ! Emergency stop.
    <read *>
    
    l.10 ^^M
    
    ! ==> Fatal error occurred, no output PDF file produced!
    Calls: buildVignettes -> texi2pdf -> texi2dvi
    Execution halted
Flavor: r-release-osx-x86_64