CRAN Package Check Results for Package geosphere

Last updated on 2015-07-30 22:49:52.

Flavor Version Tinstall Tcheck Ttotal Status Flags
r-devel-linux-x86_64-debian-clang 1.4-3 2.21 28.99 31.20 NOTE
r-devel-linux-x86_64-debian-gcc 1.4-3 2.65 28.72 31.37 NOTE
r-devel-linux-x86_64-fedora-clang 1.4-3 65.13 NOTE
r-devel-linux-x86_64-fedora-gcc 1.4-3 59.71 NOTE
r-devel-osx-x86_64-clang 1.4-3 52.29 NOTE
r-devel-windows-ix86+x86_64 1.4-3 19.00 57.00 76.00 NOTE
r-patched-linux-x86_64 1.4-3 2.64 29.22 31.86 NOTE
r-patched-solaris-sparc 1.4-3 390.70 NOTE
r-patched-solaris-x86 1.4-3 79.80 NOTE
r-release-linux-x86_64 1.4-3 2.76 29.43 32.18 NOTE
r-release-osx-x86_64-mavericks 1.4-3 OK
r-release-windows-ix86+x86_64 1.4-3 21.00 60.00 81.00 NOTE
r-oldrel-windows-ix86+x86_64 1.4-3 21.00 70.00 91.00 NOTE

Check Details

Version: 1.4-3
Check: R code for possible problems
Result: NOTE
    centroid,SpatialPolygons: no visible binding for global variable ‘pols’
    centroid,SpatialPolygons : <anonymous>: no visible global function
     definition for ‘slot’
    Undefined global functions or variables:
     pols slot
    Consider adding
     importFrom("methods", "slot")
    to your NAMESPACE.
Flavors: r-devel-linux-x86_64-debian-clang, r-devel-linux-x86_64-debian-gcc, r-devel-linux-x86_64-fedora-clang, r-devel-linux-x86_64-fedora-gcc, r-devel-windows-ix86+x86_64

Version: 1.4-3
Check: R code for possible problems
Result: NOTE
    centroid,SpatialPolygons: no visible binding for global variable ‘pols’
    Undefined global functions or variables:
     pols
Flavor: r-devel-osx-x86_64-clang

Version: 1.4-3
Check: R code for possible problems
Result: NOTE
    centroid,SpatialPolygons : .local: no visible binding for global
     variable ‘pols’
Flavors: r-patched-linux-x86_64, r-patched-solaris-sparc, r-patched-solaris-x86, r-release-linux-x86_64, r-release-windows-ix86+x86_64, r-oldrel-windows-ix86+x86_64