CRAN Package Check Results for Package geosphere

Last updated on 2015-02-28 12:51:12.

Flavor Version Tinstall Tcheck Ttotal Status Flags
r-devel-linux-x86_64-debian-clang 1.3-11 1.38 27.58 28.96 NOTE
r-devel-linux-x86_64-debian-gcc 1.3-11 1.34 27.15 28.49 NOTE
r-devel-linux-x86_64-fedora-clang 1.3-11 57.68 NOTE
r-devel-linux-x86_64-fedora-gcc 1.3-11 56.71 NOTE
r-devel-osx-x86_64-clang 1.3-11 59.28 NOTE
r-devel-windows-ix86+x86_64 1.3-11 7.00 46.00 53.00 NOTE
r-patched-linux-x86_64 1.3-11 1.68 32.30 33.98 NOTE
r-patched-solaris-sparc 1.3-11 433.70 NOTE
r-patched-solaris-x86 1.3-11 86.90 NOTE
r-release-linux-ix86 1.3-11 1.98 45.00 46.98 OK
r-release-linux-x86_64 1.3-11 1.43 31.82 33.25 OK
r-release-osx-x86_64-mavericks 1.3-11 OK
r-release-osx-x86_64-snowleopard 1.3-11 OK
r-release-windows-ix86+x86_64 1.3-11 5.00 49.00 54.00 OK
r-oldrel-windows-ix86+x86_64 1.3-11 5.00 72.00 77.00 OK

Check Details

Version: 1.3-11
Check: DESCRIPTION meta-information
Result: NOTE
    Malformed Description field: should contain one or more complete sentences.
Flavors: r-devel-linux-x86_64-debian-clang, r-devel-linux-x86_64-debian-gcc, r-devel-linux-x86_64-fedora-clang, r-devel-linux-x86_64-fedora-gcc, r-devel-osx-x86_64-clang, r-devel-windows-ix86+x86_64

Version: 1.3-11
Check: dependencies in R code
Result: NOTE
    'library' or 'require' call to ‘raster’ in package code.
     Please use :: or requireNamespace() instead.
     See section 'Suggested packages' in the 'Writing R Extensions' manual.
Flavors: r-devel-linux-x86_64-debian-clang, r-devel-linux-x86_64-debian-gcc, r-devel-linux-x86_64-fedora-clang, r-devel-linux-x86_64-fedora-gcc, r-devel-osx-x86_64-clang, r-devel-windows-ix86+x86_64, r-patched-linux-x86_64, r-patched-solaris-sparc, r-patched-solaris-x86