CRAN Package Check Results for Package geosphere

Last updated on 2014-09-02 10:51:47.

Flavor Version Tinstall Tcheck Ttotal Status Flags
r-devel-linux-x86_64-debian-clang 1.3-8 1.47 27.65 29.12 NOTE
r-devel-linux-x86_64-debian-gcc 1.3-8 1.42 28.14 29.57 NOTE
r-devel-linux-x86_64-fedora-clang 1.3-8 65.16 NOTE
r-devel-linux-x86_64-fedora-gcc 1.3-8 60.55 NOTE
r-devel-osx-x86_64-clang 1.3-8 58.82 NOTE
r-devel-windows-ix86+x86_64 1.3-8 5.00 46.00 51.00 NOTE
r-patched-linux-x86_64 1.3-8 1.52 29.88 31.39 OK
r-patched-solaris-sparc 1.3-8 389.50 OK
r-patched-solaris-x86 1.3-8 86.70 OK
r-release-linux-ix86 1.3-8 1.96 40.97 42.93 OK
r-release-linux-x86_64 1.3-8 1.54 30.16 31.70 OK
r-release-osx-x86_64-mavericks 1.3-8 NOTE
r-release-osx-x86_64-snowleopard 1.3-8 OK
r-release-windows-ix86+x86_64 1.3-8 5.00 50.00 55.00 OK
r-oldrel-windows-ix86+x86_64 1.3-8 6.00 45.00 51.00 OK

Check Details

Version: 1.3-8
Check: R code for possible problems
Result: NOTE
    ..geomedian_ndcor: no visible global function definition for ‘isLonLat’
    ..geomedian_ndcor: no visible global function definition for
     ‘coordinates’
    .pointsToMatrix: no visible global function definition for
     ‘is.projected’
    .pointsToMatrix: no visible global function definition for
     ‘coordinates’
    .spDistPoint2Line: no visible global function definition for
     ‘is.projected’
    gcIntermediate: no visible global function definition for ‘Lines’
    gcIntermediate: no visible global function definition for ‘Line’
    gcIntermediate: no visible global function definition for ‘CRS’
    greatCircle: no visible global function definition for ‘Lines’
    greatCircle: no visible global function definition for ‘Line’
    greatCircle: no visible global function definition for ‘CRS’
    makeLine: no visible global function definition for ‘is.projected’
    makeLine: no visible global function definition for ‘Line’
    makeLine: no visible global function definition for ‘Lines’
    makeLine: no visible global function definition for
     ‘SpatialLinesDataFrame’
    makeLine: no visible global function definition for ‘CRS’
    makePoly: no visible global function definition for ‘is.projected’
    makePoly: no visible global function definition for ‘Polygon’
    makePoly: no visible global function definition for ‘Polygons’
    makePoly: no visible global function definition for
     ‘SpatialPolygonsDataFrame’
    makePoly: no visible global function definition for ‘CRS’
    plotArrows: no visible global function definition for ‘bbox’
Flavors: r-devel-linux-x86_64-debian-clang, r-devel-linux-x86_64-debian-gcc, r-devel-linux-x86_64-fedora-clang, r-devel-linux-x86_64-fedora-gcc, r-devel-osx-x86_64-clang, r-devel-windows-ix86+x86_64

Version: 1.3-8
Check: re-building of vignette outputs
Result: NOTE
    Error in re-building vignettes:
     ...
    Loading required package: sp
    Loading required package: raster
    Error in texi2dvi(file = file, pdf = TRUE, clean = clean, quiet = quiet, :
     Running 'texi2dvi' on 'geosphere.tex' failed.
    LaTeX errors:
    ! LaTeX Error: File `hanging.sty' not found.
    
    Type X to quit or <RETURN> to proceed,
    or enter new name. (Default extension: sty)
    
    gn_test/geosphere/vignettes/geosphere.tex:10: ==> Fatal error occurred, no out
    put PDF file produced!
    Calls: buildVignettes -> texi2pdf -> texi2dvi
    Execution halted
Flavor: r-release-osx-x86_64-mavericks