CRAN Package Check Results for Package geosphere

Last updated on 2015-03-27 21:47:49.

Flavor Version Tinstall Tcheck Ttotal Status Flags
r-devel-linux-x86_64-debian-clang 1.3-11 1.36 28.36 29.72 NOTE
r-devel-linux-x86_64-debian-gcc 1.3-11 1.32 27.02 28.34 NOTE
r-devel-linux-x86_64-fedora-clang 1.3-11 57.93 NOTE
r-devel-linux-x86_64-fedora-gcc 1.3-11 54.07 NOTE
r-devel-osx-x86_64-clang 1.3-11 64.25 NOTE
r-prerel-windows-ix86+x86_64 1.3-11 8.00 45.00 53.00 NOTE
r-prerel-linux-x86_64 1.3-11 1.32 27.31 28.63 NOTE
r-prerel-solaris-sparc 1.3-11 350.00 NOTE
r-prerel-solaris-x86 1.3-11 71.60 NOTE
r-release-linux-x86_64 1.3-11 1.46 31.55 33.02 NOTE
r-release-osx-x86_64-mavericks 1.3-11 OK
r-release-osx-x86_64-snowleopard 1.3-11 OK
r-release-windows-ix86+x86_64 1.3-11 5.00 49.00 54.00 NOTE
r-oldrel-windows-ix86+x86_64 1.3-11 7.00 51.00 58.00 OK

Check Details

Version: 1.3-11
Check: DESCRIPTION meta-information
Result: NOTE
    Malformed Description field: should contain one or more complete sentences.
Flavors: r-devel-linux-x86_64-debian-clang, r-devel-linux-x86_64-debian-gcc, r-devel-linux-x86_64-fedora-clang, r-devel-linux-x86_64-fedora-gcc, r-devel-osx-x86_64-clang, r-prerel-windows-ix86+x86_64, r-prerel-linux-x86_64, r-prerel-solaris-sparc, r-prerel-solaris-x86

Version: 1.3-11
Check: dependencies in R code
Result: NOTE
    'library' or 'require' call to ‘raster’ in package code.
     Please use :: or requireNamespace() instead.
     See section 'Suggested packages' in the 'Writing R Extensions' manual.
Flavors: r-devel-linux-x86_64-debian-clang, r-devel-linux-x86_64-debian-gcc, r-devel-linux-x86_64-fedora-clang, r-devel-linux-x86_64-fedora-gcc, r-devel-osx-x86_64-clang, r-prerel-windows-ix86+x86_64, r-prerel-linux-x86_64, r-prerel-solaris-sparc, r-prerel-solaris-x86, r-release-linux-x86_64, r-release-windows-ix86+x86_64