CRAN Package Check Results for Package geosphere

Last updated on 2015-05-06 03:47:15.

Flavor Version Tinstall Tcheck Ttotal Status Flags
r-devel-linux-x86_64-debian-clang 1.3-13 1.36 28.91 30.27 OK
r-devel-linux-x86_64-debian-gcc 1.3-13 1.39 27.10 28.49 OK
r-devel-linux-x86_64-fedora-clang 1.3-13 57.63 OK
r-devel-linux-x86_64-fedora-gcc 1.3-13 54.31 OK
r-devel-osx-x86_64-clang 1.3-13 57.68 OK
r-devel-windows-ix86+x86_64 1.3-13 5.00 46.00 51.00 OK
r-patched-linux-x86_64 1.3-13 1.33 27.35 28.68 OK
r-patched-solaris-sparc 1.3-13 305.30 OK
r-patched-solaris-x86 1.3-13 73.80 OK
r-release-linux-x86_64 1.3-13 1.32 27.71 29.03 OK
r-release-osx-x86_64-mavericks 1.3-13 OK
r-release-osx-x86_64-snowleopard 1.3-13 ERROR
r-release-windows-ix86+x86_64 1.3-13 7.00 61.00 68.00 OK
r-oldrel-windows-ix86+x86_64 1.3-13 5.00 68.00 73.00 OK

Check Details

Version: 1.3-13
Check: package dependencies
Result: NOTE
    Package suggested but not available for checking: ‘raster’
Flavor: r-release-osx-x86_64-snowleopard

Version: 1.3-13
Check: examples
Result: ERROR
    Running examples in ‘geosphere-Ex.R’ failed
    The error most likely occurred in:
    
    > ### Name: span
    > ### Title: Span of polygons
    > ### Aliases: span span,SpatialPolygons-method span,matrix-method
    > ### Keywords: methods spatial
    >
    > ### ** Examples
    >
    > pol <- rbind(c(-180,-20), c(-160,5), c(-60, 0), c(-160,-60), c(-180,-20))
    > plot(pol)
    > lines(pol)
    > # lon and lat span in m
    > span(pol, fun=max)
    Loading required namespace: raster
    Failed with error: ‘there is no package called ‘raster’’
    Error in .local(x, ...) :
     you need to install the "raster" package to use this function
    Calls: span -> span -> .local -> span -> span -> .local
    Execution halted
Flavor: r-release-osx-x86_64-snowleopard

Version: 1.3-13
Check: running R code from vignettes
Result: WARN
    Errors in running code in vignettes:
    when running code in ‘geosphere.Rnw’
     ...
     lon lat
    [1,] -57.54653 -28.96994
    
    > span(pol, fun = max)
    Loading required namespace: raster
    Failed with error: ‘there is no package called ‘raster’’
    
     When sourcing ‘geosphere.R’:
    Error: you need to install the "raster" package to use this function
    Execution halted
Flavor: r-release-osx-x86_64-snowleopard

Version: 1.3-13
Check: re-building of vignette outputs
Result: NOTE
    Error in re-building vignettes:
     ...
    Loading required package: sp
    Loading required namespace: raster
    Failed with error: ‘there is no package called ‘raster’’
    
    Error: processing vignette 'geosphere.Rnw' failed with diagnostics:
     chunk 13
    Error in .local(x, ...) :
     you need to install the "raster" package to use this function
    Execution halted
Flavor: r-release-osx-x86_64-snowleopard