CRAN Package Check Results for Package geosphere

Last updated on 2017-03-25 15:47:47.

Flavor Version Tinstall Tcheck Ttotal Status Flags
r-devel-linux-x86_64-debian-clang 1.5-5 2.94 32.01 34.94 NOTE
r-devel-linux-x86_64-debian-gcc 1.5-5 3.17 31.77 34.94 NOTE
r-devel-linux-x86_64-fedora-clang 1.5-5 63.25 NOTE --no-stop-on-test-error
r-devel-linux-x86_64-fedora-gcc 1.5-5 61.18 NOTE --no-stop-on-test-error
r-devel-macos-x86_64-clang 1.5-5 52.90 NOTE --no-stop-on-test-error
r-devel-windows-ix86+x86_64 1.5-5 16.00 73.00 89.00 OK
r-patched-linux-x86_64 1.5-5 3.12 31.80 34.92 NOTE
r-patched-solaris-sparc 1.5-5 371.00 OK
r-patched-solaris-x86 1.5-5 79.90 OK
r-release-linux-x86_64 1.5-5 2.81 27.06 29.87 OK
r-release-osx-x86_64-mavericks 1.5-5 OK
r-release-windows-ix86+x86_64 1.5-5 19.00 88.00 107.00 OK
r-oldrel-windows-ix86+x86_64 1.5-5 12.00 95.00 107.00 OK

Check Details

Version: 1.5-5
Check: compiled code
Result: NOTE
    File ‘geosphere/libs/geosphere.so’:
     Found no calls to: ‘R_registerRoutines’, ‘R_useDynamicSymbols’
    
    It is good practice to register native routines and to disable symbol
    search.
    
    See ‘Writing portable packages’ in the ‘Writing R Extensions’ manual.
Flavors: r-devel-linux-x86_64-debian-clang, r-devel-linux-x86_64-debian-gcc, r-patched-linux-x86_64

Version: 1.5-5
Flags: --no-stop-on-test-error
Check: compiled code
Result: NOTE
    File ‘geosphere/libs/geosphere.so’:
     Found no calls to: ‘R_registerRoutines’, ‘R_useDynamicSymbols’
    
    It is good practice to register native routines and to disable symbol
    search.
    
    See ‘Writing portable packages’ in the ‘Writing R Extensions’ manual.
Flavors: r-devel-linux-x86_64-fedora-clang, r-devel-linux-x86_64-fedora-gcc, r-devel-macos-x86_64-clang