CRAN Package Check Results for Package geosphere

Last updated on 2020-11-30 11:47:29 CET.

Flavor Version Tinstall Tcheck Ttotal Status Flags
r-devel-linux-x86_64-debian-clang 1.5-10 10.41 58.97 69.38 OK
r-devel-linux-x86_64-debian-gcc 1.5-10 7.95 45.25 53.20 OK
r-devel-linux-x86_64-fedora-clang 1.5-10 87.03 NOTE
r-devel-linux-x86_64-fedora-gcc 1.5-10 78.27 OK
r-devel-windows-ix86+x86_64 1.5-10 20.00 91.00 111.00 OK
r-patched-linux-x86_64 1.5-10 11.83 60.98 72.81 OK
r-patched-solaris-x86 1.5-10 103.30 OK
r-release-linux-x86_64 1.5-10 12.32 55.79 68.11 OK
r-release-macos-x86_64 1.5-10 OK
r-release-windows-ix86+x86_64 1.5-10 22.00 79.00 101.00 OK
r-oldrel-macos-x86_64 1.5-10 OK
r-oldrel-windows-ix86+x86_64 1.5-10 20.00 99.00 119.00 OK

Check Details

Version: 1.5-10
Check: Rd cross-references
Result: NOTE
    Undeclared package ‘rgeos’ in Rd xrefs
Flavor: r-devel-linux-x86_64-fedora-clang