CRAN Package Check Results for Package geosphere

Last updated on 2019-03-23 05:47:50 CET.

Flavor Version Tinstall Tcheck Ttotal Status Flags
r-devel-linux-x86_64-debian-clang 1.5-7 8.41 50.15 58.56 OK
r-devel-linux-x86_64-debian-gcc 1.5-7 6.29 39.78 46.07 OK
r-devel-linux-x86_64-fedora-clang 1.5-7 70.83 OK
r-devel-linux-x86_64-fedora-gcc 1.5-7 66.88 OK
r-devel-windows-ix86+x86_64 1.5-7 31.00 109.00 140.00 OK
r-patched-linux-x86_64 1.5-7 7.01 46.83 53.84 OK
r-patched-solaris-x86 1.5-7 94.50 OK
r-release-linux-x86_64 1.5-7 0.38 2.59 2.97 ERROR
r-release-windows-ix86+x86_64 1.5-7 15.00 81.00 96.00 OK
r-release-osx-x86_64 1.5-7 NOTE
r-oldrel-windows-ix86+x86_64 1.5-7 20.00 101.00 121.00 OK
r-oldrel-osx-x86_64 1.5-7 OK

Check Details

Version: 1.5-7
Check: whether package can be installed
Result: ERROR
    Installation failed.
Flavor: r-release-linux-x86_64

Version: 1.5-7
Check: dependencies in R code
Result: NOTE
    Error in setClass("Extent", representation(xmin = "numeric", xmax = "numeric", :
     could not find function "setClass"
Flavor: r-release-osx-x86_64