CRAN Package Check Results for Package geospt

Last updated on 2015-08-02 06:47:56.

Flavor Version Tinstall Tcheck Ttotal Status Flags
r-devel-linux-x86_64-debian-clang 1.0-1 3.14 52.07 55.22 NOTE
r-devel-linux-x86_64-debian-gcc 1.0-1 2.95 51.01 53.96 NOTE
r-devel-linux-x86_64-fedora-clang 1.0-1 116.07 NOTE
r-devel-linux-x86_64-fedora-gcc 1.0-1 106.45 NOTE
r-devel-osx-x86_64-clang 1.0-1 93.72 OK
r-devel-windows-ix86+x86_64 1.0-1 10.00 89.00 99.00 NOTE
r-patched-linux-x86_64 1.0-1 3.01 50.66 53.67 OK
r-patched-solaris-sparc 1.0-1 679.90 OK
r-patched-solaris-x86 1.0-1 137.00 OK
r-release-linux-x86_64 1.0-1 3.25 51.24 54.49 OK
r-release-osx-x86_64-mavericks 1.0-1 OK
r-release-windows-ix86+x86_64 1.0-1 13.00 86.00 99.00 OK
r-oldrel-windows-ix86+x86_64 1.0-1 25.00 130.00 155.00 OK

Check Details

Version: 1.0-1
Check: R code for possible problems
Result: NOTE
    bp.with.outlier.label: no visible global function definition for
     ‘model.frame’
    bp.with.outlier.label: no visible global function definition for
     ‘boxplot’
    bp.with.outlier.label : boxplot.outlier.data: no visible global
     function definition for ‘boxplot.stats’
    bp.with.outlier.label: no visible global function definition for
     ‘strheight’
    bp.with.outlier.label: no visible global function definition for
     ‘strwidth’
    bp.with.outlier.label: no visible global function definition for ‘text’
    bp.with.outlier.label: no visible global function definition for
     ‘segments’
    criterio.cv: no visible global function definition for ‘cor’
    est.variograms: no visible global function definition for ‘median’
    extractFormula: no visible global function definition for ‘model.frame’
    extractFormula: no visible global function definition for ‘terms’
    extractFormula: no visible global function definition for ‘as’
    extractFormula: no visible global function definition for
     ‘model.extract’
    extractFormula: no visible global function definition for
     ‘model.matrix’
    extractFormula: no visible global function definition for
     ‘delete.response’
    graph.rbf: no visible global function definition for ‘optimize’
    graph.rbf: no visible global function definition for ‘txtProgressBar’
    graph.rbf: no visible global function definition for
     ‘setTxtProgressBar’
    graph.rbf: no visible global function definition for ‘plot’
    graph.rbf: no visible global function definition for ‘heat.colors’
    network.design: no visible global function definition for ‘plot’
    network.design: no visible global function definition for ‘points’
    pocket.plot : Pocket.plotA: no visible global function definition for
     ‘par’
    pocket.plot : Pocket.plotA: no visible global function definition for
     ‘na.omit’
    pocket.plot : Pocket.plotA : Prob: no visible global function
     definition for ‘boxplot’
    pocket.plot : Pocket.plotA : Prob: no visible global function
     definition for ‘box’
    pocket.plot : Pocket.plotA : Prob: no visible global function
     definition for ‘abline’
    pocket.plot : Pocket.plotA : Prob: no visible global function
     definition for ‘identify’
    pocket.plot : Pocket.plotA : Var: no visible global function definition
     for ‘boxplot’
    pocket.plot : Pocket.plotA : Var: no visible global function definition
     for ‘box’
    pocket.plot : Pocket.plotA : Var: no visible global function definition
     for ‘abline’
    pocket.plot : Pocket.plotA : Var: no visible global function definition
     for ‘identify’
    rbf.tcv: no visible global function definition for ‘txtProgressBar’
    rbf.tcv: no visible global function definition for ‘setTxtProgressBar’
    seqPtsOptNet : evaluate: no visible global function definition for
     ‘plot’
    seqPtsOptNet : evaluate: no visible global function definition for
     ‘predict’
    simPtsOptNet : evaluate: no visible global function definition for
     ‘plot’
    simPtsOptNet : evaluate: no visible global function definition for
     ‘predict’
    Undefined global functions or variables:
     abline as box boxplot boxplot.stats cor delete.response heat.colors
     identify median model.extract model.frame model.matrix na.omit
     optimize par plot points predict segments setTxtProgressBar strheight
     strwidth terms text txtProgressBar
    Consider adding
     importFrom("grDevices", "boxplot.stats", "heat.colors")
     importFrom("graphics", "abline", "box", "boxplot", "identify", "par",
     "plot", "points", "segments", "strheight", "strwidth",
     "text")
     importFrom("methods", "as")
     importFrom("stats", "cor", "delete.response", "median",
     "model.extract", "model.frame", "model.matrix", "na.omit",
     "optimize", "predict", "terms")
     importFrom("utils", "setTxtProgressBar", "txtProgressBar")
    to your NAMESPACE.
Flavors: r-devel-linux-x86_64-debian-clang, r-devel-linux-x86_64-debian-gcc, r-devel-linux-x86_64-fedora-clang, r-devel-linux-x86_64-fedora-gcc, r-devel-windows-ix86+x86_64