CRAN Package Check Results for Package geospt

Last updated on 2014-12-19 20:48:16.

Flavor Version Tinstall Tcheck Ttotal Status Flags
r-devel-linux-x86_64-debian-clang 1.0-0 4.95 70.32 75.28 OK
r-devel-linux-x86_64-debian-gcc 1.0-0 4.60 68.06 72.66 OK
r-devel-linux-x86_64-fedora-clang 1.0-0 165.50 OK
r-devel-linux-x86_64-fedora-gcc 1.0-0 151.52 OK
r-devel-osx-x86_64-clang 1.0-0 138.94 OK
r-devel-windows-ix86+x86_64 1.0-0 16.00 106.00 122.00 OK
r-patched-linux-x86_64 1.0-0 6.88 74.01 80.90 OK
r-patched-solaris-sparc 1.0-0 867.00 OK
r-patched-solaris-x86 1.0-0 197.60 OK
r-release-linux-ix86 1.0-0 5.67 84.94 90.61 OK
r-release-linux-x86_64 1.0-0 5.00 74.81 79.82 OK
r-release-osx-x86_64-mavericks 1.0-0 ERROR
r-release-osx-x86_64-snowleopard 1.0-0 OK
r-release-windows-ix86+x86_64 1.0-0 17.00 111.00 128.00 OK
r-oldrel-windows-ix86+x86_64 1.0-0 17.00 117.00 134.00 OK

Check Details

Version: 1.0-0
Check: package dependencies
Result: ERROR
    Packages required but not available: ‘gstat’ ‘gsl’
    
    See the information on DESCRIPTION files in the chapter ‘Creating R
    packages’ of the ‘Writing R Extensions’ manual.
Flavor: r-release-osx-x86_64-mavericks