CRAN Package Check Results for Package geospt

Last updated on 2014-11-23 16:46:30.

Flavor Version Tinstall Tcheck Ttotal Status Flags
r-devel-linux-x86_64-debian-clang 1.0-0 5.36 70.82 76.18 OK
r-devel-linux-x86_64-debian-gcc 1.0-0 4.50 67.54 72.03 OK
r-devel-linux-x86_64-fedora-clang 1.0-0 162.40 OK
r-devel-linux-x86_64-fedora-gcc 1.0-0 155.94 OK
r-devel-osx-x86_64-clang 1.0-0 138.00 OK
r-devel-windows-ix86+x86_64 1.0-0 16.00 100.00 116.00 OK
r-patched-linux-x86_64 1.0-0 4.90 74.39 79.30 OK
r-patched-solaris-sparc 1.0-0 867.00 OK
r-patched-solaris-x86 1.0-0 198.10 OK
r-release-linux-ix86 1.0-0 5.60 84.75 90.35 OK
r-release-linux-x86_64 1.0-0 4.98 73.01 77.99 OK
r-release-osx-x86_64-mavericks 1.0-0 ERROR
r-release-osx-x86_64-snowleopard 1.0-0 OK
r-release-windows-ix86+x86_64 1.0-0 16.00 113.00 129.00 OK
r-oldrel-windows-ix86+x86_64 1.0-0 15.00 113.00 128.00 OK

Check Details

Version: 1.0-0
Check: package dependencies
Result: ERROR
    Packages required but not available: ‘gstat’ ‘gsl’
    
    See the information on DESCRIPTION files in the chapter ‘Creating R
    packages’ of the ‘Writing R Extensions’ manual.
Flavor: r-release-osx-x86_64-mavericks