CRAN Package Check Results for Package geospt

Last updated on 2015-05-07 09:46:35.

Flavor Version Tinstall Tcheck Ttotal Status Flags
r-devel-linux-x86_64-debian-clang 1.0-1 3.02 51.86 54.88 OK
r-devel-linux-x86_64-debian-gcc 1.0-1 2.97 49.52 52.49 OK
r-devel-linux-x86_64-fedora-clang 1.0-1 115.23 OK
r-devel-linux-x86_64-fedora-gcc 1.0-1 107.59 OK
r-devel-osx-x86_64-clang 1.0-1 97.64 OK
r-devel-windows-ix86+x86_64 1.0-1 11.00 79.00 90.00 OK
r-patched-linux-x86_64 1.0-1 2.96 50.19 53.16 OK
r-patched-solaris-sparc 1.0-1 664.30 OK
r-patched-solaris-x86 1.0-1 139.30 OK
r-release-linux-x86_64 1.0-1 3.14 51.65 54.80 OK
r-release-osx-x86_64-mavericks 1.0-1 OK
r-release-osx-x86_64-snowleopard 1.0-1 ERROR
r-release-windows-ix86+x86_64 1.0-1 9.00 80.00 89.00 OK
r-oldrel-windows-ix86+x86_64 1.0-1 19.00 115.00 134.00 OK

Check Details

Version: 1.0-1
Check: package dependencies
Result: ERROR
    Packages required but not available: ‘gstat’ ‘fields’
    
    See section ‘The DESCRIPTION file’ in the ‘Writing R Extensions’
    manual.
Flavor: r-release-osx-x86_64-snowleopard