CRAN Package Check Results for Package geospt

Last updated on 2015-07-01 16:47:22.

Flavor Version Tinstall Tcheck Ttotal Status Flags
r-devel-linux-x86_64-debian-clang 1.0-1 3.03 53.41 56.44 NOTE
r-devel-linux-x86_64-debian-gcc 1.0-1 3.19 49.64 52.83 NOTE
r-devel-linux-x86_64-fedora-clang 1.0-1 111.47 NOTE
r-devel-linux-x86_64-fedora-gcc 1.0-1 104.88 NOTE
r-devel-osx-x86_64-clang 1.0-1 102.04 OK
r-devel-windows-ix86+x86_64 1.0-1 9.00 77.00 86.00 NOTE
r-patched-linux-x86_64 1.0-1 3.01 49.34 52.34 OK
r-patched-solaris-sparc 1.0-1 742.60 OK
r-patched-solaris-x86 1.0-1 139.20 OK
r-release-linux-x86_64 1.0-1 3.12 49.42 52.54 OK
r-release-osx-x86_64-mavericks 1.0-1 OK
r-release-windows-ix86+x86_64 1.0-1 10.00 76.00 86.00 OK
r-oldrel-windows-ix86+x86_64 1.0-1 17.00 118.00 135.00 OK

Check Details

Version: 1.0-1
Check: R code for possible problems
Result: NOTE
    bp.with.outlier.label: no visible global function definition for
     ‘model.frame’
    bp.with.outlier.label: no visible global function definition for
     ‘boxplot’
    bp.with.outlier.label : boxplot.outlier.data: no visible global
     function definition for ‘boxplot.stats’
    bp.with.outlier.label: no visible global function definition for
     ‘strheight’
    bp.with.outlier.label: no visible global function definition for
     ‘strwidth’
    bp.with.outlier.label: no visible global function definition for ‘text’
    bp.with.outlier.label: no visible global function definition for
     ‘segments’
    criterio.cv: no visible global function definition for ‘cor’
    est.variograms: no visible global function definition for ‘median’
    extractFormula: no visible global function definition for ‘model.frame’
    extractFormula: no visible global function definition for ‘terms’
    extractFormula: no visible global function definition for ‘as’
    extractFormula: no visible global function definition for
     ‘model.extract’
    extractFormula: no visible global function definition for
     ‘model.matrix’
    extractFormula: no visible global function definition for
     ‘delete.response’
    graph.rbf: no visible global function definition for ‘optimize’
    graph.rbf: no visible global function definition for ‘txtProgressBar’
    graph.rbf: no visible global function definition for
     ‘setTxtProgressBar’
    graph.rbf: no visible global function definition for ‘plot’
    graph.rbf: no visible global function definition for ‘heat.colors’
    network.design: no visible global function definition for ‘plot’
    network.design: no visible global function definition for ‘points’
    pocket.plot : Pocket.plotA: no visible global function definition for
     ‘par’
    pocket.plot : Pocket.plotA: no visible global function definition for
     ‘na.omit’
    pocket.plot : Pocket.plotA : Prob: no visible global function
     definition for ‘boxplot’
    pocket.plot : Pocket.plotA : Prob: no visible global function
     definition for ‘box’
    pocket.plot : Pocket.plotA : Prob: no visible global function
     definition for ‘abline’
    pocket.plot : Pocket.plotA : Prob: no visible global function
     definition for ‘identify’
    pocket.plot : Pocket.plotA : Var: no visible global function definition
     for ‘boxplot’
    pocket.plot : Pocket.plotA : Var: no visible global function definition
     for ‘box’
    pocket.plot : Pocket.plotA : Var: no visible global function definition
     for ‘abline’
    pocket.plot : Pocket.plotA : Var: no visible global function definition
     for ‘identify’
    rbf.tcv: no visible global function definition for ‘txtProgressBar’
    rbf.tcv: no visible global function definition for ‘setTxtProgressBar’
    seqPtsOptNet : evaluate: no visible global function definition for
     ‘plot’
    seqPtsOptNet : evaluate: no visible global function definition for
     ‘predict’
    simPtsOptNet : evaluate: no visible global function definition for
     ‘plot’
    simPtsOptNet : evaluate: no visible global function definition for
     ‘predict’
Flavors: r-devel-linux-x86_64-debian-clang, r-devel-linux-x86_64-debian-gcc, r-devel-linux-x86_64-fedora-clang, r-devel-linux-x86_64-fedora-gcc, r-devel-windows-ix86+x86_64