CRAN Package Check Results for Package geospt

Last updated on 2014-09-02 18:49:27.

Flavor Version Tinstall Tcheck Ttotal Status Flags
r-devel-linux-x86_64-debian-clang 0.5-0 3.50 64.52 68.02 NOTE
r-devel-linux-x86_64-debian-gcc 0.5-0 3.41 65.47 68.88 NOTE
r-devel-linux-x86_64-fedora-clang 0.5-0 154.14 NOTE
r-devel-linux-x86_64-fedora-gcc 0.5-0 148.24 NOTE
r-devel-osx-x86_64-clang 0.5-0 118.31 NOTE
r-devel-windows-ix86+x86_64 0.5-0 12.00 96.00 108.00 NOTE
r-patched-linux-x86_64 0.5-0 3.56 75.26 78.83 NOTE
r-patched-solaris-sparc 0.5-0 872.70 NOTE
r-patched-solaris-x86 0.5-0 186.50 NOTE
r-release-linux-ix86 0.5-0 4.50 85.69 90.19 NOTE
r-release-linux-x86_64 0.5-0 3.80 73.54 77.33 NOTE
r-release-osx-x86_64-mavericks 0.5-0 ERROR
r-release-osx-x86_64-snowleopard 0.5-0 ERROR
r-release-windows-ix86+x86_64 0.5-0 12.00 114.00 126.00 NOTE
r-oldrel-windows-ix86+x86_64 0.5-0 14.00 104.00 118.00 NOTE

Check Details

Version: 0.5-0
Check: package dependencies
Result: NOTE
    Depends: includes the non-default packages:
     ‘geoR’ ‘gstat’ ‘genalg’ ‘limSolve’ ‘MASS’ ‘plyr’ ‘TeachingDemos’
     ‘gsl’
    Adding so many packages to the search path is excessive and importing
    selectively is preferable.
Flavors: r-devel-linux-x86_64-debian-clang, r-devel-linux-x86_64-debian-gcc, r-devel-linux-x86_64-fedora-clang, r-devel-linux-x86_64-fedora-gcc, r-devel-osx-x86_64-clang, r-devel-windows-ix86+x86_64, r-patched-linux-x86_64, r-patched-solaris-sparc, r-patched-solaris-x86, r-release-linux-ix86, r-release-linux-x86_64, r-release-osx-x86_64-snowleopard, r-release-windows-ix86+x86_64

Version: 0.5-0
Check: dependencies in R code
Result: NOTE
    'library' or 'require' calls to packages already attached by Depends:
     ‘TeachingDemos’ ‘limSolve’ ‘plyr’
     Please remove these calls from your code.
    Packages in Depends field not imported from:
     ‘MASS’ ‘TeachingDemos’ ‘genalg’ ‘geoR’ ‘gsl’ ‘gstat’ ‘limSolve’
     ‘plyr’
     These packages need to be imported from (in the NAMESPACE file)
     for when this namespace is loaded but not attached.
    See the information on DESCRIPTION files in the chapter ‘Creating R
    packages’ of the ‘Writing R Extensions’ manual.
Flavors: r-devel-linux-x86_64-debian-clang, r-devel-linux-x86_64-debian-gcc, r-devel-linux-x86_64-fedora-clang, r-devel-linux-x86_64-fedora-gcc, r-devel-osx-x86_64-clang, r-devel-windows-ix86+x86_64, r-patched-linux-x86_64, r-patched-solaris-sparc, r-patched-solaris-x86, r-release-linux-ix86, r-release-linux-x86_64, r-release-windows-ix86+x86_64, r-oldrel-windows-ix86+x86_64

Version: 0.5-0
Check: R code for possible problems
Result: NOTE
    RBF.phi: no visible global function definition for ‘expint_E1’
    bestnet: no visible global function definition for ‘coordinates<-’
    bp.with.outlier.label: no visible global function definition for
     ‘is.formula’
    bp.with.outlier.label: no visible global function definition for
     ‘ddply’
    bp.with.outlier.label: no visible global function definition for ‘.’
    bp.with.outlier.label: no visible global function definition for
     ‘spread.labs’
    est.variograms: no visible global function definition for ‘which.na’
    pocket.plot: no visible binding for global variable ‘datos’
    rbf : rbf0: no visible global function definition for ‘Solve’
    samplePts: no visible global function definition for ‘spsample’
    seqPtsOptNet : evaluate: no visible global function definition for
     ‘coordinates<-’
    seqPtsOptNet : evaluate: no visible global function definition for
     ‘bbox’
    seqPtsOptNet : evaluate: no visible global function definition for
     ‘krige’
    seqPtsOptNet: no visible global function definition for ‘rbga’
    simPtsOptNet : evaluate: no visible global function definition for
     ‘coordinates<-’
    simPtsOptNet : evaluate: no visible global function definition for
     ‘bbox’
    simPtsOptNet : evaluate: no visible global function definition for
     ‘krige’
    simPtsOptNet: no visible global function definition for ‘rbga’
Flavors: r-devel-linux-x86_64-debian-clang, r-devel-linux-x86_64-debian-gcc, r-devel-linux-x86_64-fedora-clang, r-devel-linux-x86_64-fedora-gcc, r-devel-osx-x86_64-clang, r-devel-windows-ix86+x86_64

Version: 0.5-0
Check: R code for possible problems
Result: NOTE
    pocket.plot: no visible binding for global variable ‘datos’
    seqPtsOptNet : evaluate: possible error in krige(formula, locations,
     data = spDatF, newdata = pts2, model = fitmodel, ...): unused
     arguments (data = spDatF, newdata = pts2, model = fitmodel)
    simPtsOptNet : evaluate: possible error in krige(formula, locations,
     data = spDatF, newdata = pts2, model = fitmodel, ...): unused
     arguments (data = spDatF, newdata = pts2, model = fitmodel)
Flavors: r-patched-linux-x86_64, r-patched-solaris-sparc, r-patched-solaris-x86, r-release-linux-ix86, r-release-linux-x86_64, r-release-windows-ix86+x86_64, r-oldrel-windows-ix86+x86_64

Version: 0.5-0
Check: package dependencies
Result: ERROR
    Packages required but not available: ‘gstat’ ‘gsl’
    
    Depends: includes the non-default packages:
     ‘geoR’ ‘gstat’ ‘genalg’ ‘limSolve’ ‘MASS’ ‘plyr’ ‘TeachingDemos’
     ‘gsl’
    Adding so many packages to the search path is excessive and importing
    selectively is preferable.
    
    See the information on DESCRIPTION files in the chapter ‘Creating R
    packages’ of the ‘Writing R Extensions’ manual.
Flavor: r-release-osx-x86_64-mavericks

Version: 0.5-0
Check: whether package can be installed
Result: ERROR
    Installation failed.
Flavor: r-release-osx-x86_64-snowleopard