CRAN Package Check Results for Package geospt

Last updated on 2014-10-25 23:46:41.

Flavor Version Tinstall Tcheck Ttotal Status Flags
r-devel-linux-x86_64-debian-clang 1.0-0 4.84 70.59 75.42 OK
r-devel-linux-x86_64-debian-gcc 1.0-0 4.71 70.67 75.38 OK
r-devel-linux-x86_64-fedora-clang 1.0-0 167.00 OK
r-devel-linux-x86_64-fedora-gcc 1.0-0 157.69 OK
r-devel-osx-x86_64-clang 1.0-0 135.55 OK
r-devel-windows-ix86+x86_64 1.0-0 14.00 101.00 115.00 OK
r-patched-linux-x86_64 1.0-0 4.98 75.24 80.22 OK
r-patched-solaris-sparc 1.0-0 867.00 OK
r-patched-solaris-x86 1.0-0 197.30 OK
r-release-linux-ix86 1.0-0 6.18 90.07 96.25 OK
r-release-linux-x86_64 1.0-0 5.22 74.15 79.37 OK
r-release-osx-x86_64-mavericks 1.0-0 ERROR
r-release-osx-x86_64-snowleopard 1.0-0 OK
r-release-windows-ix86+x86_64 1.0-0 16.00 115.00 131.00 OK
r-oldrel-windows-ix86+x86_64 1.0-0 13.00 109.00 122.00 OK

Check Details

Version: 1.0-0
Check: package dependencies
Result: ERROR
    Packages required but not available: ‘gstat’ ‘gsl’
    
    See the information on DESCRIPTION files in the chapter ‘Creating R
    packages’ of the ‘Writing R Extensions’ manual.
Flavor: r-release-osx-x86_64-mavericks