CRAN Package Check Results for Package geospt

Last updated on 2014-04-23 20:47:12.

Flavor Version Tinstall Tcheck Ttotal Status Flags
r-devel-linux-x86_64-debian-clang 0.5-0 3.74 74.70 78.44 NOTE
r-devel-linux-x86_64-debian-gcc 0.5-0 4.11 73.42 77.54 NOTE
r-devel-linux-x86_64-fedora-clang 0.5-0 167.33 NOTE
r-devel-linux-x86_64-fedora-gcc 0.5-0 159.35 NOTE
r-devel-osx-x86_64-clang 0.5-0 132.40 NOTE
r-devel-osx-x86_64-gcc 0.5-0 ERROR
r-devel-windows-ix86+x86_64 0.5-0 12.00 111.00 123.00 NOTE
r-patched-linux-x86_64 0.5-0 3.73 72.70 76.42 NOTE
r-patched-solaris-sparc 0.5-0 819.40 NOTE
r-patched-solaris-x86 0.5-0 188.60 NOTE
r-release-linux-ix86 0.5-0 6.00 114.00 120.00 NOTE
r-release-linux-x86_64 0.5-0 3.85 75.00 78.85 NOTE
r-release-osx-x86_64-mavericks 0.5-0 ERROR
r-release-osx-x86_64-snowleopard 0.5-0 ERROR
r-release-windows-ix86+x86_64 0.5-0 13.00 112.00 125.00 NOTE
r-oldrel-windows-ix86+x86_64 0.5-0 14.00 105.00 119.00 NOTE

Check Details

Version: 0.5-0
Check: package dependencies
Result: NOTE
    Depends: includes the non-default packages:
     ‘geoR’ ‘gstat’ ‘genalg’ ‘limSolve’ ‘MASS’ ‘plyr’ ‘TeachingDemos’
     ‘gsl’
    Adding so many packages to the search path is excessive and importing
    selectively is preferable.
Flavors: r-devel-linux-x86_64-debian-clang, r-devel-linux-x86_64-debian-gcc, r-devel-linux-x86_64-fedora-clang, r-devel-linux-x86_64-fedora-gcc, r-devel-osx-x86_64-clang, r-devel-windows-ix86+x86_64, r-patched-linux-x86_64, r-patched-solaris-sparc, r-patched-solaris-x86, r-release-linux-ix86, r-release-linux-x86_64, r-release-osx-x86_64-snowleopard, r-release-windows-ix86+x86_64

Version: 0.5-0
Check: dependencies in R code
Result: NOTE
    'library' or 'require' calls to packages already attached by Depends:
     ‘TeachingDemos’ ‘limSolve’ ‘plyr’
     Please remove these calls from your code.
    Packages in Depends field not imported from:
     ‘MASS’ ‘TeachingDemos’ ‘genalg’ ‘geoR’ ‘gsl’ ‘gstat’ ‘limSolve’
     ‘plyr’
     These packages need to be imported from (in the NAMESPACE file)
     for when this namespace is loaded but not attached.
    See the information on DESCRIPTION files in the chapter ‘Creating R
    packages’ of the ‘Writing R Extensions’ manual.
Flavors: r-devel-linux-x86_64-debian-clang, r-devel-linux-x86_64-debian-gcc, r-devel-linux-x86_64-fedora-clang, r-devel-linux-x86_64-fedora-gcc, r-devel-osx-x86_64-clang, r-devel-windows-ix86+x86_64, r-patched-linux-x86_64, r-patched-solaris-sparc, r-patched-solaris-x86, r-release-linux-ix86, r-release-linux-x86_64, r-release-windows-ix86+x86_64, r-oldrel-windows-ix86+x86_64

Version: 0.5-0
Check: R code for possible problems
Result: NOTE
    pocket.plot: no visible binding for global variable ‘datos’
    seqPtsOptNet : evaluate: possible error in krige(formula, locations,
     data = spDatF, newdata = pts2, model = fitmodel, ...): unused
     arguments (data = spDatF, newdata = pts2, model = fitmodel)
    simPtsOptNet : evaluate: possible error in krige(formula, locations,
     data = spDatF, newdata = pts2, model = fitmodel, ...): unused
     arguments (data = spDatF, newdata = pts2, model = fitmodel)
Flavors: r-devel-linux-x86_64-debian-clang, r-devel-linux-x86_64-debian-gcc, r-devel-linux-x86_64-fedora-clang, r-devel-linux-x86_64-fedora-gcc, r-devel-osx-x86_64-clang, r-devel-windows-ix86+x86_64, r-patched-linux-x86_64, r-patched-solaris-sparc, r-patched-solaris-x86, r-release-linux-ix86, r-release-linux-x86_64, r-release-windows-ix86+x86_64, r-oldrel-windows-ix86+x86_64

Version: 0.5-0
Check: package dependencies
Result: ERROR
    Packages required but not available: ‘geoR’ ‘gstat’
    
    Depends: includes the non-default packages:
     ‘geoR’ ‘gstat’ ‘genalg’ ‘limSolve’ ‘MASS’ ‘plyr’ ‘TeachingDemos’
     ‘gsl’
    Adding so many packages to the search path is excessive and importing
    selectively is preferable.
    
    See the information on DESCRIPTION files in the chapter ‘Creating R
    packages’ of the ‘Writing R Extensions’ manual.
Flavor: r-devel-osx-x86_64-gcc

Version: 0.5-0
Check: package dependencies
Result: ERROR
    Packages required but not available: ‘gstat’ ‘gsl’
    
    Depends: includes the non-default packages:
     ‘geoR’ ‘gstat’ ‘genalg’ ‘limSolve’ ‘MASS’ ‘plyr’ ‘TeachingDemos’
     ‘gsl’
    Adding so many packages to the search path is excessive and importing
    selectively is preferable.
    
    See the information on DESCRIPTION files in the chapter ‘Creating R
    packages’ of the ‘Writing R Extensions’ manual.
Flavor: r-release-osx-x86_64-mavericks

Version: 0.5-0
Check: whether package can be installed
Result: ERROR
    Installation failed.
    See ‘/Volumes/XT3/Builds/R-dev-web/QA/Simon/packages/snowleopard-x86_64/results/3.1/geospt.Rcheck/00install.out’ for details.
Flavor: r-release-osx-x86_64-snowleopard