CRAN Package Check Results for Package geotopbricks

Last updated on 2015-03-03 12:50:35.

Flavor Version Tinstall Tcheck Ttotal Status Flags
r-devel-linux-x86_64-debian-clang 1.3.6 3.74 44.66 48.40 OK
r-devel-linux-x86_64-debian-gcc 1.3.6 3.50 42.72 46.23 OK
r-devel-linux-x86_64-fedora-clang 1.3.6 95.74 OK
r-devel-linux-x86_64-fedora-gcc 1.3.6 92.20 OK
r-devel-osx-x86_64-clang 1.3.6 84.57 OK
r-devel-windows-ix86+x86_64 1.3.6 18.00 83.00 101.00 OK
r-patched-linux-x86_64 1.3.6 4.36 54.16 58.52 OK
r-patched-solaris-sparc 1.3.6 717.20 OK
r-patched-solaris-x86 1.3.6 169.10 OK
r-release-linux-ix86 1.3.5.4 4.82 61.76 66.58 OK
r-release-linux-x86_64 1.3.6 4.30 54.55 58.86 OK
r-release-osx-x86_64-mavericks 1.3.6 ERROR
r-release-osx-x86_64-snowleopard 1.3.6 OK
r-release-windows-ix86+x86_64 1.3.6 20.00 107.00 127.00 OK
r-oldrel-windows-ix86+x86_64 1.3.6 12.00 71.00 83.00 OK

Check Details

Version: 1.3.6
Check: package dependencies
Result: ERROR
    Package required but not available: ‘rgdal’
    
    See section ‘The DESCRIPTION file’ in the ‘Writing R Extensions’
    manual.
Flavor: r-release-osx-x86_64-mavericks