CRAN Package Check Results for Package geotopbricks

Last updated on 2015-07-02 23:47:12.

Flavor Version Tinstall Tcheck Ttotal Status Flags
r-devel-linux-x86_64-debian-clang 1.3.7.2 3.99 48.13 52.12 NOTE
r-devel-linux-x86_64-debian-gcc 1.3.7.2 4.72 43.50 48.22 NOTE
r-devel-linux-x86_64-fedora-clang 1.3.7.2 91.40 NOTE
r-devel-linux-x86_64-fedora-gcc 1.3.7.2 92.58 NOTE
r-devel-osx-x86_64-clang 1.3.7.2 84.64 OK
r-devel-windows-ix86+x86_64 1.3.7.2 12.00 63.00 75.00 NOTE
r-patched-linux-x86_64 1.3.7.2 3.63 46.36 49.98 OK
r-patched-solaris-sparc 1.3.7.2 505.00 OK
r-patched-solaris-x86 1.3.7.2 131.80 OK
r-release-linux-x86_64 1.3.7.2 3.46 44.88 48.34 OK
r-release-osx-x86_64-mavericks 1.3.7.2 OK
r-release-windows-ix86+x86_64 1.3.7.2 10.00 62.00 72.00 OK
r-oldrel-windows-ix86+x86_64 1.3.7.2 16.00 79.00 95.00 OK

Check Details

Version: 1.3.7.2
Check: R code for possible problems
Result: NOTE
    color.bar: no visible global function definition for ‘dev.new’
    color.bar: no visible global function definition for ‘plot’
    color.bar: no visible global function definition for ‘axis’
    color.bar: no visible global function definition for ‘rect’
    color.bar: no visible global function definition for ‘dev.off’
    create.geotop.meteo.files: no visible global function definition for
     ‘write.table’
    geotopbrick.GeotopRasterBrick: no visible global function definition
     for ‘new’
    geotopbrick.RasterBrick: no visible global function definition for
     ‘new’
    geotopbrick.RasterLayer: no visible global function definition for
     ‘new’
    geotopbrick.default: no visible global function definition for ‘new’
    geotopbrick.zoo: no visible global function definition for ‘new’
    get.geotop.inpts.keyword.value: no visible global function definition
     for ‘read.table’
    Ops,GeotopRasterBrick-GeotopRasterBrick: no visible global function
     definition for ‘new’
    Ops,GeotopRasterBrick-GeotopRasterBrick: no visible global function
     definition for ‘callGeneric’
    Ops,GeotopRasterBrick-numeric: no visible global function definition
     for ‘callGeneric’
    Ops,numeric-GeotopRasterBrick: no visible global function definition
     for ‘callGeneric’
    plot,GeotopRasterBrick-ANY: no visible global function definition for
     ‘plot’
    Undefined global functions or variables:
     axis callGeneric dev.new dev.off new plot read.table rect write.table
Flavors: r-devel-linux-x86_64-debian-clang, r-devel-linux-x86_64-fedora-clang, r-devel-linux-x86_64-fedora-gcc, r-devel-windows-ix86+x86_64

Version: 1.3.7.2
Check: R code for possible problems
Result: NOTE
    color.bar: no visible global function definition for ‘dev.new’
    color.bar: no visible global function definition for ‘plot’
    color.bar: no visible global function definition for ‘axis’
    color.bar: no visible global function definition for ‘rect’
    color.bar: no visible global function definition for ‘dev.off’
    create.geotop.meteo.files: no visible global function definition for
     ‘write.table’
    geotopbrick.GeotopRasterBrick: no visible global function definition
     for ‘new’
    geotopbrick.RasterBrick: no visible global function definition for
     ‘new’
    geotopbrick.RasterLayer: no visible global function definition for
     ‘new’
    geotopbrick.default: no visible global function definition for ‘new’
    geotopbrick.zoo: no visible global function definition for ‘new’
    get.geotop.inpts.keyword.value: no visible global function definition
     for ‘read.table’
    Ops,GeotopRasterBrick-GeotopRasterBrick: no visible global function
     definition for ‘new’
    Ops,GeotopRasterBrick-GeotopRasterBrick: no visible global function
     definition for ‘callGeneric’
    Ops,GeotopRasterBrick-numeric: no visible global function definition
     for ‘callGeneric’
    Ops,numeric-GeotopRasterBrick: no visible global function definition
     for ‘callGeneric’
    plot,GeotopRasterBrick-ANY: no visible global function definition for
     ‘plot’
Flavor: r-devel-linux-x86_64-debian-gcc