CRAN Package Check Results for Package geotopbricks

Last updated on 2015-05-22 19:48:06.

Flavor Version Tinstall Tcheck Ttotal Status Flags
r-devel-linux-x86_64-debian-clang 1.3.6 3.57 45.10 48.67 OK
r-devel-linux-x86_64-debian-gcc 1.3.6 3.57 43.22 46.79 OK
r-devel-linux-x86_64-fedora-clang 1.3.6 93.71 OK
r-devel-linux-x86_64-fedora-gcc 1.3.6 90.02 OK
r-devel-osx-x86_64-clang 1.3.6 84.33 OK
r-devel-windows-ix86+x86_64 1.3.6 17.00 60.00 77.00 OK
r-patched-linux-x86_64 1.3.6 3.39 44.46 47.84 OK
r-patched-solaris-sparc 1.3.6 563.40 OK
r-patched-solaris-x86 1.3.6 132.30 OK
r-release-linux-x86_64 1.3.6 3.75 43.69 47.44 OK
r-release-osx-x86_64-mavericks 1.3.6 OK
r-release-osx-x86_64-snowleopard 1.3.6 ERROR
r-release-windows-ix86+x86_64 1.3.6 10.00 66.00 76.00 OK
r-oldrel-windows-ix86+x86_64 1.3.6 14.00 75.00 89.00 OK

Check Details

Version: 1.3.6
Check: package dependencies
Result: ERROR
    Packages required but not available: ‘raster’ ‘zoo’
    
    See section ‘The DESCRIPTION file’ in the ‘Writing R Extensions’
    manual.
Flavor: r-release-osx-x86_64-snowleopard