CRAN Package Check Results for Package geotopbricks

Last updated on 2015-02-01 20:48:35.

Flavor Version Tinstall Tcheck Ttotal Status Flags
r-devel-linux-x86_64-debian-clang 1.3.5.4 3.67 41.88 45.56 OK
r-devel-linux-x86_64-debian-gcc 1.3.5.4 3.30 39.56 42.86 OK
r-devel-linux-x86_64-fedora-clang 1.3.5.4 91.10 OK
r-devel-linux-x86_64-fedora-gcc 1.3.5.4 87.00 OK
r-devel-osx-x86_64-clang 1.3.5.4 87.24 OK
r-devel-windows-ix86+x86_64 1.3.5.4 17.00 56.00 73.00 OK
r-patched-linux-x86_64 1.3.5.4 4.40 49.89 54.29 OK
r-patched-solaris-sparc 1.3.5.4 632.70 OK
r-patched-solaris-x86 1.3.5.4 144.20 OK
r-release-linux-ix86 1.3.5.4 4.74 59.29 64.03 OK
r-release-linux-x86_64 1.3.5.4 4.02 49.58 53.61 OK
r-release-osx-x86_64-mavericks 1.3.5.4 NOTE
r-release-osx-x86_64-snowleopard 1.3.5.4 OK
r-release-windows-ix86+x86_64 1.3.5.4 13.00 72.00 85.00 OK
r-oldrel-windows-ix86+x86_64 1.3.5.4 14.00 70.00 84.00 OK

Check Details

Version: 1.3.5.4
Check: package dependencies
Result: NOTE
    Package suggested but not available for checking: ‘rgdal’
Flavor: r-release-osx-x86_64-mavericks