CRAN Package Check Results for Package geotopbricks

Last updated on 2014-11-23 03:47:59.

Flavor Version Tinstall Tcheck Ttotal Status Flags
r-devel-linux-x86_64-debian-clang 1.3.5.4 4.38 49.08 53.46 OK
r-devel-linux-x86_64-debian-gcc 1.3.5.4 3.78 47.69 51.46 OK
r-devel-linux-x86_64-fedora-clang 1.3.5.4 114.94 OK
r-devel-linux-x86_64-fedora-gcc 1.3.5.4 107.98 OK
r-devel-osx-x86_64-clang 1.3.5.4 101.71 OK
r-devel-windows-ix86+x86_64 1.3.5.4 11.00 65.00 76.00 OK
r-patched-linux-x86_64 1.3.5.4 4.07 49.23 53.30 OK
r-patched-solaris-sparc 1.3.5.4 648.50 OK
r-patched-solaris-x86 1.3.5.4 145.30 OK
r-release-linux-ix86 1.3.5.4 5.04 57.77 62.82 OK
r-release-linux-x86_64 1.3.5.4 4.02 49.89 53.90 OK
r-release-osx-x86_64-mavericks 1.3.5.4 NOTE
r-release-osx-x86_64-snowleopard 1.3.5.4 OK
r-release-windows-ix86+x86_64 1.3.5.4 14.00 66.00 80.00 OK
r-oldrel-windows-ix86+x86_64 1.3.5.4 11.00 68.00 79.00 OK

Check Details

Version: 1.3.5.4
Check: package dependencies
Result: NOTE
    Package suggested but not available for checking: ‘rgdal’
Flavor: r-release-osx-x86_64-mavericks