CRAN Package Check Results for Package geotopbricks

Last updated on 2015-08-27 23:46:54.

Flavor Version Tinstall Tcheck Ttotal Status Flags
r-devel-linux-x86_64-debian-clang 1.3.7.2 3.54 48.14 51.67 NOTE
r-devel-linux-x86_64-debian-gcc 1.3.7.2 3.42 45.09 48.50 NOTE
r-devel-linux-x86_64-fedora-clang 1.3.7.2 95.11 NOTE
r-devel-linux-x86_64-fedora-gcc 1.3.7.2 90.01 NOTE
r-devel-osx-x86_64-clang 1.3.7.2 79.10 NOTE
r-devel-windows-ix86+x86_64 1.3.7.2 18.00 75.00 93.00 NOTE
r-patched-linux-x86_64 1.3.7.2 3.60 49.96 53.56 OK
r-patched-solaris-sparc 1.3.7.2 603.00 OK
r-patched-solaris-x86 1.3.7.2 142.10 OK
r-release-linux-x86_64 1.3.7.2 3.88 46.83 50.71 OK
r-release-osx-x86_64-mavericks 1.3.7.2 OK
r-release-windows-ix86+x86_64 1.3.7.2 16.00 77.00 93.00 OK
r-oldrel-windows-ix86+x86_64 1.3.7.2 19.00 92.00 111.00 OK

Check Details

Version: 1.3.7.2
Check: whether the namespace can be loaded with stated dependencies
Result: NOTE
    Warning: no function found corresponding to methods exports from ‘geotopbricks’ for: ‘Ops’, ‘plot’
    
    A namespace must be able to be loaded with just the base namespace
    loaded: otherwise if the namespace gets loaded by a saved object, the
    session will be unable to start.
    
    Probably some imports need to be declared in the NAMESPACE file.
Flavors: r-devel-linux-x86_64-debian-clang, r-devel-linux-x86_64-debian-gcc, r-devel-linux-x86_64-fedora-clang, r-devel-linux-x86_64-fedora-gcc, r-devel-osx-x86_64-clang, r-devel-windows-ix86+x86_64

Version: 1.3.7.2
Check: R code for possible problems
Result: NOTE
    color.bar: no visible global function definition for ‘dev.new’
    color.bar: no visible global function definition for ‘plot’
    color.bar: no visible global function definition for ‘axis’
    color.bar: no visible global function definition for ‘rect’
    color.bar: no visible global function definition for ‘dev.off’
    create.geotop.meteo.files: no visible global function definition for
     ‘write.table’
    geotopbrick.GeotopRasterBrick: no visible global function definition
     for ‘new’
    geotopbrick.RasterBrick: no visible global function definition for
     ‘new’
    geotopbrick.RasterLayer: no visible global function definition for
     ‘new’
    geotopbrick.default: no visible global function definition for ‘new’
    geotopbrick.zoo: no visible global function definition for ‘new’
    get.geotop.inpts.keyword.value: no visible global function definition
     for ‘read.table’
    Ops,GeotopRasterBrick-GeotopRasterBrick: no visible global function
     definition for ‘new’
    Ops,GeotopRasterBrick-GeotopRasterBrick: no visible global function
     definition for ‘callGeneric’
    Ops,GeotopRasterBrick-numeric: no visible global function definition
     for ‘callGeneric’
    Ops,numeric-GeotopRasterBrick: no visible global function definition
     for ‘callGeneric’
    plot,GeotopRasterBrick-ANY: no visible global function definition for
     ‘plot’
    Undefined global functions or variables:
     axis callGeneric dev.new dev.off new plot read.table rect write.table
    Consider adding
     importFrom("grDevices", "dev.new", "dev.off")
     importFrom("graphics", "axis", "plot", "rect")
     importFrom("methods", "callGeneric", "new")
     importFrom("utils", "read.table", "write.table")
    to your NAMESPACE (and ensure that your DESCRIPTION Imports field
    contains 'methods').
Flavors: r-devel-linux-x86_64-debian-clang, r-devel-linux-x86_64-debian-gcc, r-devel-linux-x86_64-fedora-clang, r-devel-linux-x86_64-fedora-gcc, r-devel-windows-ix86+x86_64