CRAN Package Check Results for Package geotopbricks

Last updated on 2015-04-01 03:49:17.

Flavor Version Tinstall Tcheck Ttotal Status Flags
r-devel-linux-x86_64-debian-clang 1.3.6 3.44 45.94 49.38 OK
r-devel-linux-x86_64-debian-gcc 1.3.6 3.55 43.20 46.75 OK
r-devel-linux-x86_64-fedora-clang 1.3.6 94.98 OK
r-devel-linux-x86_64-fedora-gcc 1.3.6 93.07 OK
r-devel-osx-x86_64-clang 1.3.6 87.42 OK
r-prerel-windows-ix86+x86_64 1.3.6 14.00 62.00 76.00 OK
r-prerel-linux-x86_64 1.3.6 3.52 43.66 47.19 OK
r-prerel-solaris-sparc 1.3.6 672.70 OK
r-prerel-solaris-x86 1.3.6 128.40 OK
r-release-linux-x86_64 1.3.6 4.40 55.10 59.49 OK
r-release-osx-x86_64-mavericks 1.3.6 ERROR
r-release-osx-x86_64-snowleopard 1.3.6 OK
r-release-windows-ix86+x86_64 1.3.6 13.00 76.00 89.00 OK
r-oldrel-windows-ix86+x86_64 1.3.6 14.00 71.00 85.00 OK

Check Details

Version: 1.3.6
Check: package dependencies
Result: ERROR
    Package required but not available: ‘rgdal’
    
    See section ‘The DESCRIPTION file’ in the ‘Writing R Extensions’
    manual.
Flavor: r-release-osx-x86_64-mavericks