CRAN Package Check Results for Package geotopbricks

Last updated on 2014-12-20 11:49:52.

Flavor Version Tinstall Tcheck Ttotal Status Flags
r-devel-linux-x86_64-debian-clang 1.3.5.4 3.89 48.84 52.74 OK
r-devel-linux-x86_64-debian-gcc 1.3.5.4 3.71 47.90 51.61 OK
r-devel-linux-x86_64-fedora-clang 1.3.5.4 115.13 OK
r-devel-linux-x86_64-fedora-gcc 1.3.5.4 101.52 OK
r-devel-osx-x86_64-clang 1.3.5.4 100.65 OK
r-devel-windows-ix86+x86_64 1.3.5.4 12.00 67.00 79.00 OK
r-patched-linux-x86_64 1.3.5.4 4.15 50.03 54.18 OK
r-patched-solaris-sparc 1.3.5.4 648.50 OK
r-patched-solaris-x86 1.3.5.4 144.70 OK
r-release-linux-ix86 1.3.5.4 4.64 57.63 62.27 OK
r-release-linux-x86_64 1.3.5.4 4.14 50.62 54.76 OK
r-release-osx-x86_64-mavericks 1.3.5.4 NOTE
r-release-osx-x86_64-snowleopard 1.3.5.4 OK
r-release-windows-ix86+x86_64 1.3.5.4 12.00 71.00 83.00 OK
r-oldrel-windows-ix86+x86_64 1.3.5.4 13.00 70.00 83.00 OK

Check Details

Version: 1.3.5.4
Check: package dependencies
Result: NOTE
    Package suggested but not available for checking: ‘rgdal’
Flavor: r-release-osx-x86_64-mavericks