CRAN Package Check Results for Package geotopbricks

Last updated on 2014-08-31 05:50:09.

Flavor Version Tinstall Tcheck Ttotal Status Flags
r-devel-linux-x86_64-debian-clang 1.3.5.4 3.96 47.81 51.77 OK
r-devel-linux-x86_64-debian-gcc 1.3.5.4 3.82 46.87 50.68 OK
r-devel-linux-x86_64-fedora-clang 1.3.5.4 119.70 OK
r-devel-linux-x86_64-fedora-gcc 1.3.5.4 109.03 OK
r-devel-osx-x86_64-clang 1.3.5.4 95.36 OK
r-devel-windows-ix86+x86_64 1.3.5.4 10.00 67.00 77.00 OK
r-patched-linux-x86_64 1.3.5.4 4.01 49.25 53.26 OK
r-patched-solaris-sparc 1.3.5.4 648.50 OK
r-patched-solaris-x86 1.3.5.4 145.40 OK
r-release-linux-ix86 1.3.5.4 4.90 60.32 65.21 OK
r-release-linux-x86_64 1.3.5.4 4.12 49.94 54.06 OK
r-release-osx-x86_64-mavericks 1.3.5.4 NOTE
r-release-osx-x86_64-snowleopard 1.3.5.4 OK
r-release-windows-ix86+x86_64 1.3.5.4 13.00 66.00 79.00 OK
r-oldrel-windows-ix86+x86_64 1.3.5.4 12.00 64.00 76.00 OK

Check Details

Version: 1.3.5.4
Check: package dependencies
Result: NOTE
    Package suggested but not available for checking: ‘rgdal’
Flavor: r-release-osx-x86_64-mavericks