CRAN Package Check Results for Package geotopbricks

Last updated on 2014-09-02 20:48:50.

Flavor Version Tinstall Tcheck Ttotal Status Flags
r-devel-linux-x86_64-debian-clang 1.3.5.4 3.95 47.84 51.78 OK
r-devel-linux-x86_64-debian-gcc 1.3.5.4 4.22 46.56 50.78 OK
r-devel-linux-x86_64-fedora-clang 1.3.5.4 116.19 OK
r-devel-linux-x86_64-fedora-gcc 1.3.5.4 109.03 OK
r-devel-osx-x86_64-clang 1.3.5.4 94.34 OK
r-devel-windows-ix86+x86_64 1.3.5.4 11.00 67.00 78.00 OK
r-patched-linux-x86_64 1.3.5.4 4.64 49.43 54.08 OK
r-patched-solaris-sparc 1.3.5.4 648.50 OK
r-patched-solaris-x86 1.3.5.4 147.30 OK
r-release-linux-ix86 1.3.5.4 4.89 60.52 65.41 OK
r-release-linux-x86_64 1.3.5.4 4.08 49.56 53.64 OK
r-release-osx-x86_64-mavericks 1.3.5.4 NOTE
r-release-osx-x86_64-snowleopard 1.3.5.4 OK
r-release-windows-ix86+x86_64 1.3.5.4 10.00 69.00 79.00 OK
r-oldrel-windows-ix86+x86_64 1.3.5.4 10.00 64.00 74.00 OK

Check Details

Version: 1.3.5.4
Check: package dependencies
Result: NOTE
    Package suggested but not available for checking: ‘rgdal’
Flavor: r-release-osx-x86_64-mavericks