CRAN Package Check Results for Package geotopbricks

Last updated on 2014-07-25 14:47:36.

Flavor Version Tinstall Tcheck Ttotal Status Flags
r-devel-linux-x86_64-debian-clang 1.3.5.4 4.10 48.84 52.94 OK
r-devel-linux-x86_64-debian-gcc 1.3.5.4 3.94 48.52 52.47 OK
r-devel-linux-x86_64-fedora-clang 1.3.5.4 118.53 OK
r-devel-linux-x86_64-fedora-gcc 1.3.5.4 115.10 OK
r-devel-osx-x86_64-clang 1.3.5.4 98.19 OK
r-devel-windows-ix86+x86_64 1.3.5.4 13.00 67.00 80.00 OK
r-patched-linux-x86_64 1.3.5.4 4.03 48.70 52.73 OK
r-patched-solaris-sparc 1.3.5.4 607.60 OK
r-patched-solaris-x86 1.3.5.4 144.60 OK
r-release-linux-ix86 1.3.5.4 4.94 61.12 66.06 OK
r-release-linux-x86_64 1.3.5.4 4.31 50.34 54.64 OK
r-release-osx-x86_64-mavericks 1.3.5.4 NOTE
r-release-osx-x86_64-snowleopard 1.3.5.4 OK
r-release-windows-ix86+x86_64 1.3.5.4 10.00 69.00 79.00 OK
r-oldrel-windows-ix86+x86_64 1.3.5.4 10.00 68.00 78.00 OK

Check Details

Version: 1.3.5.4
Check: package dependencies
Result: NOTE
    Package suggested but not available for checking: ‘rgdal’
Flavor: r-release-osx-x86_64-mavericks