CRAN Package Check Results for Package geotopbricks

Last updated on 2014-04-23 07:54:59.

Flavor Version Tinstall Tcheck Ttotal Status Flags
r-devel-linux-x86_64-debian-clang 1.3.5 4.59 51.01 55.60 OK
r-devel-linux-x86_64-debian-gcc 1.3.5 4.47 50.70 55.18 OK
r-devel-linux-x86_64-fedora-clang 1.3.5 118.80 OK
r-devel-linux-x86_64-fedora-gcc 1.3.5 112.98 OK
r-devel-osx-x86_64-clang 1.3.5 92.32 OK
r-devel-osx-x86_64-gcc 1.3.5 ERROR
r-devel-windows-ix86+x86_64 1.3.5 9.00 75.00 84.00 OK
r-patched-linux-x86_64 1.3.5 4.46 49.90 54.36 OK
r-patched-solaris-sparc 1.3.5 629.30 OK
r-patched-solaris-x86 1.3.5 148.60 OK
r-release-linux-ix86 1.3.5 7.00 80.00 87.00 OK
r-release-linux-x86_64 1.3.5 4.31 50.75 55.06 OK
r-release-osx-x86_64-mavericks 1.3.5 WARN
r-release-osx-x86_64-snowleopard 1.3.5 OK
r-release-windows-ix86+x86_64 1.3.5 9.00 66.00 75.00 OK
r-oldrel-windows-ix86+x86_64 1.3.5 10.00 77.00 87.00 OK

Check Details

Version: 1.3.5
Check: package dependencies
Result: ERROR
    Packages required but not available: ‘raster’ ‘zoo’
    
    See the information on DESCRIPTION files in the chapter ‘Creating R
    packages’ of the ‘Writing R Extensions’ manual.
Flavor: r-devel-osx-x86_64-gcc

Version: 1.3.5
Check: package dependencies
Result: NOTE
    Package suggested but not available for checking: ‘rgdal’
Flavor: r-release-osx-x86_64-mavericks

Version: 1.3.5
Check: PDF version of manual
Result: WARNING
    LaTeX errors when creating PDF version.
    This typically indicates Rd problems.
    LaTeX errors found:
    ! LaTeX Error: File `upquote.sty' not found.
    
    Type X to quit or <RETURN> to proceed,
    or enter new name. (Default extension: sty)
    
    8d985fd/Rd2.tex:8: ==> Fatal error occurred, no output PDF file produced!
Flavor: r-release-osx-x86_64-mavericks