CRAN Package Check Results for Package geotopbricks

Last updated on 2014-10-25 03:49:27.

Flavor Version Tinstall Tcheck Ttotal Status Flags
r-devel-linux-x86_64-debian-clang 1.3.5.4 4.16 47.84 51.99 OK
r-devel-linux-x86_64-debian-gcc 1.3.5.4 3.77 48.26 52.03 OK
r-devel-linux-x86_64-fedora-clang 1.3.5.4 113.84 OK
r-devel-linux-x86_64-fedora-gcc 1.3.5.4 108.54 OK
r-devel-osx-x86_64-clang 1.3.5.4 100.24 OK
r-devel-windows-ix86+x86_64 1.3.5.4 11.00 65.00 76.00 OK
r-patched-linux-x86_64 1.3.5.4 4.16 49.27 53.43 OK
r-patched-solaris-sparc 1.3.5.4 648.50 OK
r-patched-solaris-x86 1.3.5.4 145.00 OK
r-release-linux-ix86 1.3.5.4 5.00 61.20 66.20 OK
r-release-linux-x86_64 1.3.5.4 4.20 49.73 53.93 OK
r-release-osx-x86_64-mavericks 1.3.5.4 NOTE
r-release-osx-x86_64-snowleopard 1.3.5.4 OK
r-release-windows-ix86+x86_64 1.3.5.4 12.00 67.00 79.00 OK
r-oldrel-windows-ix86+x86_64 1.3.5.4 12.00 69.00 81.00 OK

Check Details

Version: 1.3.5.4
Check: package dependencies
Result: NOTE
    Package suggested but not available for checking: ‘rgdal’
Flavor: r-release-osx-x86_64-mavericks