CRAN Package Check Results for Package geozoo

Last updated on 2015-04-26 23:46:47.

Flavor Version Tinstall Tcheck Ttotal Status Flags
r-devel-linux-x86_64-debian-clang 0.4.3 0.68 12.53 13.21 NOTE
r-devel-linux-x86_64-debian-gcc 0.4.3 0.68 12.35 13.03 NOTE
r-devel-linux-x86_64-fedora-clang 0.4.3 24.00 NOTE
r-devel-linux-x86_64-fedora-gcc 0.4.3 22.10 NOTE
r-devel-osx-x86_64-clang 0.4.3 27.01 NOTE
r-devel-windows-ix86+x86_64 0.4.3 3.00 22.00 25.00 NOTE
r-patched-linux-x86_64 0.4.3 0.68 12.56 13.24 NOTE
r-patched-solaris-sparc 0.4.3 124.20 NOTE --no-examples
r-patched-solaris-x86 0.4.3 31.90 NOTE
r-release-linux-x86_64 0.4.3 0.68 12.43 13.10 NOTE
r-release-osx-x86_64-mavericks 0.4.3 NOTE
r-release-osx-x86_64-snowleopard 0.4.3 ERROR
r-release-windows-ix86+x86_64 0.4.3 3.00 21.00 24.00 NOTE
r-oldrel-windows-ix86+x86_64 0.4.3 2.00 22.00 24.00 NOTE

Check Details

Version: 0.4.3
Check: DESCRIPTION meta-information
Result: NOTE
    Malformed Description field: should contain one or more complete sentences.
Flavors: r-devel-linux-x86_64-debian-clang, r-devel-linux-x86_64-fedora-clang, r-devel-linux-x86_64-fedora-gcc, r-devel-osx-x86_64-clang, r-devel-windows-ix86+x86_64, r-patched-solaris-x86, r-release-osx-x86_64-mavericks, r-release-osx-x86_64-snowleopard, r-release-windows-ix86+x86_64

Version: 0.4.3
Check: dependencies in R code
Result: NOTE
    'library' or 'require' call to ‘tourr’ in package code.
     Please use :: or requireNamespace() instead.
     See section 'Suggested packages' in the 'Writing R Extensions' manual.
    Package in Depends field not imported from: ‘bitops’
     These packages need to be imported from (in the NAMESPACE file)
     for when this namespace is loaded but not attached.
Flavors: r-devel-linux-x86_64-debian-clang, r-devel-linux-x86_64-fedora-clang, r-devel-linux-x86_64-fedora-gcc, r-devel-osx-x86_64-clang, r-devel-windows-ix86+x86_64, r-patched-solaris-x86, r-release-osx-x86_64-mavericks, r-release-osx-x86_64-snowleopard, r-release-windows-ix86+x86_64, r-oldrel-windows-ix86+x86_64

Version: 0.4.3
Check: R code for possible problems
Result: NOTE
    .cube.wires: no visible global function definition for ‘bitXor’
Flavors: r-devel-linux-x86_64-debian-clang, r-devel-linux-x86_64-fedora-clang, r-devel-linux-x86_64-fedora-gcc, r-devel-osx-x86_64-clang, r-devel-windows-ix86+x86_64, r-patched-solaris-x86, r-release-osx-x86_64-mavericks, r-release-osx-x86_64-snowleopard, r-release-windows-ix86+x86_64, r-oldrel-windows-ix86+x86_64

Version: 0.4.3
Flags: --no-examples
Check: DESCRIPTION meta-information
Result: NOTE
    Malformed Description field: should contain one or more complete sentences.
Flavor: r-patched-solaris-sparc

Version: 0.4.3
Flags: --no-examples
Check: dependencies in R code
Result: NOTE
    'library' or 'require' call to ‘tourr’ in package code.
     Please use :: or requireNamespace() instead.
     See section 'Suggested packages' in the 'Writing R Extensions' manual.
    Package in Depends field not imported from: ‘bitops’
     These packages need to be imported from (in the NAMESPACE file)
     for when this namespace is loaded but not attached.
Flavor: r-patched-solaris-sparc

Version: 0.4.3
Flags: --no-examples
Check: R code for possible problems
Result: NOTE
    .cube.wires: no visible global function definition for ‘bitXor’
Flavor: r-patched-solaris-sparc

Version: 0.4.3
Check: package dependencies
Result: NOTE
    Package suggested but not available for checking: ‘tourr’
Flavor: r-release-osx-x86_64-snowleopard

Version: 0.4.3
Check: examples
Result: ERROR
    Running examples in ‘geozoo-Ex.R’ failed
    The error most likely occurred in:
    
    > ### Name: boy.surface
    > ### Title: Boy Surface
    > ### Aliases: boy.surface
    > ### Keywords: dynamic
    >
    > ### ** Examples
    >
    > ## Generates a Boy Surface
    > boy.surface(n = 1000)
    Loading required package: tourr
    Warning in library(package, lib.loc = lib.loc, character.only = TRUE, logical.return = TRUE, :
     there is no package called ‘tourr’
    Error in as.data.frame.default(x) :
     cannot coerce class ""geozoo"" to a data.frame
    Calls: print ... print.geozoo -> as.data.frame -> as.data.frame.default
    Execution halted
Flavor: r-release-osx-x86_64-snowleopard