CRAN Package Check Results for Package geozoo

Last updated on 2015-03-31 08:51:22.

Flavor Version Tinstall Tcheck Ttotal Status Flags
r-devel-linux-x86_64-debian-clang 0.4.3 0.68 12.63 13.31 NOTE
r-devel-linux-x86_64-debian-gcc 0.4.3 0.68 12.58 13.26 NOTE
r-devel-linux-x86_64-fedora-clang 0.4.3 23.12 NOTE
r-devel-linux-x86_64-fedora-gcc 0.4.3 22.73 NOTE
r-devel-osx-x86_64-clang 0.4.3 30.08 NOTE
r-prerel-windows-ix86+x86_64 0.4.3 5.00 21.00 26.00 NOTE
r-prerel-linux-x86_64 0.4.3 0.68 12.24 12.92 NOTE
r-prerel-solaris-sparc 0.4.3 124.20 NOTE --no-examples
r-prerel-solaris-x86 0.4.3 30.70 NOTE
r-release-linux-x86_64 0.4.3 0.72 13.68 14.40 NOTE
r-release-osx-x86_64-mavericks 0.4.3 NOTE
r-release-osx-x86_64-snowleopard 0.4.3 OK
r-release-windows-ix86+x86_64 0.4.3 3.00 24.00 27.00 NOTE
r-oldrel-windows-ix86+x86_64 0.4.3 3.00 23.00 26.00 NOTE

Check Details

Version: 0.4.3
Check: DESCRIPTION meta-information
Result: NOTE
    Malformed Description field: should contain one or more complete sentences.
Flavors: r-devel-linux-x86_64-debian-clang, r-devel-linux-x86_64-debian-gcc, r-devel-linux-x86_64-fedora-clang, r-devel-linux-x86_64-fedora-gcc, r-devel-osx-x86_64-clang, r-prerel-windows-ix86+x86_64, r-prerel-linux-x86_64, r-prerel-solaris-x86

Version: 0.4.3
Check: dependencies in R code
Result: NOTE
    'library' or 'require' call to ‘tourr’ in package code.
     Please use :: or requireNamespace() instead.
     See section 'Suggested packages' in the 'Writing R Extensions' manual.
    Package in Depends field not imported from: ‘bitops’
     These packages need to be imported from (in the NAMESPACE file)
     for when this namespace is loaded but not attached.
Flavors: r-devel-linux-x86_64-debian-clang, r-devel-linux-x86_64-debian-gcc, r-devel-linux-x86_64-fedora-clang, r-devel-linux-x86_64-fedora-gcc, r-devel-osx-x86_64-clang, r-prerel-windows-ix86+x86_64, r-prerel-linux-x86_64, r-prerel-solaris-x86, r-release-linux-x86_64, r-release-windows-ix86+x86_64

Version: 0.4.3
Check: R code for possible problems
Result: NOTE
    .cube.wires: no visible global function definition for ‘bitXor’
Flavors: r-devel-linux-x86_64-debian-clang, r-devel-linux-x86_64-debian-gcc, r-devel-linux-x86_64-fedora-clang, r-devel-linux-x86_64-fedora-gcc, r-devel-osx-x86_64-clang, r-prerel-windows-ix86+x86_64, r-prerel-linux-x86_64, r-prerel-solaris-x86, r-release-linux-x86_64, r-release-osx-x86_64-mavericks, r-release-windows-ix86+x86_64

Version: 0.4.3
Flags: --no-examples
Check: DESCRIPTION meta-information
Result: NOTE
    Malformed Description field: should contain one or more complete sentences.
Flavor: r-prerel-solaris-sparc

Version: 0.4.3
Flags: --no-examples
Check: dependencies in R code
Result: NOTE
    'library' or 'require' call to ‘tourr’ in package code.
     Please use :: or requireNamespace() instead.
     See section 'Suggested packages' in the 'Writing R Extensions' manual.
    Package in Depends field not imported from: ‘bitops’
     These packages need to be imported from (in the NAMESPACE file)
     for when this namespace is loaded but not attached.
Flavor: r-prerel-solaris-sparc

Version: 0.4.3
Flags: --no-examples
Check: R code for possible problems
Result: NOTE
    .cube.wires: no visible global function definition for ‘bitXor’
Flavor: r-prerel-solaris-sparc

Version: 0.4.3
Check: dependencies in R code
Result: NOTE
    Package in Depends field not imported from: ‘bitops’
     These packages need to be imported from (in the NAMESPACE file)
     for when this namespace is loaded but not attached.
    See the information on DESCRIPTION files in the chapter ‘Creating R
    packages’ of the ‘Writing R Extensions’ manual.
Flavors: r-release-osx-x86_64-mavericks, r-oldrel-windows-ix86+x86_64