CRAN Package Check Results for Package geozoo

Last updated on 2014-04-17 21:47:48.

Flavor Version Tinstall Tcheck Ttotal Status Flags
r-devel-linux-x86_64-debian-clang 0.4.3 0.74 12.94 13.68 NOTE
r-devel-linux-x86_64-debian-gcc 0.4.3 0.76 12.89 13.65 NOTE
r-devel-linux-x86_64-fedora-clang 0.4.3 26.93 NOTE
r-devel-linux-x86_64-fedora-gcc 0.4.3 24.19 NOTE
r-devel-macosx-x86_64-clang 0.4.3 28.81 NOTE
r-devel-macosx-x86_64-gcc 0.4.3 ERROR
r-devel-windows-ix86+x86_64 0.4.3 3.00 21.00 24.00 NOTE
r-patched-linux-x86_64 0.4.3 0.76 12.85 13.61 NOTE
r-patched-solaris-sparc 0.4.3 127.60 NOTE --no-examples
r-patched-solaris-x86 0.4.3 35.40 NOTE
r-release-linux-ix86 0.4.3 2.00 26.00 28.00 NOTE
r-release-linux-x86_64 0.4.3 0.74 12.88 13.61 NOTE
r-release-macosx-x86_64 0.4.3 OK
r-release-windows-ix86+x86_64 0.4.3 3.00 21.00 24.00 NOTE
r-oldrel-windows-ix86+x86_64 0.4.3 3.00 23.00 26.00 NOTE

Check Details

Version: 0.4.3
Check: dependencies in R code
Result: NOTE
    Package in Depends field not imported from: ‘bitops’
     These packages need to be imported from (in the NAMESPACE file)
     for when this namespace is loaded but not attached.
    See the information on DESCRIPTION files in the chapter ‘Creating R
    packages’ of the ‘Writing R Extensions’ manual.
Flavors: r-devel-linux-x86_64-debian-clang, r-devel-linux-x86_64-debian-gcc, r-devel-linux-x86_64-fedora-clang, r-devel-linux-x86_64-fedora-gcc, r-devel-macosx-x86_64-clang, r-devel-macosx-x86_64-gcc, r-devel-windows-ix86+x86_64, r-patched-linux-x86_64, r-patched-solaris-x86, r-release-linux-ix86, r-release-linux-x86_64, r-release-windows-ix86+x86_64, r-oldrel-windows-ix86+x86_64

Version: 0.4.3
Check: package dependencies
Result: NOTE
    Package suggested but not available for checking: ‘tourr’
Flavor: r-devel-macosx-x86_64-gcc

Version: 0.4.3
Check: examples
Result: ERROR
    Running examples in ‘geozoo-Ex.R’ failed
    The error most likely occurred in:
    
    > ### Name: boy.surface
    > ### Title: Boy Surface
    > ### Aliases: boy.surface
    > ### Keywords: dynamic
    >
    > ### ** Examples
    >
    > ## Generates a Boy Surface
    > boy.surface(n = 1000)
    Loading required package: tourr
    Warning in library(package, lib.loc = lib.loc, character.only = TRUE, logical.return = TRUE, :
     there is no package called ‘tourr’
    Error in as.data.frame.default(x) :
     cannot coerce class ""geozoo"" to a data.frame
    Calls: print ... print.geozoo -> as.data.frame -> as.data.frame.default
    Execution halted
Flavor: r-devel-macosx-x86_64-gcc

Version: 0.4.3
Flags: --no-examples
Check: dependencies in R code
Result: NOTE
    Package in Depends field not imported from: ‘bitops’
     These packages need to be imported from (in the NAMESPACE file)
     for when this namespace is loaded but not attached.
    See the information on DESCRIPTION files in the chapter ‘Creating R
    packages’ of the ‘Writing R Extensions’ manual.
Flavor: r-patched-solaris-sparc