CRAN Package Check Results for Package geozoo

Last updated on 2015-01-29 20:48:53.

Flavor Version Tinstall Tcheck Ttotal Status Flags
r-devel-linux-x86_64-debian-clang 0.4.3 0.69 12.37 13.06 NOTE
r-devel-linux-x86_64-debian-gcc 0.4.3 0.69 12.54 13.23 NOTE
r-devel-linux-x86_64-fedora-clang 0.4.3 26.14 NOTE
r-devel-linux-x86_64-fedora-gcc 0.4.3 23.89 NOTE
r-devel-osx-x86_64-clang 0.4.3 29.83 NOTE
r-devel-windows-ix86+x86_64 0.4.3 5.00 20.00 25.00 NOTE
r-patched-linux-x86_64 0.4.3 0.73 13.32 14.06 NOTE
r-patched-solaris-sparc 0.4.3 140.00 NOTE --no-examples
r-patched-solaris-x86 0.4.3 35.90 NOTE
r-release-linux-ix86 0.4.3 1.04 18.66 19.69 NOTE
r-release-linux-x86_64 0.4.3 0.73 13.36 14.08 NOTE
r-release-osx-x86_64-mavericks 0.4.3 NOTE
r-release-osx-x86_64-snowleopard 0.4.3 OK
r-release-windows-ix86+x86_64 0.4.3 3.00 23.00 26.00 NOTE
r-oldrel-windows-ix86+x86_64 0.4.3 4.00 22.00 26.00 NOTE

Check Details

Version: 0.4.3
Check: dependencies in R code
Result: NOTE
    'library' or 'require' call to ‘tourr’ in package code.
     Please use :: or requireNamespace() instead.
     See section 'Suggested packages' in the 'Writing R Extensions' manual.
    Package in Depends field not imported from: ‘bitops’
     These packages need to be imported from (in the NAMESPACE file)
     for when this namespace is loaded but not attached.
Flavors: r-devel-linux-x86_64-debian-clang, r-devel-linux-x86_64-debian-gcc, r-devel-linux-x86_64-fedora-clang, r-devel-linux-x86_64-fedora-gcc, r-devel-osx-x86_64-clang, r-devel-windows-ix86+x86_64

Version: 0.4.3
Check: R code for possible problems
Result: NOTE
    .cube.wires: no visible global function definition for ‘bitXor’
Flavors: r-devel-linux-x86_64-debian-clang, r-devel-linux-x86_64-debian-gcc, r-devel-linux-x86_64-fedora-clang, r-devel-linux-x86_64-fedora-gcc, r-devel-osx-x86_64-clang, r-devel-windows-ix86+x86_64, r-patched-linux-x86_64, r-patched-solaris-x86, r-release-linux-ix86, r-release-linux-x86_64, r-release-osx-x86_64-mavericks, r-release-windows-ix86+x86_64

Version: 0.4.3
Check: dependencies in R code
Result: NOTE
    Package in Depends field not imported from: ‘bitops’
     These packages need to be imported from (in the NAMESPACE file)
     for when this namespace is loaded but not attached.
    See the information on DESCRIPTION files in the chapter ‘Creating R
    packages’ of the ‘Writing R Extensions’ manual.
Flavors: r-patched-linux-x86_64, r-patched-solaris-x86, r-release-linux-ix86, r-release-linux-x86_64, r-release-osx-x86_64-mavericks, r-release-windows-ix86+x86_64, r-oldrel-windows-ix86+x86_64

Version: 0.4.3
Flags: --no-examples
Check: dependencies in R code
Result: NOTE
    Package in Depends field not imported from: ‘bitops’
     These packages need to be imported from (in the NAMESPACE file)
     for when this namespace is loaded but not attached.
    See the information on DESCRIPTION files in the chapter ‘Creating R
    packages’ of the ‘Writing R Extensions’ manual.
Flavor: r-patched-solaris-sparc

Version: 0.4.3
Flags: --no-examples
Check: R code for possible problems
Result: NOTE
    .cube.wires: no visible global function definition for ‘bitXor’
Flavor: r-patched-solaris-sparc