CRAN Package Check Results for Package geozoo

Last updated on 2015-08-02 23:48:03.

Flavor Version Tinstall Tcheck Ttotal Status Flags
r-devel-linux-x86_64-debian-clang 0.4.3 0.66 12.03 12.70 NOTE
r-devel-linux-x86_64-debian-gcc 0.4.3 0.64 12.47 13.11 NOTE
r-devel-linux-x86_64-fedora-clang 0.4.3 23.51 NOTE
r-devel-linux-x86_64-fedora-gcc 0.4.3 21.30 NOTE
r-devel-osx-x86_64-clang 0.4.3 23.36 NOTE
r-devel-windows-ix86+x86_64 0.4.3 3.00 23.00 26.00 NOTE
r-patched-linux-x86_64 0.4.3 0.68 12.48 13.16 NOTE
r-patched-solaris-sparc 0.4.3 130.40 NOTE --no-examples
r-patched-solaris-x86 0.4.3 32.50 NOTE
r-release-linux-x86_64 0.4.3 0.67 12.22 12.88 NOTE
r-release-osx-x86_64-mavericks 0.4.3 NOTE
r-release-windows-ix86+x86_64 0.4.3 5.00 24.00 29.00 NOTE
r-oldrel-windows-ix86+x86_64 0.4.3 4.00 24.00 28.00 NOTE

Check Details

Version: 0.4.3
Check: DESCRIPTION meta-information
Result: NOTE
    Malformed Description field: should contain one or more complete sentences.
Flavors: r-devel-linux-x86_64-debian-clang, r-devel-linux-x86_64-debian-gcc, r-devel-linux-x86_64-fedora-clang, r-devel-linux-x86_64-fedora-gcc, r-devel-osx-x86_64-clang, r-devel-windows-ix86+x86_64, r-patched-linux-x86_64, r-patched-solaris-x86, r-release-linux-x86_64, r-release-osx-x86_64-mavericks, r-release-windows-ix86+x86_64

Version: 0.4.3
Check: dependencies in R code
Result: NOTE
    'library' or 'require' call to ‘tourr’ in package code.
     Please use :: or requireNamespace() instead.
     See section 'Suggested packages' in the 'Writing R Extensions' manual.
    Package in Depends field not imported from: ‘bitops’
     These packages need to be imported from (in the NAMESPACE file)
     for when this namespace is loaded but not attached.
Flavors: r-devel-linux-x86_64-debian-clang, r-devel-linux-x86_64-debian-gcc, r-devel-linux-x86_64-fedora-clang, r-devel-linux-x86_64-fedora-gcc, r-devel-osx-x86_64-clang, r-devel-windows-ix86+x86_64, r-patched-linux-x86_64, r-patched-solaris-x86, r-release-linux-x86_64, r-release-osx-x86_64-mavericks, r-release-windows-ix86+x86_64, r-oldrel-windows-ix86+x86_64

Version: 0.4.3
Check: R code for possible problems
Result: NOTE
    .boy.surface.row: no visible global function definition for ‘runif’
    .conic.spiral.row: no visible global function definition for ‘runif’
    .cross.cap.row: no visible global function definition for ‘runif’
    .cube.wires: no visible global function definition for ‘bitXor’
    .dini.surface.row: no visible global function definition for ‘runif’
    .ellipsoid.row: no visible global function definition for ‘runif’
    .enneper.surface.row: no visible global function definition for ‘runif’
    .klein.fig.eight.row: no visible global function definition for ‘runif’
    .mobius.experiment.row: no visible global function definition for
     ‘runif’
    .mobius.row: no visible global function definition for ‘runif’
    .roman.surface.row: no visible global function definition for ‘runif’
    .torus.flat.row: no visible global function definition for ‘runif’
    .torus.row: no visible global function definition for ‘runif’
    cube.face: no visible global function definition for ‘runif’
    cube.solid.random: no visible global function definition for ‘runif’
    sphere.hollow: no visible global function definition for ‘rnorm’
    sphere.solid.random: no visible global function definition for ‘runif’
    Undefined global functions or variables:
     bitXor rnorm runif
    Consider adding
     importFrom("stats", "rnorm", "runif")
    to your NAMESPACE.
Flavors: r-devel-linux-x86_64-debian-clang, r-devel-linux-x86_64-debian-gcc, r-devel-linux-x86_64-fedora-clang, r-devel-linux-x86_64-fedora-gcc, r-devel-windows-ix86+x86_64

Version: 0.4.3
Check: R code for possible problems
Result: NOTE
    .cube.wires: no visible global function definition for ‘bitXor’
    Undefined global functions or variables:
     bitXor
Flavor: r-devel-osx-x86_64-clang

Version: 0.4.3
Check: R code for possible problems
Result: NOTE
    .cube.wires: no visible global function definition for ‘bitXor’
Flavors: r-patched-linux-x86_64, r-patched-solaris-x86, r-release-linux-x86_64, r-release-osx-x86_64-mavericks, r-release-windows-ix86+x86_64, r-oldrel-windows-ix86+x86_64

Version: 0.4.3
Flags: --no-examples
Check: DESCRIPTION meta-information
Result: NOTE
    Malformed Description field: should contain one or more complete sentences.
Flavor: r-patched-solaris-sparc

Version: 0.4.3
Flags: --no-examples
Check: dependencies in R code
Result: NOTE
    'library' or 'require' call to ‘tourr’ in package code.
     Please use :: or requireNamespace() instead.
     See section 'Suggested packages' in the 'Writing R Extensions' manual.
    Package in Depends field not imported from: ‘bitops’
     These packages need to be imported from (in the NAMESPACE file)
     for when this namespace is loaded but not attached.
Flavor: r-patched-solaris-sparc

Version: 0.4.3
Flags: --no-examples
Check: R code for possible problems
Result: NOTE
    .cube.wires: no visible global function definition for ‘bitXor’
Flavor: r-patched-solaris-sparc