CRAN Package Check Results for Package geozoo

Last updated on 2014-10-26 03:47:32.

Flavor Version Tinstall Tcheck Ttotal Status Flags
r-devel-linux-x86_64-debian-clang 0.4.3 0.73 13.00 13.73 NOTE
r-devel-linux-x86_64-debian-gcc 0.4.3 0.72 12.91 13.63 NOTE
r-devel-linux-x86_64-fedora-clang 0.4.3 26.17 NOTE
r-devel-linux-x86_64-fedora-gcc 0.4.3 24.64 NOTE
r-devel-osx-x86_64-clang 0.4.3 29.14 NOTE
r-devel-windows-ix86+x86_64 0.4.3 3.00 22.00 25.00 NOTE
r-patched-linux-x86_64 0.4.3 0.73 13.52 14.26 NOTE
r-patched-solaris-sparc 0.4.3 132.30 NOTE --no-examples
r-patched-solaris-x86 0.4.3 36.40 NOTE
r-release-linux-ix86 0.4.3 1.03 19.26 20.29 NOTE
r-release-linux-x86_64 0.4.3 0.71 13.44 14.15 NOTE
r-release-osx-x86_64-mavericks 0.4.3 NOTE
r-release-osx-x86_64-snowleopard 0.4.3 OK
r-release-windows-ix86+x86_64 0.4.3 3.00 22.00 25.00 NOTE
r-oldrel-windows-ix86+x86_64 0.4.3 3.00 22.00 25.00 NOTE

Check Details

Version: 0.4.3
Check: dependencies in R code
Result: NOTE
    Package in Depends field not imported from: ‘bitops’
     These packages need to be imported from (in the NAMESPACE file)
     for when this namespace is loaded but not attached.
    See the information on DESCRIPTION files in the chapter ‘Creating R
    packages’ of the ‘Writing R Extensions’ manual.
Flavors: r-devel-linux-x86_64-debian-clang, r-devel-linux-x86_64-debian-gcc, r-devel-linux-x86_64-fedora-clang, r-devel-linux-x86_64-fedora-gcc, r-devel-osx-x86_64-clang, r-devel-windows-ix86+x86_64, r-patched-linux-x86_64, r-patched-solaris-x86, r-release-linux-ix86, r-release-linux-x86_64, r-release-osx-x86_64-mavericks, r-release-windows-ix86+x86_64, r-oldrel-windows-ix86+x86_64

Version: 0.4.3
Check: R code for possible problems
Result: NOTE
    .cube.wires: no visible global function definition for ‘bitXor’
Flavors: r-devel-linux-x86_64-debian-clang, r-devel-linux-x86_64-debian-gcc, r-devel-linux-x86_64-fedora-clang, r-devel-linux-x86_64-fedora-gcc, r-devel-osx-x86_64-clang, r-devel-windows-ix86+x86_64, r-patched-linux-x86_64, r-patched-solaris-x86

Version: 0.4.3
Flags: --no-examples
Check: dependencies in R code
Result: NOTE
    Package in Depends field not imported from: ‘bitops’
     These packages need to be imported from (in the NAMESPACE file)
     for when this namespace is loaded but not attached.
    See the information on DESCRIPTION files in the chapter ‘Creating R
    packages’ of the ‘Writing R Extensions’ manual.
Flavor: r-patched-solaris-sparc

Version: 0.4.3
Flags: --no-examples
Check: R code for possible problems
Result: NOTE
    .cube.wires: no visible global function definition for ‘bitXor’
Flavor: r-patched-solaris-sparc