CRAN Package Check Results for Package getCRUCLdata

Last updated on 2018-06-23 07:47:38 CEST.

Flavor Version Tinstall Tcheck Ttotal Status Flags
r-devel-linux-x86_64-debian-clang 0.2.4 1.97 51.78 53.75 OK
r-devel-linux-x86_64-debian-gcc 0.2.4 1.42 39.08 40.50 OK
r-devel-linux-x86_64-fedora-clang 0.2.4 63.66 OK
r-devel-linux-x86_64-fedora-gcc 0.2.4 64.49 OK
r-devel-windows-ix86+x86_64 0.2.4 5.00 62.00 67.00 OK
r-patched-linux-x86_64 0.2.4 1.23 45.79 47.02 OK
r-patched-solaris-x86 0.2.4 102.20 OK
r-release-linux-x86_64 0.2.4 1.76 47.08 48.84 OK
r-release-windows-ix86+x86_64 0.2.4 4.00 59.00 63.00 OK
r-release-osx-x86_64 0.2.4 OK
r-oldrel-windows-ix86+x86_64 0.2.4 7.00 60.00 67.00 OK
r-oldrel-osx-x86_64 0.2.3 NOTE

Check Details

Version: 0.2.3
Check: dependencies in R code
Result: NOTE
    Namespace in Imports field not imported from: ‘rappdirs’
     All declared Imports should be used.
Flavor: r-oldrel-osx-x86_64