CRAN Package Check Results for Package getCRUCLdata

Last updated on 2019-01-18 16:52:36 CET.

Flavor Version Tinstall Tcheck Ttotal Status Flags
r-devel-linux-x86_64-debian-clang 0.2.5 1.89 69.12 71.01 ERROR
r-devel-linux-x86_64-debian-gcc 0.2.5 0.94 40.61 41.55 OK
r-devel-linux-x86_64-fedora-clang 0.2.5 66.84 OK
r-devel-linux-x86_64-fedora-gcc 0.2.5 61.97 OK
r-devel-windows-ix86+x86_64 0.2.5 5.00 93.00 98.00 OK
r-patched-linux-x86_64 0.2.5 1.33 57.70 59.03 ERROR
r-patched-solaris-x86 0.2.5 168.90 ERROR
r-release-linux-x86_64 0.2.5 1.17 52.35 53.52 ERROR
r-release-windows-ix86+x86_64 0.2.5 6.00 89.00 95.00 OK
r-release-osx-x86_64 0.2.5 OK
r-oldrel-windows-ix86+x86_64 0.2.5 5.00 74.00 79.00 OK
r-oldrel-osx-x86_64 0.2.5 OK

Check Details

Version: 0.2.5
Check: tests
Result: ERROR
     Running ‘testthat.R’ [41s/45s]
    Running the tests in ‘tests/testthat.R’ failed.
    Complete output:
     > library(testthat)
     > library(getCRUCLdata)
     >
     > test_check("getCRUCLdata")
     ── 1. Failure: Test that create_stack creates tmx if requested (@test-create_CRU
     raster::maxValue(CRU_stack_list[[1]][[1]]) not equal to 12.9.
     1/1 mismatches
     [1] 12.9 - 12.9 == 5.72e-07
    
     ── 2. Failure: Test that create_stack creates tmn if requested (@test-create_CRU
     raster::maxValue(CRU_stack_list[[1]][[1]]) not equal to 4.3.
     1/1 mismatches
     [1] 4.3 - 4.3 == 1.91e-07
    
     ══ testthat results ═══════════════════════════════════════════════════════════
     OK: 589 SKIPPED: 23 FAILED: 2
     1. Failure: Test that create_stack creates tmx if requested (@test-create_CRU_stack.R#868)
     2. Failure: Test that create_stack creates tmn if requested (@test-create_CRU_stack.R#1233)
    
     Error: testthat unit tests failed
     Execution halted
Flavor: r-devel-linux-x86_64-debian-clang

Version: 0.2.5
Check: tests
Result: ERROR
     Running ‘testthat.R’ [32s/35s]
    Running the tests in ‘tests/testthat.R’ failed.
    Complete output:
     > library(testthat)
     > library(getCRUCLdata)
     >
     > test_check("getCRUCLdata")
     ── 1. Failure: Test that create_stack creates tmn if requested (@test-create_CRU
     raster::maxValue(CRU_stack_list[[1]][[1]]) not equal to 4.3.
     1/1 mismatches
     [1] 4.3 - 4.3 == 1.91e-07
    
     ══ testthat results ═══════════════════════════════════════════════════════════
     OK: 398 SKIPPED: 23 FAILED: 1
     1. Failure: Test that create_stack creates tmn if requested (@test-create_CRU_stack.R#1233)
    
     Error: testthat unit tests failed
     Execution halted
Flavor: r-patched-linux-x86_64

Version: 0.2.5
Check: tests
Result: ERROR
     Running ‘testthat.R’ [118s/130s]
    Running the tests in ‘tests/testthat.R’ failed.
    Complete output:
     > library(testthat)
     > library(getCRUCLdata)
     >
     > test_check("getCRUCLdata")
     ── 1. Failure: Test that create_stack creates tmx if requested (@test-create_CRU
     raster::maxValue(CRU_stack_list[[1]][[1]]) not equal to 12.9.
     1/1 mismatches
     [1] 12.9 - 12.9 == 5.72e-07
    
     ── 2. Failure: Test that create_stack creates tmn if requested (@test-create_CRU
     raster::maxValue(CRU_stack_list[[1]][[1]]) not equal to 4.3.
     1/1 mismatches
     [1] 4.3 - 4.3 == 1.91e-07
    
     ══ testthat results ═══════════════════════════════════════════════════════════
     OK: 613 SKIPPED: 23 FAILED: 2
     1. Failure: Test that create_stack creates tmx if requested (@test-create_CRU_stack.R#868)
     2. Failure: Test that create_stack creates tmn if requested (@test-create_CRU_stack.R#1233)
    
     Error: testthat unit tests failed
     Execution halted
Flavor: r-patched-solaris-x86

Version: 0.2.5
Check: tests
Result: ERROR
     Running ‘testthat.R’ [27s/30s]
    Running the tests in ‘tests/testthat.R’ failed.
    Complete output:
     > library(testthat)
     > library(getCRUCLdata)
     >
     > test_check("getCRUCLdata")
     ── 1. Failure: Test that create_stack creates tmn if requested (@test-create_CRU
     raster::maxValue(CRU_stack_list[[1]][[1]]) not equal to 4.3.
     1/1 mismatches
     [1] 4.3 - 4.3 == 3.81e-07
    
     ══ testthat results ═══════════════════════════════════════════════════════════
     OK: 254 SKIPPED: 23 FAILED: 1
     1. Failure: Test that create_stack creates tmn if requested (@test-create_CRU_stack.R#1233)
    
     Error: testthat unit tests failed
     Execution halted
Flavor: r-release-linux-x86_64