CRAN Package Check Results for Package getDTeval

Last updated on 2021-04-12 19:49:19 CEST.

Flavor Version Tinstall Tcheck Ttotal Status Flags
r-devel-linux-x86_64-debian-clang 0.0.1 2.64 77.86 80.50 NOTE
r-devel-linux-x86_64-debian-gcc 0.0.1 1.89 59.53 61.42 NOTE
r-devel-linux-x86_64-fedora-clang 0.0.1 92.51 NOTE
r-devel-linux-x86_64-fedora-gcc 0.0.1 108.70 NOTE
r-devel-windows-ix86+x86_64 0.0.1 7.00 78.00 85.00 NOTE
r-devel-windows-x86_64-gcc10-UCRT 0.0.1 NOTE
r-patched-linux-x86_64 0.0.1 2.65 82.67 85.32 OK
r-patched-solaris-x86 0.0.1 162.10 OK
r-release-linux-x86_64 0.0.1 2.40 92.23 94.63 OK
r-release-macos-x86_64 0.0.1 OK
r-release-windows-ix86+x86_64 0.0.1 5.00 78.00 83.00 OK
r-oldrel-macos-x86_64 0.0.1 OK
r-oldrel-windows-ix86+x86_64 0.0.1 5.00 58.00 63.00 OK

Check Details

Version: 0.0.1
Check: LazyData
Result: NOTE
     'LazyData' is specified without a 'data' directory
Flavors: r-devel-linux-x86_64-debian-clang, r-devel-linux-x86_64-debian-gcc, r-devel-linux-x86_64-fedora-clang, r-devel-linux-x86_64-fedora-gcc, r-devel-windows-ix86+x86_64, r-devel-windows-x86_64-gcc10-UCRT