CRAN Package Check Results for Package getopt

Last updated on 2015-05-24 10:46:57.

Flavor Version Tinstall Tcheck Ttotal Status Flags
r-devel-linux-x86_64-debian-clang 1.20.0 0.60 10.00 10.60 NOTE
r-devel-linux-x86_64-debian-gcc 1.20.0 0.50 9.47 9.98 NOTE
r-devel-linux-x86_64-fedora-clang 1.20.0 19.25 NOTE
r-devel-linux-x86_64-fedora-gcc 1.20.0 18.39 NOTE
r-devel-osx-x86_64-clang 1.20.0 24.59 NOTE
r-devel-windows-ix86+x86_64 1.20.0 2.00 16.00 18.00 NOTE
r-patched-linux-x86_64 1.20.0 0.56 9.33 9.90 NOTE
r-patched-solaris-sparc 1.20.0 122.70 NOTE
r-patched-solaris-x86 1.20.0 27.80 NOTE
r-release-linux-x86_64 1.20.0 0.54 9.97 10.51 NOTE
r-release-osx-x86_64-mavericks 1.20.0 NOTE
r-release-osx-x86_64-snowleopard 1.20.0 NOTE
r-release-windows-ix86+x86_64 1.20.0 2.00 17.00 19.00 NOTE
r-oldrel-windows-ix86+x86_64 1.20.0 2.00 18.00 20.00 OK

Check Details

Version: 1.20.0
Check: DESCRIPTION meta-information
Result: NOTE
    Malformed Title field: should not end in a period.
Flavors: r-devel-linux-x86_64-debian-clang, r-devel-linux-x86_64-debian-gcc, r-devel-linux-x86_64-fedora-clang, r-devel-linux-x86_64-fedora-gcc, r-devel-osx-x86_64-clang, r-devel-windows-ix86+x86_64, r-patched-linux-x86_64, r-patched-solaris-sparc, r-patched-solaris-x86, r-release-linux-x86_64, r-release-osx-x86_64-mavericks, r-release-osx-x86_64-snowleopard, r-release-windows-ix86+x86_64