CRAN Package Check Results for Package getopt

Last updated on 2017-01-16 17:49:12.

Flavor Version Tinstall Tcheck Ttotal Status Flags
r-devel-linux-x86_64-debian-clang 1.20.0 0.59 11.34 11.93 NOTE
r-devel-linux-x86_64-debian-gcc 1.20.0 0.60 11.53 12.13 NOTE
r-devel-linux-x86_64-fedora-clang 1.20.0 19.92 NOTE --no-stop-on-test-error
r-devel-linux-x86_64-fedora-gcc 1.20.0 18.90 NOTE --no-stop-on-test-error
r-devel-macos-x86_64-clang 1.20.0 18.51 NOTE --no-stop-on-test-error
r-devel-windows-ix86+x86_64 1.20.0 3.00 29.00 32.00 NOTE
r-patched-linux-x86_64 1.20.0 0.56 9.06 9.62 NOTE
r-patched-solaris-sparc 1.20.0 98.30 NOTE
r-patched-solaris-x86 1.20.0 21.90 NOTE
r-release-linux-x86_64 1.20.0 0.57 9.55 10.12 NOTE
r-release-osx-x86_64-mavericks 1.20.0 NOTE
r-release-windows-ix86+x86_64 1.20.0 4.00 26.00 30.00 NOTE
r-oldrel-windows-ix86+x86_64 1.20.0 3.00 37.00 40.00 NOTE

Check Details

Version: 1.20.0
Check: DESCRIPTION meta-information
Result: NOTE
    Malformed Title field: should not end in a period.
Flavors: r-devel-linux-x86_64-debian-clang, r-devel-linux-x86_64-debian-gcc, r-devel-windows-ix86+x86_64, r-patched-linux-x86_64, r-patched-solaris-sparc, r-patched-solaris-x86, r-release-linux-x86_64, r-release-osx-x86_64-mavericks, r-release-windows-ix86+x86_64, r-oldrel-windows-ix86+x86_64

Version: 1.20.0
Check: R code for possible problems
Result: NOTE
    getopt: no visible global function definition for ‘na.omit’
    Undefined global functions or variables:
     na.omit
    Consider adding
     importFrom("stats", "na.omit")
    to your NAMESPACE file.
Flavors: r-devel-linux-x86_64-debian-clang, r-devel-linux-x86_64-debian-gcc, r-devel-windows-ix86+x86_64, r-patched-linux-x86_64, r-patched-solaris-sparc, r-patched-solaris-x86, r-release-linux-x86_64, r-release-osx-x86_64-mavericks, r-release-windows-ix86+x86_64

Version: 1.20.0
Flags: --no-stop-on-test-error
Check: DESCRIPTION meta-information
Result: NOTE
    Malformed Title field: should not end in a period.
Flavors: r-devel-linux-x86_64-fedora-clang, r-devel-linux-x86_64-fedora-gcc, r-devel-macos-x86_64-clang

Version: 1.20.0
Flags: --no-stop-on-test-error
Check: R code for possible problems
Result: NOTE
    getopt: no visible global function definition for ‘na.omit’
    Undefined global functions or variables:
     na.omit
    Consider adding
     importFrom("stats", "na.omit")
    to your NAMESPACE file.
Flavors: r-devel-linux-x86_64-fedora-clang, r-devel-linux-x86_64-fedora-gcc, r-devel-macos-x86_64-clang