CRAN Package Check Results for Package getopt

Last updated on 2015-04-21 12:48:42.

Flavor Version Tinstall Tcheck Ttotal Status Flags
r-devel-linux-x86_64-debian-clang 1.20.0 0.60 9.38 9.98 NOTE
r-devel-linux-x86_64-debian-gcc 1.20.0 0.51 9.51 10.02 NOTE
r-devel-linux-x86_64-fedora-clang 1.20.0 19.11 NOTE
r-devel-linux-x86_64-fedora-gcc 1.20.0 17.99 NOTE
r-devel-osx-x86_64-clang 1.20.0 24.51 NOTE
r-devel-windows-ix86+x86_64 1.20.0 3.00 16.00 19.00 NOTE
r-patched-linux-x86_64 1.20.0 0.60 9.63 10.23 NOTE
r-patched-solaris-sparc 1.20.0 113.90 NOTE
r-patched-solaris-x86 1.20.0 26.30 NOTE
r-release-linux-x86_64 1.20.0 0.50 9.62 10.12 NOTE
r-release-osx-x86_64-mavericks 1.20.0 NOTE
r-release-osx-x86_64-snowleopard 1.20.0 NOTE
r-release-windows-ix86+x86_64 1.20.0 2.00 14.00 16.00 NOTE
r-oldrel-windows-ix86+x86_64 1.20.0 2.00 15.00 17.00 OK

Check Details

Version: 1.20.0
Check: DESCRIPTION meta-information
Result: NOTE
    Malformed Title field: should not end in a period.
Flavors: r-devel-linux-x86_64-debian-clang, r-devel-linux-x86_64-debian-gcc, r-devel-linux-x86_64-fedora-clang, r-devel-linux-x86_64-fedora-gcc, r-devel-osx-x86_64-clang, r-devel-windows-ix86+x86_64, r-patched-linux-x86_64, r-patched-solaris-sparc, r-patched-solaris-x86, r-release-linux-x86_64, r-release-osx-x86_64-mavericks, r-release-osx-x86_64-snowleopard, r-release-windows-ix86+x86_64