CRAN Package Check Results for Package getopt

Last updated on 2017-03-24 06:48:12.

Flavor Version Tinstall Tcheck Ttotal Status Flags
r-devel-linux-x86_64-debian-clang 1.20.0 0.63 11.51 12.14 NOTE
r-devel-linux-x86_64-debian-gcc 1.20.0 0.55 11.44 11.99 NOTE
r-devel-linux-x86_64-fedora-clang 1.20.0 20.40 NOTE --no-stop-on-test-error
r-devel-linux-x86_64-fedora-gcc 1.20.0 19.66 NOTE --no-stop-on-test-error
r-devel-macos-x86_64-clang 1.20.0 18.78 NOTE --no-stop-on-test-error
r-devel-windows-ix86+x86_64 1.20.0 2.00 28.00 30.00 NOTE
r-patched-linux-x86_64 1.20.0 0.58 9.15 9.73 NOTE
r-patched-solaris-sparc 1.20.0 127.90 NOTE
r-patched-solaris-x86 1.20.0 29.30 NOTE
r-release-linux-x86_64 1.20.0 0.60 9.19 9.79 NOTE
r-release-osx-x86_64-mavericks 1.20.0 NOTE
r-release-windows-ix86+x86_64 1.20.0 2.00 26.00 28.00 NOTE
r-oldrel-windows-ix86+x86_64 1.20.0 4.00 31.00 35.00 NOTE

Check Details

Version: 1.20.0
Check: DESCRIPTION meta-information
Result: NOTE
    Malformed Title field: should not end in a period.
Flavors: r-devel-linux-x86_64-debian-clang, r-devel-linux-x86_64-debian-gcc, r-devel-windows-ix86+x86_64, r-patched-linux-x86_64, r-patched-solaris-sparc, r-patched-solaris-x86, r-release-linux-x86_64, r-release-osx-x86_64-mavericks, r-release-windows-ix86+x86_64, r-oldrel-windows-ix86+x86_64

Version: 1.20.0
Check: R code for possible problems
Result: NOTE
    getopt: no visible global function definition for ‘na.omit’
    Undefined global functions or variables:
     na.omit
    Consider adding
     importFrom("stats", "na.omit")
    to your NAMESPACE file.
Flavors: r-devel-linux-x86_64-debian-clang, r-devel-linux-x86_64-debian-gcc, r-devel-windows-ix86+x86_64, r-patched-linux-x86_64, r-patched-solaris-sparc, r-patched-solaris-x86, r-release-linux-x86_64, r-release-osx-x86_64-mavericks, r-release-windows-ix86+x86_64

Version: 1.20.0
Flags: --no-stop-on-test-error
Check: DESCRIPTION meta-information
Result: NOTE
    Malformed Title field: should not end in a period.
Flavors: r-devel-linux-x86_64-fedora-clang, r-devel-linux-x86_64-fedora-gcc, r-devel-macos-x86_64-clang

Version: 1.20.0
Flags: --no-stop-on-test-error
Check: R code for possible problems
Result: NOTE
    getopt: no visible global function definition for ‘na.omit’
    Undefined global functions or variables:
     na.omit
    Consider adding
     importFrom("stats", "na.omit")
    to your NAMESPACE file.
Flavors: r-devel-linux-x86_64-fedora-clang, r-devel-linux-x86_64-fedora-gcc, r-devel-macos-x86_64-clang