CRAN Package Check Results for Package getopt

Last updated on 2015-03-28 00:54:17.

Flavor Version Tinstall Tcheck Ttotal Status Flags
r-devel-linux-x86_64-debian-clang 1.20.0 0.63 9.92 10.55 NOTE
r-devel-linux-x86_64-debian-gcc 1.20.0 0.52 9.40 9.92 NOTE
r-devel-linux-x86_64-fedora-clang 1.20.0 19.68 NOTE
r-devel-linux-x86_64-fedora-gcc 1.20.0 17.61 NOTE
r-devel-osx-x86_64-clang 1.20.0 27.44 NOTE
r-prerel-windows-ix86+x86_64 1.20.0 4.00 16.00 20.00 NOTE
r-prerel-linux-x86_64 1.20.0 0.60 9.40 10.00 NOTE
r-prerel-solaris-sparc 1.20.0 113.90 NOTE
r-prerel-solaris-x86 1.20.0 27.00 NOTE
r-release-linux-x86_64 1.20.0 0.68 10.19 10.86 OK
r-release-osx-x86_64-mavericks 1.20.0 OK
r-release-windows-ix86+x86_64 1.20.0 2.00 17.00 19.00 OK
r-oldrel-windows-ix86+x86_64 1.20.0 2.00 23.00 25.00 OK

Check Details

Version: 1.20.0
Check: DESCRIPTION meta-information
Result: NOTE
    Malformed Title field: should not end in a period.
Flavors: r-devel-linux-x86_64-debian-clang, r-devel-linux-x86_64-debian-gcc, r-devel-linux-x86_64-fedora-clang, r-devel-linux-x86_64-fedora-gcc, r-devel-osx-x86_64-clang, r-prerel-windows-ix86+x86_64, r-prerel-linux-x86_64, r-prerel-solaris-sparc, r-prerel-solaris-x86