CRAN Package Check Results for Package getopt

Last updated on 2016-06-30 03:46:59.

Flavor Version Tinstall Tcheck Ttotal Status Flags
r-devel-linux-x86_64-debian-gcc 1.20.0 0.53 10.40 10.93 NOTE
r-devel-linux-x86_64-fedora-clang 1.20.0 16.07 NOTE
r-devel-linux-x86_64-fedora-gcc 1.20.0 14.86 NOTE
r-devel-osx-x86_64-clang 1.20.0 15.80 NOTE
r-devel-windows-ix86+x86_64 1.20.0 2.00 38.00 40.00 NOTE
r-patched-linux-x86_64 1.20.0 0.67 9.97 10.64 NOTE
r-patched-solaris-sparc 1.20.0 96.00 NOTE
r-patched-solaris-x86 1.20.0 22.20 NOTE
r-release-linux-x86_64 1.20.0 0.59 9.29 9.88 NOTE
r-release-osx-x86_64-mavericks 1.20.0 NOTE
r-release-windows-ix86+x86_64 1.20.0 3.00 34.00 37.00 NOTE
r-oldrel-windows-ix86+x86_64 1.20.0 3.00 24.00 27.00 NOTE

Check Details

Version: 1.20.0
Check: DESCRIPTION meta-information
Result: NOTE
    Malformed Title field: should not end in a period.
Flavors: r-devel-linux-x86_64-debian-gcc, r-devel-linux-x86_64-fedora-clang, r-devel-linux-x86_64-fedora-gcc, r-devel-osx-x86_64-clang, r-devel-windows-ix86+x86_64, r-patched-linux-x86_64, r-patched-solaris-sparc, r-patched-solaris-x86, r-release-linux-x86_64, r-release-osx-x86_64-mavericks, r-release-windows-ix86+x86_64, r-oldrel-windows-ix86+x86_64

Version: 1.20.0
Check: R code for possible problems
Result: NOTE
    getopt: no visible global function definition for ‘na.omit’
    Undefined global functions or variables:
     na.omit
    Consider adding
     importFrom("stats", "na.omit")
    to your NAMESPACE file.
Flavors: r-devel-linux-x86_64-debian-gcc, r-devel-linux-x86_64-fedora-clang, r-devel-linux-x86_64-fedora-gcc, r-devel-osx-x86_64-clang, r-devel-windows-ix86+x86_64, r-patched-linux-x86_64, r-patched-solaris-sparc, r-patched-solaris-x86, r-release-linux-x86_64, r-release-osx-x86_64-mavericks, r-release-windows-ix86+x86_64