CRAN Package Check Results for Package getopt

Last updated on 2016-08-27 23:48:09.

Flavor Version Tinstall Tcheck Ttotal Status Flags
r-devel-linux-x86_64-debian-clang 1.20.0 0.63 9.54 10.17 NOTE
r-devel-linux-x86_64-debian-gcc 1.20.0 0.52 9.72 10.24 NOTE
r-devel-linux-x86_64-fedora-clang 1.20.0 16.81 NOTE
r-devel-linux-x86_64-fedora-gcc 1.20.0 15.44 NOTE
r-devel-osx-x86_64-clang 1.20.0 15.90 NOTE
r-devel-windows-ix86+x86_64 1.20.0 3.00 29.00 32.00 NOTE
r-patched-linux-x86_64 1.20.0 0.55 9.53 10.09 NOTE
r-patched-solaris-sparc 1.20.0 96.00 NOTE
r-patched-solaris-x86 1.20.0 22.10 NOTE
r-release-linux-x86_64 1.20.0 0.56 9.22 9.77 NOTE
r-release-osx-x86_64-mavericks 1.20.0 NOTE
r-release-windows-ix86+x86_64 1.20.0 3.00 43.00 46.00 NOTE
r-oldrel-windows-ix86+x86_64 1.20.0 2.00 34.00 36.00 NOTE

Check Details

Version: 1.20.0
Check: DESCRIPTION meta-information
Result: NOTE
    Malformed Title field: should not end in a period.
Flavors: r-devel-linux-x86_64-debian-clang, r-devel-linux-x86_64-debian-gcc, r-devel-linux-x86_64-fedora-clang, r-devel-linux-x86_64-fedora-gcc, r-devel-osx-x86_64-clang, r-devel-windows-ix86+x86_64, r-patched-linux-x86_64, r-patched-solaris-sparc, r-patched-solaris-x86, r-release-linux-x86_64, r-release-osx-x86_64-mavericks, r-release-windows-ix86+x86_64, r-oldrel-windows-ix86+x86_64

Version: 1.20.0
Check: R code for possible problems
Result: NOTE
    getopt: no visible global function definition for ‘na.omit’
    Undefined global functions or variables:
     na.omit
    Consider adding
     importFrom("stats", "na.omit")
    to your NAMESPACE file.
Flavors: r-devel-linux-x86_64-debian-clang, r-devel-linux-x86_64-debian-gcc, r-devel-linux-x86_64-fedora-clang, r-devel-linux-x86_64-fedora-gcc, r-devel-osx-x86_64-clang, r-devel-windows-ix86+x86_64, r-patched-linux-x86_64, r-patched-solaris-sparc, r-patched-solaris-x86, r-release-linux-x86_64, r-release-osx-x86_64-mavericks, r-release-windows-ix86+x86_64