CRAN Package Check Results for Package getopt

Last updated on 2017-08-20 14:46:53.

Flavor Version Tinstall Tcheck Ttotal Status Flags
r-devel-linux-x86_64-debian-clang 1.20.0 0.62 12.89 13.50 NOTE
r-devel-linux-x86_64-debian-gcc 1.20.0 0.60 11.93 12.53 NOTE
r-devel-linux-x86_64-fedora-clang 1.20.0 20.42 NOTE
r-devel-linux-x86_64-fedora-gcc 1.20.0 19.52 NOTE
r-devel-windows-ix86+x86_64 1.20.0 3.00 29.00 32.00 NOTE
r-patched-linux-x86_64 1.20.0 0.59 12.27 12.85 NOTE
r-patched-solaris-x86 1.20.0 30.40 NOTE
r-release-linux-x86_64 1.20.0 0.60 12.49 13.09 NOTE
r-release-windows-ix86+x86_64 1.20.0 4.00 31.00 35.00 NOTE
r-release-osx-x86_64 1.20.0 NOTE
r-oldrel-windows-ix86+x86_64 1.20.0 2.00 41.00 43.00 NOTE
r-oldrel-osx-x86_64 1.20.0 NOTE

Check Details

Version: 1.20.0
Check: DESCRIPTION meta-information
Result: NOTE
    Malformed Title field: should not end in a period.
Flavors: r-devel-linux-x86_64-debian-clang, r-devel-linux-x86_64-debian-gcc, r-devel-linux-x86_64-fedora-clang, r-devel-linux-x86_64-fedora-gcc, r-devel-windows-ix86+x86_64, r-patched-linux-x86_64, r-patched-solaris-x86, r-release-linux-x86_64, r-release-windows-ix86+x86_64, r-release-osx-x86_64, r-oldrel-windows-ix86+x86_64, r-oldrel-osx-x86_64

Version: 1.20.0
Check: R code for possible problems
Result: NOTE
    getopt: no visible global function definition for ‘na.omit’
    Undefined global functions or variables:
     na.omit
    Consider adding
     importFrom("stats", "na.omit")
    to your NAMESPACE file.
Flavors: r-devel-linux-x86_64-debian-clang, r-devel-linux-x86_64-debian-gcc, r-devel-linux-x86_64-fedora-clang, r-devel-linux-x86_64-fedora-gcc, r-devel-windows-ix86+x86_64, r-patched-linux-x86_64, r-patched-solaris-x86, r-release-linux-x86_64, r-release-windows-ix86+x86_64, r-release-osx-x86_64, r-oldrel-windows-ix86+x86_64, r-oldrel-osx-x86_64