CRAN Package Check Results for Package getopt

Last updated on 2017-02-20 13:50:51.

Flavor Version Tinstall Tcheck Ttotal Status Flags
r-devel-linux-x86_64-debian-clang 1.20.0 0.58 11.80 12.38 NOTE
r-devel-linux-x86_64-debian-gcc 1.20.0 0.60 11.71 12.31 NOTE
r-devel-linux-x86_64-fedora-clang 1.20.0 19.73 NOTE --no-stop-on-test-error
r-devel-linux-x86_64-fedora-gcc 1.20.0 18.94 NOTE --no-stop-on-test-error
r-devel-macos-x86_64-clang 1.20.0 18.99 NOTE --no-stop-on-test-error
r-devel-windows-ix86+x86_64 1.20.0 3.00 38.00 41.00 NOTE
r-patched-linux-x86_64 1.20.0 0.58 9.47 10.06 NOTE
r-patched-solaris-sparc 1.20.0 98.30 NOTE
r-patched-solaris-x86 1.20.0 24.20 NOTE
r-release-linux-x86_64 1.20.0 0.55 9.31 9.87 NOTE
r-release-osx-x86_64-mavericks 1.20.0 NOTE
r-release-windows-ix86+x86_64 1.20.0 3.00 28.00 31.00 NOTE
r-oldrel-windows-ix86+x86_64 1.20.0 2.00 38.00 40.00 NOTE

Check Details

Version: 1.20.0
Check: DESCRIPTION meta-information
Result: NOTE
    Malformed Title field: should not end in a period.
Flavors: r-devel-linux-x86_64-debian-clang, r-devel-linux-x86_64-debian-gcc, r-devel-windows-ix86+x86_64, r-patched-linux-x86_64, r-patched-solaris-sparc, r-patched-solaris-x86, r-release-linux-x86_64, r-release-osx-x86_64-mavericks, r-release-windows-ix86+x86_64, r-oldrel-windows-ix86+x86_64

Version: 1.20.0
Check: R code for possible problems
Result: NOTE
    getopt: no visible global function definition for ‘na.omit’
    Undefined global functions or variables:
     na.omit
    Consider adding
     importFrom("stats", "na.omit")
    to your NAMESPACE file.
Flavors: r-devel-linux-x86_64-debian-clang, r-devel-linux-x86_64-debian-gcc, r-devel-windows-ix86+x86_64, r-patched-linux-x86_64, r-patched-solaris-sparc, r-patched-solaris-x86, r-release-linux-x86_64, r-release-osx-x86_64-mavericks, r-release-windows-ix86+x86_64

Version: 1.20.0
Flags: --no-stop-on-test-error
Check: DESCRIPTION meta-information
Result: NOTE
    Malformed Title field: should not end in a period.
Flavors: r-devel-linux-x86_64-fedora-clang, r-devel-linux-x86_64-fedora-gcc, r-devel-macos-x86_64-clang

Version: 1.20.0
Flags: --no-stop-on-test-error
Check: R code for possible problems
Result: NOTE
    getopt: no visible global function definition for ‘na.omit’
    Undefined global functions or variables:
     na.omit
    Consider adding
     importFrom("stats", "na.omit")
    to your NAMESPACE file.
Flavors: r-devel-linux-x86_64-fedora-clang, r-devel-linux-x86_64-fedora-gcc, r-devel-macos-x86_64-clang