CRAN Package Check Results for Package getopt

Last updated on 2015-08-31 12:47:43.

Flavor Version Tinstall Tcheck Ttotal Status Flags
r-devel-linux-x86_64-debian-clang 1.20.0 0.47 9.02 9.48 NOTE
r-devel-linux-x86_64-debian-gcc 1.20.0 0.52 9.05 9.57 NOTE
r-devel-linux-x86_64-fedora-clang 1.20.0 18.68 NOTE
r-devel-linux-x86_64-fedora-gcc 1.20.0 16.70 NOTE
r-devel-osx-x86_64-clang 1.20.0 19.03 NOTE
r-devel-windows-ix86+x86_64 1.20.0 3.00 28.00 31.00 NOTE
r-patched-linux-x86_64 1.20.0 0.54 9.20 9.74 NOTE
r-patched-solaris-sparc 1.20.0 129.30 NOTE
r-patched-solaris-x86 1.20.0 28.40 NOTE
r-release-linux-x86_64 1.20.0 0.64 9.42 10.06 NOTE
r-release-osx-x86_64-mavericks 1.20.0 NOTE
r-release-windows-ix86+x86_64 1.20.0 4.00 18.00 22.00 NOTE
r-oldrel-windows-ix86+x86_64 1.20.0 3.00 20.00 23.00 OK

Check Details

Version: 1.20.0
Check: DESCRIPTION meta-information
Result: NOTE
    Malformed Title field: should not end in a period.
Flavors: r-devel-linux-x86_64-debian-clang, r-devel-linux-x86_64-debian-gcc, r-devel-linux-x86_64-fedora-clang, r-devel-linux-x86_64-fedora-gcc, r-devel-osx-x86_64-clang, r-devel-windows-ix86+x86_64, r-patched-linux-x86_64, r-patched-solaris-sparc, r-patched-solaris-x86, r-release-linux-x86_64, r-release-osx-x86_64-mavericks, r-release-windows-ix86+x86_64

Version: 1.20.0
Check: R code for possible problems
Result: NOTE
    getopt: no visible global function definition for ‘na.omit’
    Undefined global functions or variables:
     na.omit
    Consider adding
     importFrom("stats", "na.omit")
    to your NAMESPACE.
Flavors: r-devel-linux-x86_64-debian-clang, r-devel-linux-x86_64-debian-gcc, r-devel-linux-x86_64-fedora-clang, r-devel-linux-x86_64-fedora-gcc, r-devel-windows-ix86+x86_64