CRAN Package Check Results for Package getopt

Last updated on 2016-02-07 22:46:46.

Flavor Version Tinstall Tcheck Ttotal Status Flags
r-devel-linux-x86_64-debian-gcc 1.20.0 0.54 8.40 8.94 NOTE
r-devel-linux-x86_64-fedora-clang 1.20.0 16.44 NOTE
r-devel-linux-x86_64-fedora-gcc 1.20.0 15.08 NOTE
r-devel-osx-x86_64-clang 1.20.0 19.39 NOTE
r-devel-windows-ix86+x86_64 1.20.0 3.00 20.00 23.00 NOTE
r-patched-linux-x86_64 1.20.0 0.65 8.95 9.60 NOTE
r-patched-solaris-sparc 1.20.0 104.60 NOTE
r-patched-solaris-x86 1.20.0 24.00 NOTE
r-release-linux-x86_64 1.20.0 0.56 8.85 9.41 NOTE
r-release-osx-x86_64-mavericks 1.20.0 NOTE
r-release-windows-ix86+x86_64 1.20.0 2.00 18.00 20.00 NOTE
r-oldrel-windows-ix86+x86_64 1.20.0 3.00 19.00 22.00 OK

Check Details

Version: 1.20.0
Check: DESCRIPTION meta-information
Result: NOTE
    Malformed Title field: should not end in a period.
Flavors: r-devel-linux-x86_64-debian-gcc, r-devel-linux-x86_64-fedora-clang, r-devel-linux-x86_64-fedora-gcc, r-devel-osx-x86_64-clang, r-devel-windows-ix86+x86_64, r-patched-linux-x86_64, r-patched-solaris-sparc, r-patched-solaris-x86, r-release-linux-x86_64, r-release-osx-x86_64-mavericks, r-release-windows-ix86+x86_64

Version: 1.20.0
Check: R code for possible problems
Result: NOTE
    getopt: no visible global function definition for ‘na.omit’
    Undefined global functions or variables:
     na.omit
    Consider adding
     importFrom("stats", "na.omit")
    to your NAMESPACE file.
Flavors: r-devel-linux-x86_64-debian-gcc, r-devel-linux-x86_64-fedora-clang, r-devel-linux-x86_64-fedora-gcc, r-devel-osx-x86_64-clang, r-devel-windows-ix86+x86_64