CRAN Package Check Results for Package getopt

Last updated on 2017-06-23 04:47:04.

Flavor Version Tinstall Tcheck Ttotal Status Flags
r-devel-linux-x86_64-debian-clang 1.20.0 0.58 12.61 13.18 NOTE
r-devel-linux-x86_64-debian-gcc 1.20.0 0.54 11.46 12.00 NOTE
r-devel-linux-x86_64-fedora-clang 1.20.0 20.77 NOTE
r-devel-linux-x86_64-fedora-gcc 1.20.0 19.43 NOTE
r-devel-windows-ix86+x86_64 1.20.0 3.00 28.00 31.00 NOTE
r-patched-linux-x86_64 1.20.0 0.56 11.91 12.47 NOTE
r-patched-solaris-sparc 1.20.0 127.90 NOTE
r-patched-solaris-x86 1.20.0 29.10 NOTE
r-release-linux-x86_64 1.20.0 0.61 11.87 12.48 NOTE
r-release-windows-ix86+x86_64 1.20.0 4.00 30.00 34.00 NOTE
r-release-osx-x86_64 1.20.0 NOTE
r-oldrel-windows-ix86+x86_64 1.20.0 3.00 27.00 30.00 NOTE
r-oldrel-osx-x86_64 1.20.0 NOTE

Check Details

Version: 1.20.0
Check: DESCRIPTION meta-information
Result: NOTE
    Malformed Title field: should not end in a period.
Flavors: r-devel-linux-x86_64-debian-clang, r-devel-linux-x86_64-debian-gcc, r-devel-linux-x86_64-fedora-clang, r-devel-linux-x86_64-fedora-gcc, r-devel-windows-ix86+x86_64, r-patched-linux-x86_64, r-patched-solaris-sparc, r-patched-solaris-x86, r-release-linux-x86_64, r-release-windows-ix86+x86_64, r-release-osx-x86_64, r-oldrel-windows-ix86+x86_64, r-oldrel-osx-x86_64

Version: 1.20.0
Check: R code for possible problems
Result: NOTE
    getopt: no visible global function definition for ‘na.omit’
    Undefined global functions or variables:
     na.omit
    Consider adding
     importFrom("stats", "na.omit")
    to your NAMESPACE file.
Flavors: r-devel-linux-x86_64-debian-clang, r-devel-linux-x86_64-debian-gcc, r-devel-linux-x86_64-fedora-clang, r-devel-linux-x86_64-fedora-gcc, r-devel-windows-ix86+x86_64, r-patched-linux-x86_64, r-patched-solaris-sparc, r-patched-solaris-x86, r-release-linux-x86_64, r-release-windows-ix86+x86_64, r-release-osx-x86_64, r-oldrel-windows-ix86+x86_64, r-oldrel-osx-x86_64