CRAN Package Check Results for Package getopt

Last updated on 2015-06-30 18:47:15.

Flavor Version Tinstall Tcheck Ttotal Status Flags
r-devel-linux-x86_64-debian-clang 1.20.0 0.60 8.92 9.52 NOTE
r-devel-linux-x86_64-debian-gcc 1.20.0 0.48 9.09 9.57 NOTE
r-devel-linux-x86_64-fedora-clang 1.20.0 17.71 NOTE
r-devel-linux-x86_64-fedora-gcc 1.20.0 16.66 NOTE
r-devel-osx-x86_64-clang 1.20.0 20.40 NOTE
r-devel-windows-ix86+x86_64 1.20.0 4.00 16.00 20.00 NOTE
r-patched-linux-x86_64 1.20.0 0.57 9.21 9.78 NOTE
r-patched-solaris-sparc 1.20.0 122.70 NOTE
r-patched-solaris-x86 1.20.0 28.30 NOTE
r-release-linux-x86_64 1.20.0 0.51 9.68 10.19 NOTE
r-release-osx-x86_64-mavericks 1.20.0 NOTE
r-release-windows-ix86+x86_64 1.20.0 3.00 16.00 19.00 NOTE
r-oldrel-windows-ix86+x86_64 1.20.0 4.00 19.00 23.00 OK

Check Details

Version: 1.20.0
Check: DESCRIPTION meta-information
Result: NOTE
    Malformed Title field: should not end in a period.
Flavors: r-devel-linux-x86_64-debian-clang, r-devel-linux-x86_64-debian-gcc, r-devel-linux-x86_64-fedora-clang, r-devel-linux-x86_64-fedora-gcc, r-devel-osx-x86_64-clang, r-devel-windows-ix86+x86_64, r-patched-linux-x86_64, r-patched-solaris-sparc, r-patched-solaris-x86, r-release-linux-x86_64, r-release-osx-x86_64-mavericks, r-release-windows-ix86+x86_64

Version: 1.20.0
Check: R code for possible problems
Result: NOTE
    getopt: no visible global function definition for ‘na.omit’
Flavors: r-devel-linux-x86_64-debian-clang, r-devel-linux-x86_64-debian-gcc, r-devel-linux-x86_64-fedora-clang, r-devel-windows-ix86+x86_64