CRAN Package Check Results for Package geysertimes

Last updated on 2021-04-11 23:46:59 CEST.

Flavor Version Tinstall Tcheck Ttotal Status Flags
r-devel-linux-x86_64-debian-clang 0.1.2 2.11 64.45 66.56 NOTE
r-devel-linux-x86_64-debian-gcc 0.1.2 1.67 53.34 55.01 NOTE
r-devel-linux-x86_64-fedora-clang 0.1.5 95.86 OK
r-devel-linux-x86_64-fedora-gcc 0.1.5 50.84 OK
r-devel-windows-ix86+x86_64 0.1.2 6.00 94.00 100.00 NOTE
r-devel-windows-x86_64-gcc10-UCRT 0.1.2 NOTE
r-patched-linux-x86_64 0.1.2 1.99 64.10 66.09 OK
r-patched-solaris-x86 0.1.5 122.50 OK
r-release-linux-x86_64 0.1.2 2.20 63.95 66.15 OK
r-release-macos-x86_64 0.1.2 OK
r-release-windows-ix86+x86_64 0.1.5 5.00 84.00 89.00 OK
r-oldrel-macos-x86_64 0.1.5 OK
r-oldrel-windows-ix86+x86_64 0.1.2 3.00 76.00 79.00 OK

Check Details

Version: 0.1.2
Check: LazyData
Result: NOTE
     'LazyData' is specified without a 'data' directory
Flavors: r-devel-linux-x86_64-debian-clang, r-devel-linux-x86_64-debian-gcc, r-devel-windows-ix86+x86_64, r-devel-windows-x86_64-gcc10-UCRT