CRAN Package Check Results for Package gfcanalysis

Last updated on 2015-01-28 12:48:00.

Flavor Version Tinstall Tcheck Ttotal Status Flags
r-devel-linux-x86_64-debian-clang 1.2 5.11 49.05 54.16 OK
r-devel-linux-x86_64-debian-gcc 1.2 4.50 50.03 54.53 OK
r-devel-linux-x86_64-fedora-clang 1.2 148.21 OK
r-devel-linux-x86_64-fedora-gcc 1.2 149.71 OK
r-devel-osx-x86_64-clang 1.2 122.26 OK
r-devel-windows-ix86+x86_64 1.2 12.00 66.00 78.00 OK
r-patched-linux-x86_64 1.2 5.63 63.06 68.69 OK
r-patched-solaris-sparc 1.2 792.00 OK
r-patched-solaris-x86 1.2 210.40 OK
r-release-linux-ix86 1.2 6.44 75.84 82.28 OK
r-release-linux-x86_64 1.2 5.74 63.79 69.53 OK
r-release-osx-x86_64-mavericks 1.2 ERROR
r-release-osx-x86_64-snowleopard 1.2 OK
r-release-windows-ix86+x86_64 1.2 19.00 100.00 119.00 OK
r-oldrel-windows-ix86+x86_64 1.2 18.00 101.00 119.00 OK

Check Details

Version: 1.2
Check: package dependencies
Result: ERROR
    Packages required but not available: ‘rgdal’ ‘rgeos’
    
    See the information on DESCRIPTION files in the chapter ‘Creating R
    packages’ of the ‘Writing R Extensions’ manual.
Flavor: r-release-osx-x86_64-mavericks