CRAN Package Check Results for Package gfcanalysis

Last updated on 2014-07-24 22:48:37.

Flavor Version Tinstall Tcheck Ttotal Status Flags
r-devel-linux-x86_64-debian-clang 1.1 5.80 60.53 66.33 OK
r-devel-linux-x86_64-debian-gcc 1.1 5.40 59.94 65.34 OK
r-devel-linux-x86_64-fedora-clang 1.1 155.81 OK
r-devel-linux-x86_64-fedora-gcc 1.1 149.10 OK
r-devel-osx-x86_64-clang 1.1 117.72 OK
r-devel-windows-ix86+x86_64 1.1 15.00 93.00 108.00 OK
r-patched-linux-x86_64 1.1 5.62 60.61 66.23 OK
r-patched-solaris-sparc 1.1 768.10 OK
r-patched-solaris-x86 1.1 195.30 OK
r-release-linux-ix86 1.1 6.54 81.70 88.24 OK
r-release-linux-x86_64 1.1 6.55 61.54 68.09 OK
r-release-osx-x86_64-mavericks 1.1 ERROR
r-release-osx-x86_64-snowleopard 1.1 OK
r-release-windows-ix86+x86_64 1.1 18.00 95.00 113.00 OK
r-oldrel-windows-ix86+x86_64 1.1 17.00 90.00 107.00 OK

Check Details

Version: 1.1
Check: package dependencies
Result: ERROR
    Packages required but not available: ‘rgdal’ ‘rgeos’
    
    See the information on DESCRIPTION files in the chapter ‘Creating R
    packages’ of the ‘Writing R Extensions’ manual.
Flavor: r-release-osx-x86_64-mavericks