CRAN Package Check Results for Package gfcanalysis

Last updated on 2015-05-26 15:47:30.

Flavor Version Tinstall Tcheck Ttotal Status Flags
r-devel-linux-x86_64-debian-clang 1.2 3.78 47.10 50.89 NOTE
r-devel-linux-x86_64-debian-gcc 1.2 3.68 44.59 48.28 NOTE
r-devel-linux-x86_64-fedora-clang 1.2 100.92 NOTE
r-devel-linux-x86_64-fedora-gcc 1.2 96.68 NOTE
r-devel-osx-x86_64-clang 1.2 83.16 NOTE
r-devel-windows-ix86+x86_64 1.2 11.00 65.00 76.00 NOTE
r-patched-linux-x86_64 1.2 3.85 45.50 49.35 NOTE
r-patched-solaris-sparc 1.2 617.20 NOTE
r-patched-solaris-x86 1.2 144.10 NOTE
r-release-linux-x86_64 1.2 3.72 43.84 47.56 NOTE
r-release-osx-x86_64-mavericks 1.2 NOTE
r-release-osx-x86_64-snowleopard 1.2 ERROR
r-release-windows-ix86+x86_64 1.2 10.00 66.00 76.00 NOTE
r-oldrel-windows-ix86+x86_64 1.2 21.00 105.00 126.00 OK

Check Details

Version: 1.2
Check: DESCRIPTION meta-information
Result: NOTE
    Malformed Description field: should contain one or more complete sentences.
Flavors: r-devel-linux-x86_64-debian-clang, r-devel-linux-x86_64-debian-gcc, r-devel-linux-x86_64-fedora-clang, r-devel-linux-x86_64-fedora-gcc, r-devel-osx-x86_64-clang, r-devel-windows-ix86+x86_64, r-patched-linux-x86_64, r-patched-solaris-sparc, r-patched-solaris-x86, r-release-linux-x86_64, r-release-osx-x86_64-mavericks, r-release-windows-ix86+x86_64

Version: 1.2
Check: package dependencies
Result: ERROR
    Packages required but not available:
     ‘raster’ ‘geosphere’ ‘rgeos’ ‘ggplot2’ ‘rasterVis’
    
    See section ‘The DESCRIPTION file’ in the ‘Writing R Extensions’
    manual.
Flavor: r-release-osx-x86_64-snowleopard