CRAN Package Check Results for Package gfcanalysis

Last updated on 2015-03-26 23:47:43.

Flavor Version Tinstall Tcheck Ttotal Status Flags
r-devel-linux-x86_64-debian-clang 1.2 4.55 47.38 51.94 NOTE
r-devel-linux-x86_64-debian-gcc 1.2 3.61 44.28 47.89 NOTE
r-devel-linux-x86_64-fedora-clang 1.2 99.27 NOTE
r-devel-linux-x86_64-fedora-gcc 1.2 93.51 NOTE
r-devel-osx-x86_64-clang 1.2 89.02 NOTE
r-prerel-windows-ix86+x86_64 1.2 11.00 64.00 75.00 NOTE
r-prerel-linux-x86_64 1.2 3.63 44.52 48.15 NOTE
r-prerel-solaris-sparc 1.2 707.30 NOTE
r-prerel-solaris-x86 1.2 133.30 NOTE
r-release-linux-x86_64 1.2 6.03 64.31 70.34 OK
r-release-osx-x86_64-mavericks 1.2 ERROR
r-release-osx-x86_64-snowleopard 1.2 OK
r-release-windows-ix86+x86_64 1.2 21.00 106.00 127.00 OK
r-oldrel-windows-ix86+x86_64 1.2 18.00 100.00 118.00 OK

Check Details

Version: 1.2
Check: DESCRIPTION meta-information
Result: NOTE
    Malformed Description field: should contain one or more complete sentences.
Flavors: r-devel-linux-x86_64-debian-clang, r-devel-linux-x86_64-debian-gcc, r-devel-linux-x86_64-fedora-clang, r-devel-linux-x86_64-fedora-gcc, r-devel-osx-x86_64-clang, r-prerel-windows-ix86+x86_64, r-prerel-linux-x86_64, r-prerel-solaris-sparc, r-prerel-solaris-x86

Version: 1.2
Check: package dependencies
Result: ERROR
    Packages required but not available: ‘rgdal’ ‘rgeos’
    
    See section ‘The DESCRIPTION file’ in the ‘Writing R Extensions’
    manual.
Flavor: r-release-osx-x86_64-mavericks