CRAN Package Check Results for Package gfcanalysis

Last updated on 2015-07-05 22:47:28.

Flavor Version Tinstall Tcheck Ttotal Status Flags
r-devel-linux-x86_64-debian-clang 1.2 3.88 45.02 48.91 NOTE
r-devel-linux-x86_64-debian-gcc 1.2 3.73 44.81 48.54 NOTE
r-devel-linux-x86_64-fedora-clang 1.2 99.58 NOTE
r-devel-linux-x86_64-fedora-gcc 1.2 93.42 NOTE
r-devel-osx-x86_64-clang 1.2 82.62 NOTE
r-devel-windows-ix86+x86_64 1.2 17.00 63.00 80.00 NOTE
r-patched-linux-x86_64 1.2 3.92 45.20 49.12 NOTE
r-patched-solaris-sparc 1.2 617.20 NOTE
r-patched-solaris-x86 1.2 142.10 NOTE
r-release-linux-x86_64 1.2 3.80 45.64 49.43 NOTE
r-release-osx-x86_64-mavericks 1.2 NOTE
r-release-windows-ix86+x86_64 1.2 15.00 68.00 83.00 NOTE
r-oldrel-windows-ix86+x86_64 1.2 29.00 112.00 141.00 OK

Check Details

Version: 1.2
Check: DESCRIPTION meta-information
Result: NOTE
    Malformed Description field: should contain one or more complete sentences.
Flavors: r-devel-linux-x86_64-debian-clang, r-devel-linux-x86_64-debian-gcc, r-devel-linux-x86_64-fedora-clang, r-devel-linux-x86_64-fedora-gcc, r-devel-osx-x86_64-clang, r-devel-windows-ix86+x86_64, r-patched-linux-x86_64, r-patched-solaris-sparc, r-patched-solaris-x86, r-release-linux-x86_64, r-release-osx-x86_64-mavericks, r-release-windows-ix86+x86_64

Version: 1.2
Check: R code for possible problems
Result: NOTE
    animate_annual: no visible global function definition for ‘file_test’
    download_tile: no visible global function definition for
     ‘download.file’
    download_tiles: no visible global function definition for ‘file_test’
    Undefined global functions or variables:
     download.file file_test
Flavors: r-devel-linux-x86_64-debian-clang, r-devel-linux-x86_64-debian-gcc, r-devel-linux-x86_64-fedora-clang, r-devel-linux-x86_64-fedora-gcc, r-devel-windows-ix86+x86_64