CRAN Package Check Results for Package gfcanalysis

Last updated on 2014-09-20 07:48:11.

Flavor Version Tinstall Tcheck Ttotal Status Flags
r-devel-linux-x86_64-debian-clang 1.2 5.63 60.80 66.43 OK
r-devel-linux-x86_64-debian-gcc 1.2 5.29 59.42 64.72 OK
r-devel-linux-x86_64-fedora-clang 1.2 151.15 OK
r-devel-linux-x86_64-fedora-gcc 1.2 141.35 OK
r-devel-osx-x86_64-clang 1.2 118.14 OK
r-devel-windows-ix86+x86_64 1.2 14.00 85.00 99.00 OK
r-patched-linux-x86_64 1.2 5.58 61.70 67.28 OK
r-patched-solaris-sparc 1.2 776.20 OK
r-patched-solaris-x86 1.2 162.20 OK
r-release-linux-ix86 1.1 6.69 74.08 80.77 OK
r-release-linux-x86_64 1.2 5.72 62.76 68.48 OK
r-release-osx-x86_64-mavericks 1.2 ERROR
r-release-osx-x86_64-snowleopard 1.1 OK
r-release-windows-ix86+x86_64 1.2 14.00 101.00 115.00 OK
r-oldrel-windows-ix86+x86_64 1.2 18.00 97.00 115.00 OK

Check Details

Version: 1.2
Check: package dependencies
Result: ERROR
    Packages required but not available: ‘rgdal’ ‘rgeos’
    
    See the information on DESCRIPTION files in the chapter ‘Creating R
    packages’ of the ‘Writing R Extensions’ manual.
Flavor: r-release-osx-x86_64-mavericks