CRAN Package Check Results for Package gfcanalysis

Last updated on 2014-12-20 17:51:06.

Flavor Version Tinstall Tcheck Ttotal Status Flags
r-devel-linux-x86_64-debian-clang 1.2 5.52 62.82 68.34 OK
r-devel-linux-x86_64-debian-gcc 1.2 5.34 61.48 66.82 OK
r-devel-linux-x86_64-fedora-clang 1.2 152.05 OK
r-devel-linux-x86_64-fedora-gcc 1.2 139.53 OK
r-devel-osx-x86_64-clang 1.2 125.01 OK
r-devel-windows-ix86+x86_64 1.2 17.00 91.00 108.00 OK
r-patched-linux-x86_64 1.2 5.72 62.90 68.62 OK
r-patched-solaris-sparc 1.2 776.20 OK
r-patched-solaris-x86 1.2 211.80 OK
r-release-linux-ix86 1.2 6.45 85.09 91.54 OK
r-release-linux-x86_64 1.2 5.71 64.35 70.06 OK
r-release-osx-x86_64-mavericks 1.2 ERROR
r-release-osx-x86_64-snowleopard 1.2 OK
r-release-windows-ix86+x86_64 1.2 21.00 95.00 116.00 OK
r-oldrel-windows-ix86+x86_64 1.2 20.00 100.00 120.00 OK

Check Details

Version: 1.2
Check: package dependencies
Result: ERROR
    Packages required but not available: ‘rgdal’ ‘rgeos’
    
    See the information on DESCRIPTION files in the chapter ‘Creating R
    packages’ of the ‘Writing R Extensions’ manual.
Flavor: r-release-osx-x86_64-mavericks