CRAN Package Check Results for Package gfcanalysis

Last updated on 2014-08-30 19:47:07.

Flavor Version Tinstall Tcheck Ttotal Status Flags
r-devel-linux-x86_64-debian-clang 1.1 5.57 59.16 64.73 OK
r-devel-linux-x86_64-debian-gcc 1.1 5.62 59.56 65.19 OK
r-devel-linux-x86_64-fedora-clang 1.1 155.65 OK
r-devel-linux-x86_64-fedora-gcc 1.1 144.14 OK
r-devel-osx-x86_64-clang 1.1 115.08 OK
r-devel-windows-ix86+x86_64 1.1 21.00 93.00 114.00 OK
r-patched-linux-x86_64 1.1 5.96 62.20 68.16 OK
r-patched-solaris-sparc 1.1 830.20 OK
r-patched-solaris-x86 1.1 201.30 OK
r-release-linux-ix86 1.1 6.54 81.24 87.78 OK
r-release-linux-x86_64 1.1 5.68 62.43 68.11 OK
r-release-osx-x86_64-mavericks 1.1 ERROR
r-release-osx-x86_64-snowleopard 1.1 OK
r-release-windows-ix86+x86_64 1.1 18.00 95.00 113.00 OK
r-oldrel-windows-ix86+x86_64 1.1 17.00 93.00 110.00 OK

Check Details

Version: 1.1
Check: package dependencies
Result: ERROR
    Packages required but not available: ‘rgdal’ ‘rgeos’
    
    See the information on DESCRIPTION files in the chapter ‘Creating R
    packages’ of the ‘Writing R Extensions’ manual.
Flavor: r-release-osx-x86_64-mavericks