CRAN Package Check Results for Package gfcanalysis

Last updated on 2015-08-01 23:47:16.

Flavor Version Tinstall Tcheck Ttotal Status Flags
r-devel-linux-x86_64-debian-clang 1.2 3.93 47.08 51.01 NOTE
r-devel-linux-x86_64-debian-gcc 1.2 3.76 45.12 48.88 NOTE
r-devel-linux-x86_64-fedora-clang 1.2 107.30 NOTE
r-devel-linux-x86_64-fedora-gcc 1.2 97.21 NOTE
r-devel-osx-x86_64-clang 1.2 82.27 NOTE
r-devel-windows-ix86+x86_64 1.2 18.00 77.00 95.00 NOTE
r-patched-linux-x86_64 1.2 3.76 46.64 50.39 NOTE
r-patched-solaris-sparc 1.2 633.00 NOTE
r-patched-solaris-x86 1.2 143.80 NOTE
r-release-linux-x86_64 1.2 3.77 45.19 48.96 NOTE
r-release-osx-x86_64-mavericks 1.2 NOTE
r-release-windows-ix86+x86_64 1.2 15.00 74.00 89.00 NOTE
r-oldrel-windows-ix86+x86_64 1.2 30.00 115.00 145.00 OK

Check Details

Version: 1.2
Check: DESCRIPTION meta-information
Result: NOTE
    Malformed Description field: should contain one or more complete sentences.
Flavors: r-devel-linux-x86_64-debian-clang, r-devel-linux-x86_64-debian-gcc, r-devel-linux-x86_64-fedora-clang, r-devel-linux-x86_64-fedora-gcc, r-devel-osx-x86_64-clang, r-devel-windows-ix86+x86_64, r-patched-linux-x86_64, r-patched-solaris-sparc, r-patched-solaris-x86, r-release-linux-x86_64, r-release-osx-x86_64-mavericks, r-release-windows-ix86+x86_64

Version: 1.2
Check: R code for possible problems
Result: NOTE
    animate_annual: no visible global function definition for ‘file_test’
    download_tile: no visible global function definition for
     ‘download.file’
    download_tiles: no visible global function definition for ‘file_test’
    Undefined global functions or variables:
     download.file file_test
    Consider adding
     importFrom("utils", "download.file", "file_test")
    to your NAMESPACE.
Flavors: r-devel-linux-x86_64-debian-clang, r-devel-linux-x86_64-debian-gcc, r-devel-linux-x86_64-fedora-clang, r-devel-linux-x86_64-fedora-gcc, r-devel-windows-ix86+x86_64