CRAN Package Check Results for Package gfcanalysis

Last updated on 2014-10-25 19:47:37.

Flavor Version Tinstall Tcheck Ttotal Status Flags
r-devel-linux-x86_64-debian-clang 1.2 5.67 60.18 65.84 OK
r-devel-linux-x86_64-debian-gcc 1.2 5.50 61.36 66.85 OK
r-devel-linux-x86_64-fedora-clang 1.2 150.83 OK
r-devel-linux-x86_64-fedora-gcc 1.2 142.99 OK
r-devel-osx-x86_64-clang 1.2 120.70 OK
r-devel-windows-ix86+x86_64 1.2 16.00 90.00 106.00 OK
r-patched-linux-x86_64 1.2 5.67 61.94 67.61 OK
r-patched-solaris-sparc 1.2 776.20 OK
r-patched-solaris-x86 1.2 207.60 OK
r-release-linux-ix86 1.2 6.92 90.02 96.94 OK
r-release-linux-x86_64 1.2 5.85 62.92 68.77 OK
r-release-osx-x86_64-mavericks 1.2 ERROR
r-release-osx-x86_64-snowleopard 1.2 OK
r-release-windows-ix86+x86_64 1.2 18.00 97.00 115.00 OK
r-oldrel-windows-ix86+x86_64 1.2 16.00 90.00 106.00 OK

Check Details

Version: 1.2
Check: package dependencies
Result: ERROR
    Packages required but not available: ‘rgdal’ ‘rgeos’
    
    See the information on DESCRIPTION files in the chapter ‘Creating R
    packages’ of the ‘Writing R Extensions’ manual.
Flavor: r-release-osx-x86_64-mavericks