CRAN Package Check Results for Package gfcanalysis

Last updated on 2014-11-27 05:47:40.

Flavor Version Tinstall Tcheck Ttotal Status Flags
r-devel-linux-x86_64-debian-clang 1.2 5.61 60.87 66.48 OK
r-devel-linux-x86_64-debian-gcc 1.2 6.12 59.21 65.32 OK
r-devel-linux-x86_64-fedora-clang 1.2 155.81 OK
r-devel-linux-x86_64-fedora-gcc 1.2 165.48 OK
r-devel-osx-x86_64-clang 1.2 120.15 OK
r-devel-windows-ix86+x86_64 1.2 18.00 91.00 109.00 OK
r-patched-linux-x86_64 1.2 5.88 61.54 67.42 OK
r-patched-solaris-sparc 1.2 776.20 OK
r-patched-solaris-x86 1.2 211.90 OK
r-release-linux-ix86 1.2 6.39 81.18 87.57 OK
r-release-linux-x86_64 1.2 5.61 62.97 68.58 OK
r-release-osx-x86_64-mavericks 1.2 ERROR
r-release-osx-x86_64-snowleopard 1.2 OK
r-release-windows-ix86+x86_64 1.2 17.00 97.00 114.00 OK
r-oldrel-windows-ix86+x86_64 1.2 17.00 94.00 111.00 OK

Check Details

Version: 1.2
Check: package dependencies
Result: ERROR
    Packages required but not available: ‘rgdal’ ‘rgeos’
    
    See the information on DESCRIPTION files in the chapter ‘Creating R
    packages’ of the ‘Writing R Extensions’ manual.
Flavor: r-release-osx-x86_64-mavericks