CRAN Package Check Results for Package gfer

Last updated on 2020-08-12 19:49:51 CEST.

Flavor Version Tinstall Tcheck Ttotal Status Flags
r-devel-linux-x86_64-debian-clang 0.1.10 0.48 2.68 3.16 ERROR
r-devel-linux-x86_64-debian-gcc 0.1.10 6.21 47.28 53.49 OK
r-devel-linux-x86_64-fedora-clang 0.1.10 89.44 NOTE
r-devel-linux-x86_64-fedora-gcc 0.1.10 80.74 NOTE
r-devel-windows-ix86+x86_64 0.1.10 26.00 125.00 151.00 OK
r-patched-linux-x86_64 0.1.10 7.24 59.89 67.13 OK
r-patched-solaris-x86 0.1.10 121.40 NOTE
r-release-linux-x86_64 0.1.10 0.28 2.80 3.08 ERROR
r-release-macos-x86_64 0.1.10 NOTE
r-release-windows-ix86+x86_64 0.1.10 34.00 120.00 154.00 OK
r-oldrel-macos-x86_64 0.1.10 NOTE
r-oldrel-windows-ix86+x86_64 0.1.10 15.00 83.00 98.00 OK

Check Details

Version: 0.1.10
Check: package dependencies
Result: ERROR
    Packages required but not available: 'tidyr', 'scatterpie', 'googlesheets'
    
    See section 'The DESCRIPTION file' in the 'Writing R Extensions'
    manual.
Flavors: r-devel-linux-x86_64-debian-clang, r-release-linux-x86_64

Version: 0.1.10
Check: dependencies in R code
Result: NOTE
    Namespace in Imports field not imported from: ‘tidyr’
     All declared Imports should be used.
Flavors: r-devel-linux-x86_64-fedora-clang, r-devel-linux-x86_64-fedora-gcc, r-patched-solaris-x86, r-release-macos-x86_64, r-oldrel-macos-x86_64