CRAN Package Check Results for Package gfoRmula

Last updated on 2020-08-11 11:49:13 CEST.

Flavor Version Tinstall Tcheck Ttotal Status Flags
r-devel-linux-x86_64-debian-clang 0.3.1 11.01 65.02 76.03 OK
r-devel-linux-x86_64-debian-gcc 0.3.1 9.38 49.20 58.58 OK
r-devel-linux-x86_64-fedora-clang 0.3.1 94.71 OK
r-devel-linux-x86_64-fedora-gcc 0.3.1 85.75 OK
r-devel-windows-ix86+x86_64 0.3.1 37.00 106.00 143.00 OK
r-patched-linux-x86_64 0.3.1 9.09 63.12 72.21 OK
r-patched-solaris-x86 0.3.1 116.50 OK
r-release-linux-x86_64 0.3.1 0.40 2.40 2.80 ERROR
r-release-macos-x86_64 0.3.1 OK
r-release-windows-ix86+x86_64 0.3.1 29.00 104.00 133.00 OK
r-oldrel-macos-x86_64 0.3.1 OK
r-oldrel-windows-ix86+x86_64 0.3.1 17.00 73.00 90.00 OK

Check Details

Version: 0.3.1
Check: package dependencies
Result: ERROR
    Package required but not available: ‘ggpubr’
    
    See section ‘The DESCRIPTION file’ in the ‘Writing R Extensions’
    manual.
Flavor: r-release-linux-x86_64