CRAN Package Check Results for Package ggExtra

Last updated on 2022-01-24 07:49:49 CET.

Flavor Version Tinstall Tcheck Ttotal Status Flags
r-devel-linux-x86_64-debian-clang 0.9 6.03 61.22 67.25 NOTE
r-devel-linux-x86_64-debian-gcc 0.9 4.73 46.56 51.29 NOTE
r-devel-linux-x86_64-fedora-clang 0.9 78.48 NOTE
r-devel-linux-x86_64-fedora-gcc 0.9 66.58 NOTE
r-devel-windows-x86_64-new-UL 0.9 472.00 102.00 574.00 NOTE
r-devel-windows-x86_64-new-TK 0.9 NOTE
r-patched-linux-x86_64 0.9 5.70 56.07 61.77 NOTE
r-release-linux-x86_64 0.9 6.68 56.46 63.14 NOTE
r-release-macos-arm64 0.9 NOTE
r-release-macos-x86_64 0.9 NOTE
r-release-windows-ix86+x86_64 0.9 12.00 76.00 88.00 NOTE
r-oldrel-macos-x86_64 0.9 NOTE
r-oldrel-windows-ix86+x86_64 0.9 12.00 77.00 89.00 OK

Check Details

Version: 0.9
Check: LazyData
Result: NOTE
     'LazyData' is specified without a 'data' directory
Flavors: r-devel-linux-x86_64-debian-clang, r-devel-linux-x86_64-debian-gcc, r-devel-linux-x86_64-fedora-clang, r-devel-linux-x86_64-fedora-gcc, r-devel-windows-x86_64-new-UL, r-devel-windows-x86_64-new-TK, r-patched-linux-x86_64, r-release-linux-x86_64, r-release-macos-arm64, r-release-macos-x86_64, r-release-windows-ix86+x86_64

Version: 0.9
Check: dependencies in R code
Result: NOTE
    Namespaces in Imports field not imported from:
     ‘R6’ ‘grDevices’ ‘scales’ ‘utils’
     All declared Imports should be used.
Flavors: r-devel-linux-x86_64-fedora-clang, r-devel-linux-x86_64-fedora-gcc, r-devel-windows-x86_64-new-TK, r-release-macos-arm64, r-release-macos-x86_64, r-oldrel-macos-x86_64