CRAN Package Check Results for Package ggExtra

Last updated on 2023-09-22 00:53:18 CEST.

Flavor Version Tinstall Tcheck Ttotal Status Flags
r-devel-linux-x86_64-debian-clang 0.10.1 6.19 58.04 64.23 NOTE
r-devel-linux-x86_64-debian-gcc 0.10.1 5.10 44.74 49.84 NOTE
r-devel-linux-x86_64-fedora-clang 0.10.1 79.54 NOTE
r-devel-linux-x86_64-fedora-gcc 0.10.1 89.38 NOTE
r-devel-windows-x86_64 0.10.1 7.00 71.00 78.00 OK
r-patched-linux-x86_64 0.10.1 4.94 55.03 59.97 NOTE
r-release-linux-x86_64 0.10.1 3.93 55.94 59.87 NOTE
r-release-macos-arm64 0.10.1 37.00 OK
r-release-macos-x86_64 0.10.1 63.00 OK
r-release-windows-x86_64 0.10.1 8.00 78.00 86.00 OK
r-oldrel-macos-arm64 0.10.1 44.00 OK
r-oldrel-macos-x86_64 0.10.1 47.00 OK
r-oldrel-windows-x86_64 0.10.1 9.00 79.00 88.00 OK

Check Details

Version: 0.10.1
Check: R code for possible problems
Result: NOTE
    Found the following assignments to the global environment:
    File ‘ggExtra/R/ggMarginalGadget.R’:
     assign(plotname, eval(parse(text = origPlot)), envir = .GlobalEnv)
Flavors: r-devel-linux-x86_64-debian-clang, r-devel-linux-x86_64-debian-gcc, r-devel-linux-x86_64-fedora-clang, r-patched-linux-x86_64, r-release-linux-x86_64

Version: 0.10.1
Check: dependencies in R code
Result: NOTE
    Namespaces in Imports field not imported from:
     ‘R6’ ‘scales’ ‘utils’
     All declared Imports should be used.
Flavors: r-devel-linux-x86_64-fedora-clang, r-devel-linux-x86_64-fedora-gcc