CRAN Package Check Results for Package ggHorizon

Last updated on 2014-07-23 08:49:48.

Flavor Version Tinstall Tcheck Ttotal Status Flags
r-devel-linux-x86_64-debian-clang 0.1 1.44 20.10 21.54 NOTE
r-devel-linux-x86_64-debian-gcc 0.1 1.76 20.88 22.64 NOTE
r-devel-linux-x86_64-fedora-clang 0.1 48.50 NOTE
r-devel-linux-x86_64-fedora-gcc 0.1 47.41 NOTE
r-devel-osx-x86_64-clang 0.1 45.13 NOTE
r-devel-windows-ix86+x86_64 0.1 6.00 33.00 39.00 NOTE
r-patched-linux-x86_64 0.1 1.47 21.08 22.55 NOTE
r-patched-solaris-sparc 0.1 256.60 NOTE
r-patched-solaris-x86 0.1 59.10 NOTE
r-release-linux-ix86 0.1 1.95 28.28 30.23 NOTE
r-release-linux-x86_64 0.1 1.51 21.36 22.87 NOTE
r-release-osx-x86_64-mavericks 0.1 NOTE
r-release-osx-x86_64-snowleopard 0.1 OK
r-release-windows-ix86+x86_64 0.1 8.00 37.00 45.00 NOTE
r-oldrel-windows-ix86+x86_64 0.1 7.00 37.00 44.00 NOTE

Check Details

Version: 0.1
Check: dependencies in R code
Result: NOTE
    Packages in Depends field not imported from:
     ‘RColorBrewer’ ‘ggplot2’ ‘plyr’ ‘proto’
     These packages need to be imported from (in the NAMESPACE file)
     for when this namespace is loaded but not attached.
    See the information on DESCRIPTION files in the chapter ‘Creating R
    packages’ of the ‘Writing R Extensions’ manual.
Flavors: r-devel-linux-x86_64-debian-clang, r-devel-linux-x86_64-debian-gcc, r-devel-linux-x86_64-fedora-clang, r-devel-linux-x86_64-fedora-gcc, r-devel-osx-x86_64-clang, r-devel-windows-ix86+x86_64, r-patched-linux-x86_64, r-patched-solaris-sparc, r-patched-solaris-x86, r-release-linux-ix86, r-release-linux-x86_64, r-release-osx-x86_64-mavericks, r-release-windows-ix86+x86_64, r-oldrel-windows-ix86+x86_64