CRAN Package Check Results for Package ggHorizon

Last updated on 2014-10-23 21:46:37.

Flavor Version Tinstall Tcheck Ttotal Status Flags
r-devel-linux-x86_64-debian-clang 0.1 1.44 21.02 22.46 NOTE
r-devel-linux-x86_64-debian-gcc 0.1 1.63 21.27 22.90 NOTE
r-devel-linux-x86_64-fedora-clang 0.1 47.30 NOTE
r-devel-linux-x86_64-fedora-gcc 0.1 44.52 NOTE
r-devel-osx-x86_64-clang 0.1 45.59 NOTE
r-devel-windows-ix86+x86_64 0.1 6.00 34.00 40.00 NOTE
r-patched-linux-x86_64 0.1 1.50 20.74 22.23 NOTE
r-patched-solaris-sparc 0.1 246.30 NOTE
r-patched-solaris-x86 0.1 60.70 NOTE
r-release-linux-ix86 0.1 1.95 34.22 36.16 NOTE
r-release-linux-x86_64 0.1 1.49 21.22 22.71 NOTE
r-release-osx-x86_64-mavericks 0.1 NOTE
r-release-osx-x86_64-snowleopard 0.1 OK
r-release-windows-ix86+x86_64 0.1 6.00 35.00 41.00 NOTE
r-oldrel-windows-ix86+x86_64 0.1 8.00 38.00 46.00 NOTE

Check Details

Version: 0.1
Check: dependencies in R code
Result: NOTE
    Packages in Depends field not imported from:
     ‘RColorBrewer’ ‘ggplot2’ ‘plyr’ ‘proto’
     These packages need to be imported from (in the NAMESPACE file)
     for when this namespace is loaded but not attached.
    See the information on DESCRIPTION files in the chapter ‘Creating R
    packages’ of the ‘Writing R Extensions’ manual.
Flavors: r-devel-linux-x86_64-debian-clang, r-devel-linux-x86_64-debian-gcc, r-devel-linux-x86_64-fedora-clang, r-devel-linux-x86_64-fedora-gcc, r-devel-osx-x86_64-clang, r-devel-windows-ix86+x86_64, r-patched-linux-x86_64, r-patched-solaris-sparc, r-patched-solaris-x86, r-release-linux-ix86, r-release-linux-x86_64, r-release-osx-x86_64-mavericks, r-release-windows-ix86+x86_64, r-oldrel-windows-ix86+x86_64

Version: 0.1
Check: R code for possible problems
Result: NOTE
    add.area: no visible global function definition for ‘geom_ribbon’
    add.area: no visible global function definition for ‘aes’
    add.fill: no visible global function definition for ‘scale_fill_manual’
    add.lines.and.labels: no visible global function definition for
     ‘geom_hline’
    add.lines.and.labels: no visible global function definition for
     ‘scale_y_continuous’
    calculate.diff: no visible global function definition for ‘ddply’
    calculate.diff: no visible global function definition for ‘.’
    create.blank.ggplot: no visible global function definition for ‘ggplot’
    create.blank.ggplot: no visible global function definition for
     ‘scale_x_continuous’
    default_theme: no visible global function definition for ‘theme’
    default_theme: no visible global function definition for
     ‘element_blank’
    default_theme: no visible global function definition for ‘element_rect’
    plot_horizon: no visible global function definition for ‘aes’
    plot_horizon: no visible global function definition for ‘ddply’
    plot_horizon: no visible global function definition for ‘rename’
    plot_horizon: no visible global function definition for ‘.’
    re.order: no visible global function definition for ‘ddply’
    re.order: no visible global function definition for ‘.’
    set.color: no visible global function definition for ‘brewer.pal’
    smooth.data: no visible global function definition for ‘ddply’
    smooth.data: no visible global function definition for ‘.’
Flavors: r-devel-linux-x86_64-debian-clang, r-devel-linux-x86_64-debian-gcc, r-devel-linux-x86_64-fedora-clang, r-devel-linux-x86_64-fedora-gcc, r-devel-osx-x86_64-clang, r-devel-windows-ix86+x86_64, r-patched-linux-x86_64, r-patched-solaris-sparc, r-patched-solaris-x86