CRAN Package Check Results for Package ggHorizon

Last updated on 2014-04-24 11:48:46.

Flavor Version Tinstall Tcheck Ttotal Status Flags
r-devel-linux-x86_64-debian-clang 0.1 1.58 21.87 23.46 NOTE
r-devel-linux-x86_64-debian-gcc 0.1 1.57 21.93 23.50 NOTE
r-devel-linux-x86_64-fedora-clang 0.1 47.71 NOTE
r-devel-linux-x86_64-fedora-gcc 0.1 45.30 NOTE
r-devel-osx-x86_64-clang 0.1 48.70 NOTE
r-devel-osx-x86_64-gcc 0.1 ERROR
r-devel-windows-ix86+x86_64 0.1 6.00 35.00 41.00 NOTE
r-patched-linux-x86_64 0.1 1.56 22.05 23.61 NOTE
r-patched-solaris-sparc 0.1 256.60 NOTE
r-patched-solaris-x86 0.1 61.70 NOTE
r-release-linux-ix86 0.1 3.00 43.00 46.00 NOTE
r-release-linux-x86_64 0.1 1.57 21.39 22.96 NOTE
r-release-osx-x86_64-mavericks 0.1 WARN
r-release-osx-x86_64-snowleopard 0.1 OK
r-release-windows-ix86+x86_64 0.1 6.00 37.00 43.00 NOTE
r-oldrel-windows-ix86+x86_64 0.1 6.00 35.00 41.00 NOTE

Check Details

Version: 0.1
Check: dependencies in R code
Result: NOTE
    Packages in Depends field not imported from:
     ‘RColorBrewer’ ‘ggplot2’ ‘plyr’ ‘proto’
     These packages need to be imported from (in the NAMESPACE file)
     for when this namespace is loaded but not attached.
    See the information on DESCRIPTION files in the chapter ‘Creating R
    packages’ of the ‘Writing R Extensions’ manual.
Flavors: r-devel-linux-x86_64-debian-clang, r-devel-linux-x86_64-debian-gcc, r-devel-linux-x86_64-fedora-clang, r-devel-linux-x86_64-fedora-gcc, r-devel-osx-x86_64-clang, r-devel-windows-ix86+x86_64, r-patched-linux-x86_64, r-patched-solaris-sparc, r-patched-solaris-x86, r-release-linux-ix86, r-release-linux-x86_64, r-release-osx-x86_64-mavericks, r-release-windows-ix86+x86_64, r-oldrel-windows-ix86+x86_64

Version: 0.1
Check: package dependencies
Result: ERROR
    Package required but not available: ‘ggplot2’
    
    See the information on DESCRIPTION files in the chapter ‘Creating R
    packages’ of the ‘Writing R Extensions’ manual.
Flavor: r-devel-osx-x86_64-gcc

Version: 0.1
Check: PDF version of manual
Result: WARNING
    LaTeX errors when creating PDF version.
    This typically indicates Rd problems.
    LaTeX errors found:
    ! LaTeX Error: File `upquote.sty' not found.
    
    Type X to quit or <RETURN> to proceed,
    or enter new name. (Default extension: sty)
    
    7dd9d9f/Rd2.tex:8: ==> Fatal error occurred, no output PDF file produced!
Flavor: r-release-osx-x86_64-mavericks