CRAN Package Check Results for Package ggPMX

Last updated on 2022-12-01 14:52:13 CET.

Flavor Version Tinstall Tcheck Ttotal Status Flags
r-devel-linux-x86_64-debian-clang 1.2.8 17.54 658.15 675.69 NOTE
r-devel-linux-x86_64-debian-gcc 1.2.8 14.37 456.41 470.78 NOTE
r-devel-linux-x86_64-fedora-clang 1.2.8 738.35 NOTE
r-devel-linux-x86_64-fedora-gcc 1.2.8 689.42 NOTE
r-devel-windows-x86_64 1.2.8 114.00 689.00 803.00 NOTE
r-patched-linux-x86_64 1.2.8 19.65 558.20 577.85 NOTE
r-release-linux-x86_64 1.2.8 19.40 552.58 571.98 NOTE
r-release-macos-arm64 1.2.8 119.00 NOTE
r-release-macos-x86_64 1.2.8 153.00 NOTE
r-release-windows-x86_64 1.2.8 109.00 654.00 763.00 NOTE
r-oldrel-macos-arm64 1.2.8 114.00 NOTE
r-oldrel-macos-x86_64 1.2.8 145.00 NOTE
r-oldrel-windows-ix86+x86_64 1.2.8 37.00 593.00 630.00 NOTE

Check Details

Version: 1.2.8
Check: package dependencies
Result: NOTE
    Packages suggested but not available for checking:
     'nlmixr', 'lixoftConnectors'
Flavors: r-devel-linux-x86_64-debian-clang, r-devel-linux-x86_64-debian-gcc, r-devel-linux-x86_64-fedora-clang, r-devel-linux-x86_64-fedora-gcc, r-patched-linux-x86_64, r-release-linux-x86_64

Version: 1.2.8
Check: installed package size
Result: NOTE
     installed size is 8.9Mb
     sub-directories of 1Mb or more:
     doc 1.1Mb
     help 2.3Mb
     testdata 4.8Mb
Flavors: r-devel-linux-x86_64-fedora-clang, r-devel-windows-x86_64, r-release-macos-arm64, r-release-macos-x86_64, r-release-windows-x86_64, r-oldrel-macos-arm64, r-oldrel-macos-x86_64, r-oldrel-windows-ix86+x86_64

Version: 1.2.8
Check: package dependencies
Result: NOTE
    Package suggested but not available for checking: 'lixoftConnectors'
Flavors: r-devel-windows-x86_64, r-release-macos-arm64, r-release-macos-x86_64, r-release-windows-x86_64, r-oldrel-macos-arm64, r-oldrel-macos-x86_64, r-oldrel-windows-ix86+x86_64