CRAN Package Check Results for Package ggQC

Last updated on 2022-08-09 02:52:55 CEST.

Flavor Version Tinstall Tcheck Ttotal Status Flags
r-devel-linux-x86_64-debian-clang 0.0.31 8.74 89.57 98.31 NOTE
r-devel-linux-x86_64-debian-gcc 0.0.31 6.16 65.14 71.30 NOTE
r-devel-linux-x86_64-fedora-clang 0.0.31 123.72 NOTE
r-devel-linux-x86_64-fedora-gcc 0.0.31 121.79 NOTE
r-devel-windows-x86_64 0.0.31 40.00 127.00 167.00 NOTE
r-patched-linux-x86_64 0.0.31 14.02 81.21 95.23 NOTE
r-release-linux-x86_64 0.0.31 NOTE
r-release-macos-arm64 0.0.31 40.00 NOTE
r-release-macos-x86_64 0.0.31 76.00 NOTE
r-release-windows-x86_64 0.0.31 52.00 134.00 186.00 NOTE
r-oldrel-macos-arm64 0.0.31 55.00 NOTE
r-oldrel-macos-x86_64 0.0.31 72.00 NOTE
r-oldrel-windows-ix86+x86_64 0.0.31 18.00 123.00 141.00 NOTE

Check Details

Version: 0.0.31
Check: LazyData
Result: NOTE
     'LazyData' is specified without a 'data' directory
Flavors: r-devel-linux-x86_64-debian-clang, r-devel-linux-x86_64-debian-gcc, r-devel-linux-x86_64-fedora-clang, r-devel-linux-x86_64-fedora-gcc, r-devel-windows-x86_64, r-patched-linux-x86_64, r-release-linux-x86_64, r-release-macos-arm64, r-release-macos-x86_64, r-release-windows-x86_64, r-oldrel-macos-arm64, r-oldrel-macos-x86_64, r-oldrel-windows-ix86+x86_64