CRAN Package Check Results for Package ggROC

Last updated on 2015-07-29 12:47:24.

Flavor Version Tinstall Tcheck Ttotal Status Flags
r-devel-linux-x86_64-debian-clang 1.0 0.99 14.19 15.18 NOTE
r-devel-linux-x86_64-debian-gcc 1.0 1.01 14.26 15.28 NOTE
r-devel-linux-x86_64-fedora-clang 1.0 30.08 NOTE
r-devel-linux-x86_64-fedora-gcc 1.0 28.04 NOTE
r-devel-osx-x86_64-clang 1.0 26.12 NOTE
r-devel-windows-ix86+x86_64 1.0 4.00 27.00 31.00 NOTE
r-patched-linux-x86_64 1.0 1.05 14.92 15.97 NOTE
r-patched-solaris-sparc 1.0 197.30 NOTE
r-patched-solaris-x86 1.0 45.30 NOTE
r-release-linux-x86_64 1.0 1.03 13.78 14.81 NOTE
r-release-osx-x86_64-mavericks 1.0 NOTE
r-release-windows-ix86+x86_64 1.0 6.00 26.00 32.00 NOTE
r-oldrel-windows-ix86+x86_64 1.0 8.00 38.00 46.00 NOTE

Check Details

Version: 1.0
Check: DESCRIPTION meta-information
Result: NOTE
    Malformed Description field: should contain one or more complete sentences.
    Package listed in more than one of Depends, Imports, Suggests, Enhances:
     ‘ggplot2’
    A package should be listed in only one of these fields.
Flavors: r-devel-linux-x86_64-debian-clang, r-devel-linux-x86_64-debian-gcc, r-devel-linux-x86_64-fedora-clang, r-devel-linux-x86_64-fedora-gcc, r-devel-osx-x86_64-clang, r-devel-windows-ix86+x86_64, r-patched-linux-x86_64, r-patched-solaris-sparc, r-patched-solaris-x86, r-release-linux-x86_64, r-release-osx-x86_64-mavericks, r-release-windows-ix86+x86_64

Version: 1.0
Check: dependencies in R code
Result: NOTE
    Package in Depends field not imported from: ‘ggplot2’
     These packages need to be imported from (in the NAMESPACE file)
     for when this namespace is loaded but not attached.
Flavors: r-devel-linux-x86_64-debian-clang, r-devel-linux-x86_64-debian-gcc, r-devel-linux-x86_64-fedora-clang, r-devel-linux-x86_64-fedora-gcc, r-devel-osx-x86_64-clang, r-devel-windows-ix86+x86_64, r-patched-linux-x86_64, r-patched-solaris-sparc, r-patched-solaris-x86, r-release-linux-x86_64, r-release-osx-x86_64-mavericks, r-release-windows-ix86+x86_64, r-oldrel-windows-ix86+x86_64

Version: 1.0
Check: R code for possible problems
Result: NOTE
    ggroc: no visible global function definition for ‘ggplot’
    ggroc: no visible global function definition for ‘aes’
    ggroc: no visible global function definition for ‘geom_point’
    ggroc: no visible global function definition for ‘geom_line’
    ggroc: no visible global function definition for ‘theme’
    ggroc: no visible global function definition for ‘element_text’
    ggroc: no visible global function definition for ‘labs’
    ggroc: no visible global function definition for ‘ggsave’
    Undefined global functions or variables:
     aes element_text geom_line geom_point ggplot ggsave labs theme
Flavors: r-devel-linux-x86_64-debian-clang, r-devel-linux-x86_64-debian-gcc, r-devel-linux-x86_64-fedora-clang, r-devel-linux-x86_64-fedora-gcc, r-devel-osx-x86_64-clang, r-devel-windows-ix86+x86_64

Version: 1.0
Check: R code for possible problems
Result: NOTE
    ggroc: no visible global function definition for ‘ggplot’
    ggroc: no visible global function definition for ‘aes’
    ggroc: no visible global function definition for ‘geom_point’
    ggroc: no visible global function definition for ‘geom_line’
    ggroc: no visible global function definition for ‘theme’
    ggroc: no visible global function definition for ‘element_text’
    ggroc: no visible global function definition for ‘labs’
    ggroc: no visible global function definition for ‘ggsave’
Flavors: r-patched-linux-x86_64, r-patched-solaris-sparc, r-patched-solaris-x86, r-release-linux-x86_64, r-release-osx-x86_64-mavericks, r-release-windows-ix86+x86_64, r-oldrel-windows-ix86+x86_64

Version: 1.0
Check: DESCRIPTION meta-information
Result: NOTE
    Package listed in more than one of Depends, Imports, Suggests, Enhances:
     'ggplot2'
    A package should be listed in only one of these fields.
Flavor: r-oldrel-windows-ix86+x86_64