CRAN Package Check Results for Package ggROC

Last updated on 2014-09-19 03:47:15.

Flavor Version Tinstall Tcheck Ttotal Status Flags
r-devel-linux-x86_64-debian-clang 1.0 1.33 19.02 20.36 NOTE
r-devel-linux-x86_64-debian-gcc 1.0 1.30 18.33 19.63 NOTE
r-devel-linux-x86_64-fedora-clang 1.0 42.61 NOTE
r-devel-linux-x86_64-fedora-gcc 1.0 40.49 NOTE
r-devel-osx-x86_64-clang 1.0 42.70 NOTE
r-devel-windows-ix86+x86_64 1.0 6.00 32.00 38.00 NOTE
r-patched-linux-x86_64 1.0 1.37 19.39 20.76 NOTE
r-patched-solaris-sparc 1.0 247.30 NOTE
r-patched-solaris-x86 1.0 56.70 NOTE
r-release-linux-ix86 1.0 1.78 30.08 31.86 NOTE
r-release-linux-x86_64 1.0 1.42 20.28 21.70 NOTE
r-release-osx-x86_64-mavericks 1.0 NOTE
r-release-osx-x86_64-snowleopard 1.0 NOTE
r-release-windows-ix86+x86_64 1.0 7.00 35.00 42.00 NOTE
r-oldrel-windows-ix86+x86_64 1.0 6.00 34.00 40.00 NOTE

Check Details

Version: 1.0
Check: DESCRIPTION meta-information
Result: NOTE
    Package listed in more than one of Depends, Imports, Suggests, Enhances:
     ‘ggplot2’
    A package should be listed in only one of these fields.
Flavors: r-devel-linux-x86_64-debian-clang, r-devel-linux-x86_64-debian-gcc, r-devel-linux-x86_64-fedora-clang, r-devel-linux-x86_64-fedora-gcc, r-devel-osx-x86_64-clang, r-devel-windows-ix86+x86_64, r-patched-linux-x86_64, r-patched-solaris-sparc, r-patched-solaris-x86, r-release-linux-ix86, r-release-linux-x86_64, r-release-osx-x86_64-mavericks, r-release-osx-x86_64-snowleopard, r-release-windows-ix86+x86_64, r-oldrel-windows-ix86+x86_64

Version: 1.0
Check: dependencies in R code
Result: NOTE
    Package in Depends field not imported from: ‘ggplot2’
     These packages need to be imported from (in the NAMESPACE file)
     for when this namespace is loaded but not attached.
    See the information on DESCRIPTION files in the chapter ‘Creating R
    packages’ of the ‘Writing R Extensions’ manual.
Flavors: r-devel-linux-x86_64-debian-clang, r-devel-linux-x86_64-debian-gcc, r-devel-linux-x86_64-fedora-clang, r-devel-linux-x86_64-fedora-gcc, r-devel-osx-x86_64-clang, r-devel-windows-ix86+x86_64, r-patched-linux-x86_64, r-patched-solaris-sparc, r-patched-solaris-x86, r-release-linux-ix86, r-release-linux-x86_64, r-release-osx-x86_64-mavericks, r-release-windows-ix86+x86_64, r-oldrel-windows-ix86+x86_64

Version: 1.0
Check: R code for possible problems
Result: NOTE
    ggroc: no visible global function definition for ‘ggplot’
    ggroc: no visible global function definition for ‘aes’
    ggroc: no visible global function definition for ‘geom_point’
    ggroc: no visible global function definition for ‘geom_line’
    ggroc: no visible global function definition for ‘theme’
    ggroc: no visible global function definition for ‘element_text’
    ggroc: no visible global function definition for ‘labs’
    ggroc: no visible global function definition for ‘ggsave’
Flavors: r-devel-linux-x86_64-debian-clang, r-devel-linux-x86_64-debian-gcc, r-devel-linux-x86_64-fedora-clang, r-devel-linux-x86_64-fedora-gcc, r-devel-osx-x86_64-clang, r-devel-windows-ix86+x86_64