CRAN Package Check Results for Package ggROC

Last updated on 2016-05-03 08:48:57.

Flavor Version Tinstall Tcheck Ttotal Status Flags
r-devel-linux-x86_64-debian-gcc 1.0 0.97 12.84 13.81 NOTE
r-devel-linux-x86_64-fedora-clang 1.0 24.17 NOTE
r-devel-linux-x86_64-fedora-gcc 1.0 22.03 NOTE
r-devel-osx-x86_64-clang 1.0 27.42 NOTE
r-devel-windows-ix86+x86_64 1.0 3.00 30.00 33.00 NOTE
r-patched-linux-x86_64 1.0 0.96 12.43 13.39 NOTE
r-patched-solaris-sparc 1.0 153.30 NOTE
r-patched-solaris-x86 1.0 35.40 NOTE
r-release-linux-x86_64 1.0 1.04 14.05 15.09 NOTE
r-release-osx-x86_64-mavericks 1.0 NOTE
r-release-windows-ix86+x86_64 1.0 3.00 28.00 31.00 NOTE
r-oldrel-windows-ix86+x86_64 1.0 10.00 51.00 61.00 NOTE

Check Details

Version: 1.0
Check: DESCRIPTION meta-information
Result: NOTE
    Malformed Description field: should contain one or more complete sentences.
    Package listed in more than one of Depends, Imports, Suggests, Enhances:
     ‘ggplot2’
    A package should be listed in only one of these fields.
Flavors: r-devel-linux-x86_64-debian-gcc, r-devel-linux-x86_64-fedora-clang, r-devel-linux-x86_64-fedora-gcc, r-devel-osx-x86_64-clang, r-devel-windows-ix86+x86_64, r-patched-linux-x86_64, r-patched-solaris-sparc, r-patched-solaris-x86, r-release-linux-x86_64, r-release-osx-x86_64-mavericks, r-release-windows-ix86+x86_64

Version: 1.0
Check: dependencies in R code
Result: NOTE
    Package in Depends field not imported from: ‘ggplot2’
     These packages need to be imported from (in the NAMESPACE file)
     for when this namespace is loaded but not attached.
Flavors: r-devel-linux-x86_64-debian-gcc, r-devel-linux-x86_64-fedora-clang, r-devel-linux-x86_64-fedora-gcc, r-devel-osx-x86_64-clang, r-devel-windows-ix86+x86_64, r-patched-linux-x86_64, r-patched-solaris-sparc, r-patched-solaris-x86, r-release-linux-x86_64, r-release-osx-x86_64-mavericks, r-release-windows-ix86+x86_64, r-oldrel-windows-ix86+x86_64

Version: 1.0
Check: R code for possible problems
Result: NOTE
    ggroc: no visible global function definition for ‘ggplot’
    ggroc: no visible global function definition for ‘aes’
    ggroc: no visible global function definition for ‘geom_point’
    ggroc: no visible global function definition for ‘geom_line’
    ggroc: no visible global function definition for ‘theme’
    ggroc: no visible global function definition for ‘element_text’
    ggroc: no visible global function definition for ‘labs’
    ggroc: no visible global function definition for ‘ggsave’
    Undefined global functions or variables:
     aes element_text geom_line geom_point ggplot ggsave labs theme
Flavors: r-devel-linux-x86_64-debian-gcc, r-devel-linux-x86_64-fedora-clang, r-devel-linux-x86_64-fedora-gcc, r-devel-osx-x86_64-clang, r-devel-windows-ix86+x86_64, r-patched-linux-x86_64, r-patched-solaris-sparc, r-patched-solaris-x86

Version: 1.0
Check: R code for possible problems
Result: NOTE
    ggroc: no visible global function definition for ‘ggplot’
    ggroc: no visible global function definition for ‘aes’
    ggroc: no visible global function definition for ‘geom_point’
    ggroc: no visible global function definition for ‘geom_line’
    ggroc: no visible global function definition for ‘theme’
    ggroc: no visible global function definition for ‘element_text’
    ggroc: no visible global function definition for ‘labs’
    ggroc: no visible global function definition for ‘ggsave’
Flavors: r-release-linux-x86_64, r-release-osx-x86_64-mavericks, r-release-windows-ix86+x86_64, r-oldrel-windows-ix86+x86_64

Version: 1.0
Check: DESCRIPTION meta-information
Result: NOTE
    Package listed in more than one of Depends, Imports, Suggests, Enhances:
     'ggplot2'
    A package should be listed in only one of these fields.
Flavor: r-oldrel-windows-ix86+x86_64