CRAN Package Check Results for Package ggROC

Last updated on 2016-12-05 12:51:30.

Flavor Version Tinstall Tcheck Ttotal Status Flags
r-devel-linux-x86_64-debian-clang 1.0 1.13 15.36 16.49 NOTE
r-devel-linux-x86_64-debian-gcc 1.0 1.07 15.37 16.44 NOTE
r-devel-linux-x86_64-fedora-clang 1.0 32.70 NOTE --no-stop-on-test-error
r-devel-linux-x86_64-fedora-gcc 1.0 31.38 NOTE --no-stop-on-test-error
r-devel-macos-x86_64-clang 1.0 27.13 NOTE
r-devel-windows-ix86+x86_64 1.0 4.00 46.00 50.00 NOTE
r-patched-linux-x86_64 1.0 1.04 13.43 14.47 NOTE
r-patched-solaris-sparc 1.0 166.20 NOTE
r-patched-solaris-x86 1.0 36.30 NOTE
r-release-linux-x86_64 1.0 1.05 13.09 14.15 NOTE
r-release-osx-x86_64-mavericks 1.0 NOTE
r-release-windows-ix86+x86_64 1.0 5.00 32.00 37.00 NOTE
r-oldrel-windows-ix86+x86_64 1.0 6.00 40.00 46.00 NOTE

Check Details

Version: 1.0
Check: DESCRIPTION meta-information
Result: NOTE
    Malformed Description field: should contain one or more complete sentences.
    Package listed in more than one of Depends, Imports, Suggests, Enhances:
     ‘ggplot2’
    A package should be listed in only one of these fields.
Flavors: r-devel-linux-x86_64-debian-clang, r-devel-linux-x86_64-debian-gcc, r-devel-macos-x86_64-clang, r-devel-windows-ix86+x86_64, r-patched-linux-x86_64, r-patched-solaris-sparc, r-patched-solaris-x86, r-release-linux-x86_64, r-release-osx-x86_64-mavericks, r-release-windows-ix86+x86_64, r-oldrel-windows-ix86+x86_64

Version: 1.0
Check: dependencies in R code
Result: NOTE
    Package in Depends field not imported from: ‘ggplot2’
     These packages need to be imported from (in the NAMESPACE file)
     for when this namespace is loaded but not attached.
Flavors: r-devel-linux-x86_64-debian-clang, r-devel-linux-x86_64-debian-gcc, r-devel-macos-x86_64-clang, r-devel-windows-ix86+x86_64, r-patched-linux-x86_64, r-patched-solaris-sparc, r-patched-solaris-x86, r-release-linux-x86_64, r-release-osx-x86_64-mavericks, r-release-windows-ix86+x86_64, r-oldrel-windows-ix86+x86_64

Version: 1.0
Check: R code for possible problems
Result: NOTE
    ggroc: no visible global function definition for ‘ggplot’
    ggroc: no visible global function definition for ‘aes’
    ggroc: no visible global function definition for ‘geom_point’
    ggroc: no visible global function definition for ‘geom_line’
    ggroc: no visible global function definition for ‘theme’
    ggroc: no visible global function definition for ‘element_text’
    ggroc: no visible global function definition for ‘labs’
    ggroc: no visible global function definition for ‘ggsave’
    Undefined global functions or variables:
     aes element_text geom_line geom_point ggplot ggsave labs theme
Flavors: r-devel-linux-x86_64-debian-clang, r-devel-linux-x86_64-debian-gcc, r-devel-macos-x86_64-clang, r-devel-windows-ix86+x86_64, r-patched-linux-x86_64, r-patched-solaris-sparc, r-patched-solaris-x86, r-release-linux-x86_64, r-release-osx-x86_64-mavericks, r-release-windows-ix86+x86_64

Version: 1.0
Flags: --no-stop-on-test-error
Check: DESCRIPTION meta-information
Result: NOTE
    Malformed Description field: should contain one or more complete sentences.
    Package listed in more than one of Depends, Imports, Suggests, Enhances:
     ‘ggplot2’
    A package should be listed in only one of these fields.
Flavors: r-devel-linux-x86_64-fedora-clang, r-devel-linux-x86_64-fedora-gcc

Version: 1.0
Flags: --no-stop-on-test-error
Check: dependencies in R code
Result: NOTE
    Package in Depends field not imported from: ‘ggplot2’
     These packages need to be imported from (in the NAMESPACE file)
     for when this namespace is loaded but not attached.
Flavors: r-devel-linux-x86_64-fedora-clang, r-devel-linux-x86_64-fedora-gcc

Version: 1.0
Flags: --no-stop-on-test-error
Check: R code for possible problems
Result: NOTE
    ggroc: no visible global function definition for ‘ggplot’
    ggroc: no visible global function definition for ‘aes’
    ggroc: no visible global function definition for ‘geom_point’
    ggroc: no visible global function definition for ‘geom_line’
    ggroc: no visible global function definition for ‘theme’
    ggroc: no visible global function definition for ‘element_text’
    ggroc: no visible global function definition for ‘labs’
    ggroc: no visible global function definition for ‘ggsave’
    Undefined global functions or variables:
     aes element_text geom_line geom_point ggplot ggsave labs theme
Flavors: r-devel-linux-x86_64-fedora-clang, r-devel-linux-x86_64-fedora-gcc

Version: 1.0
Check: R code for possible problems
Result: NOTE
    ggroc: no visible global function definition for 'ggplot'
    ggroc: no visible global function definition for 'aes'
    ggroc: no visible global function definition for 'geom_point'
    ggroc: no visible global function definition for 'geom_line'
    ggroc: no visible global function definition for 'theme'
    ggroc: no visible global function definition for 'element_text'
    ggroc: no visible global function definition for 'labs'
    ggroc: no visible global function definition for 'ggsave'
Flavor: r-oldrel-windows-ix86+x86_64